(113,10,0,'2025-05-15 11:13:45','excerpt','','base64',1,'','',1),
(114,10,0,'2025-05-15 11:13:45','package-string-9-94','h2','base64',1,'IMKg2KrZg9in2KrZgSDYp9mE2YfZhdmFINmE2YTZhdmC2KfZiNmE2KfYqg==','IFRha2F0dWYgQWwtSGltbSBDb250cmFjdGluZw==',1),
(115,10,0,'2025-05-15 11:13:45','package-string-9-95','h2','base64',1,'2KjZhtin2KEg2KfZhNmF2LPYqtmC2KjZhArYpdi52KfYr9ipINio2YbYp9ihINin2YTZhdin2LbZig==','QnVpbGRpbmcgdGhlIEZ1dHVyZQpSZWJ1aWxkaW5nIHRoZSBQYXN0',1),
(116,10,0,'2025-05-15 11:13:45','package-string-9-96','','base64',1,'PHA+2KrYudiq2KjYsSDZhdmG2LTYo9ipINiq2YPYp9iq2YEg2KfZhNmH2YXZhSDZhNmE2YXZgtin2YjZhNin2Kog2K/ZitmG2KfZhdmK2YPZitipINmI2LDYp9iqINiq2YHZg9mK2LEg2YXYs9iq2YLYqNmE2YrYjCDZhdmE2KrYstmF2Kkg2KjYqtmC2K/ZitmFINiu2K/Zhdin2Kog2LnYp9mE2YrYqSDYp9mE2KzZiNiv2Kkg2YHZiiDZhdis2KfZhNin2Kog2KfZhNmF2YLYp9mI2YTYp9iqPC9wPg==','PHA+VGFrYXR1ZiBBbC1IaW1tIENvbnRyYWN0aW5nIGlzIGEgZHluYW1pYyBhbmQgZm9yd2FyZC10aGlua2luZyBjb250cmFjdGluZyBmYWNpbGl0eS4gQ29tbWl0dGVkIHRvIHByb3ZpZGluZyBoaWdoIHF1YWxpdHkgc2VydmljZXMgaW4gdGhlIGNvbnRyYWN0aW5nIGZpZWxkPC9wPg==',1),
(117,10,0,'2025-05-15 11:13:45','package-string-9-97','','base64',1,'2KfYqNiv2KMg2YXYtNix2YjYudmD','U3RhcnQgcHJvamVjdA==',1),
(118,10,0,'2025-05-15 11:13:45','package-string-9-99','','base64',1,'2YTZhdin2LDYpyDZhtit2YbYnw==','V2h5IHVzPw==',1),
(119,10,0,'2025-05-15 11:13:45','package-string-9-101','h2','base64',1,'2K7Yr9mF2KfYqiDYqtmD2KfYqtmBINin2YTZh9mF2YUg2YTZhNmF2YLYp9mI2YTYp9iqCgo=','VGFrYXR1ZiBBbC1IaW1tIENvbnRyYWN0aW5nIFNlcnZpY2VzCgo=',1),
(120,10,0,'2025-05-15 11:13:45','package-string-9-102','','base64',1,'PHA+2KrZj9i52K8g2YXZhti02KPYqSDYqtmD2KfYqtmBINin2YTZh9mF2YUg2YTZhNmF2YLYp9mI2YTYp9iqINil2K3Yr9mJINin2YTYtNix2YPYp9iqINin2YTYsdin2KbYr9ipINmB2Yog2YXYrNin2YQg2KfZhNmF2YLYp9mI2YTYp9iqINin2YTYudin2YXYqdiMINit2YrYqyDYqtis2YXYuSDYqNmK2YYg2KfZhNmD2YHYp9ih2Kkg2KfZhNi52KfZhNmK2KnYjCDZiNin2YTYr9mC2Kkg2YHZiiDYp9mE2KrZhtmB2YrYsNiMINmI2KfZhNin2YTYqtiy2KfZhSDYqNij2LnZhNmJINmF2LnYp9mK2YrYsSDYp9mE2KzZiNiv2Kkg2YjYp9mE2LPZhNin2YXYqS48L3A+','PHA+VGFrYXR1ZiBBbC1IaW1tIENvbnRyYWN0aW5nIENvbXBhbnkgaXMgb25lIG9mIHRoZSBsZWFkaW5nIGNvbXBhbmllcyBpbiB0aGUgZmllbGQgb2YgZ2VuZXJhbCBjb250cmFjdGluZy4gSXQgY29tYmluZXMgaGlnaCBlZmZpY2llbmN5LCBBbmQgYWNjdXJhY3kgaW4gaW1wbGVtZW50YXRpb24sIENvbW1pdG1lbnQgdG8gdGhlIGhpZ2hlc3Qgc3RhbmRhcmRzIG9mIHF1YWxpdHkgYW5kIHNhZmV0eS48L3A+',1),
(121,10,0,'2025-05-15 11:13:45','package-string-9-103','','base64',1,'2YTYpyDYqtmI2KzYryDYrtiv2YXYp9iqINmF2YbYtNmI2LHYqSDYrdin2YTZitin2Ysg','VGhlcmUgYXJlIG5vIHNlcnZpY2VzIGN1cnJlbnRseSBwb3N0ZWQuIA==',1),
(122,10,0,'2025-05-15 11:13:45','package-string-9-104','h2','base64',1,'IMKg2KrZg9in2KrZgSDYp9mE2YfZhdmFINmE2YTZhdmC2KfZiNmE2KfYqg==','IFRha2F0dWYgQWwtSGltbSBDb250cmFjdGluZw==',1),
(123,10,0,'2025-05-15 11:13:45','package-string-9-105','h2','base64',1,'2KfYqNiv2KMg2YXYtNix2YjYudmDINin2YTZhdmF2YrYsiDYp9mE2KLZhg==','U3RhcnQgeW91ciB1bmlxdWUgcHJvamVjdCBub3c=',1),
(124,10,0,'2025-05-15 11:13:45','package-string-9-106','','base64',1,'PHA+2LnZhdmE2KfYpNmG2Kcg2YfZhSDZhdit2YjYsSDZg9mEINmF2Kcg2YbZgtmI2YUg2KjZh9iMINmI2LHYttin2YfZhSDZh9mIINmH2K/ZgdmG2Kcg2KfZhNij2LPYp9iz2YouINmG2K3ZhiDZhtik2YXZhiDYqNij2YYg2KjZhtin2KEg2LnZhNin2YLYp9iqINmC2YjZitipINmI2YXYs9iq2K/Yp9mF2Kkg2YXYuSDYudmF2YTYp9im2YbYpyDZitio2K/YoyDZhdmGINin2YTYp9iz2KrZhdin2Lkg2KfZhNit2YLZitmC2Yog2YTYp9it2KrZitin2KzYp9iq2YfZhdiMINmI2YHZh9mFINiq2LfZhNi52KfYqtmH2YXYjCDZiNin2YTYudmF2YQg2KjYrNivINmE2KrYrNin2YjYsiDYqtmI2YLYudin2KrZh9mFLjwvcD4=','PHA+T3VyIGN1c3RvbWVycyBhcmUgYXQgdGhlIGhlYXJ0IG9mIGV2ZXJ5dGhpbmcgd2UgZG8uIFRoZWlyIHNhdGlzZmFjdGlvbiBpcyBvdXIgbWFpbiBnb2FsLiBXZSBiZWxpZXZlIHRoYXQgYnVpbGRpbmcgc3Ryb25nLCBzdXN0YWluYWJsZSByZWxhdGlvbnNoaXBzIHdpdGggb3VyIGNsaWVudHMgc3RhcnRzIHdpdGggdHJ1bHkgbGlzdGVuaW5nIHRvIHRoZWlyIG5lZWRzLCBBbmQgdW5kZXJzdGFuZCB0aGVpciBhc3BpcmF0aW9ucywgQW5kIHdvcmsgaGFyZCB0byBleGNlZWQgdGhlaXIgZXhwZWN0YXRpb25zLjwvcD4=',1),
(125,10,0,'2025-05-15 11:13:45','package-string-9-107','','base64',1,'2KfYqNiv2KMg2YXYtNix2YjYudmD','U3RhcnQgcHJvamVjdA==',1),
(126,10,0,'2025-05-15 11:13:45','package-string-9-109','','base64',1,'2YXYudix2LYg2KPYudmF2KfZhNmG2Kc=','R2FsbGVyeSBvZiBvdXIgd29yaw==',1),
(127,11,0,'2025-05-15 11:13:45','original_id','','',0,'13','',1),
(128,11,0,'2025-05-15 11:13:45','title','','base64',1,'2YXZhiDZhtit2YY=','QWJvdXQgdXM=',1),
(129,11,0,'2025-05-15 11:13:45','body','','base64',0,'[encoded data, 46400 characters]','[encoded data, 44144 characters]',1),
(130,11,0,'2025-05-15 11:13:45','excerpt','','base64',1,'','',1),
(131,11,0,'2025-05-15 11:13:45','package-string-10-111','h2','base64',1,'wqDYqtmD2KfYqtmBINin2YTZh9mF2YUg2YTZhNmF2YLYp9mI2YTYp9iq','IFRha2F0dWYgQWwtSGltbSBDb250cmFjdGluZw==',1),
(132,11,0,'2025-05-15 11:13:45','package-string-10-112','h2','base64',1,'2KjZhtin2KEg2KfZhNmF2LPYqtmC2KjZhArYpdi52KfYr9ipINio2YbYp9ihINin2YTZhdin2LbZig==','QnVpbGRpbmcgdGhlIEZ1dHVyZQpSZWJ1aWxkaW5nIHRoZSBQYXN0',1),
(133,11,0,'2025-05-15 11:13:45','package-string-10-113','','base64',1,'PHA+2KrYudiq2KjYsSDYqtmD2KfYqtmBINin2YTZh9mF2YUg2YTZhNmF2YLYp9mI2YTYp9iqINmF2YbYtNij2Kkg2K/ZitmG2KfZhdmK2YPZitipINmI2LDYp9iqINiq2YHZg9mK2LEg2YXYs9iq2YLYqNmE2YrYjCDZhdmE2KrYstmF2Kkg2KjYqtmC2K/ZitmFINiu2K/Zhdin2Kog2LnYp9mE2YrYqSDYp9mE2KzZiNiv2Kkg2YHZiiDZhdis2KfZhNin2Kog2KfZhNmF2YLYp9mI2YTYp9iqPC9wPg==','PHA+VGFrYXR1ZiBBbC1IaW1tIENvbnRyYWN0aW5nIGlzIGEgZHluYW1pYyBhbmQgZm9yd2FyZC10aGlua2luZyBvcmdhbml6YXRpb24sIGNvbW1pdHRlZCB0byBwcm92aWRpbmcgaGlnaC1xdWFsaXR5IHNlcnZpY2VzIGluIHRoZSBjb250cmFjdGluZyBmaWVsZC4gPC9wPg==',1),
(134,11,0,'2025-05-15 11:13:45','package-string-10-114','','base64',1,'2KfYqNiv2KMg2YXYtNix2YjYudmD','U3RhcnQgcHJvamVjdA==',1),
(135,11,0,'2025-05-15 11:13:45','package-string-10-116','','base64',1,'2KfZhNmF2YTZgSDYp9mE2KrYudix2YrZgdmK','T3VyIFByb2ZpbGU=',1),
(136,11,0,'2025-05-15 11:13:45','package-string-10-117','','base64',1,'aHR0cHM6Ly93d3cudGFoY29udHJhY3RpbmcuY29tL3dwLWNvbnRlbnQvdXBsb2Fkcy8yMDI1LzA1L9in2YTZhdmE2YEt2KfZhNiq2LnYsdmK2YHZii3ZhNmF2YjZlNiz2LPYqS3YqtmD2KfYqtmBLdin2YTZh9mF2YUucGRm','aHR0cHM6Ly93d3cudGFoY29udHJhY3RpbmcuY29tL3dwLWNvbnRlbnQvdXBsb2Fkcy8yMDI1LzA1L9in2YTZhdmE2YEt2KfZhNiq2LnYsdmK2YHZii3ZhNmF2YjZlNiz2LPYqS3YqtmD2KfYqtmBLdin2YTZh9mF2YUucGRm',1),
(137,11,0,'2025-05-15 11:13:45','package-string-10-118','','base64',1,'2YPZhNmF2Kkg2KfZhNmF2K/ZitixINin2YTYudin2YU=','U3BlZWNoIG9mIHRoZSBHZW5lcmFsIE1hbmFnZXI=',1),
(138,11,0,'2025-05-15 11:13:45','package-string-10-119','','base64',1,'PHA+VGFiIEl0ZW0gQ29udGVudDwvcD4=','PHA+VGFiIEl0ZW0gQ29udGVudDwvcD4=',1),
(139,11,0,'2025-05-15 11:13:45','package-string-10-120','','base64',1,'2LHYpNmK2Kkg2LTYsdmD2KrZhtin','T3VyIGNvbXBhbnkgdmlzaW9u',1),
(140,11,0,'2025-05-15 11:13:45','package-string-10-121','','base64',1,'PHA+VGFiIEl0ZW0gQ29udGVudDwvcD4=','PHA+VGFiIEl0ZW0gQ29udGVudDwvcD4=',1),
(141,11,0,'2025-05-15 11:13:45','package-string-10-122','','base64',1,'2LHYs9in2YTYqSDYtNix2YPYqtmG2Kc=','T3VyIGNvbXBhbnkgbWlzc2lvbg==',1),
(142,11,0,'2025-05-15 11:13:45','package-string-10-123','','base64',1,'PHA+VGFiIEl0ZW0gQ29udGVudDwvcD4=','PHA+VGFiIEl0ZW0gQ29udGVudDwvcD4=',1),
(143,11,0,'2025-05-15 11:13:45','package-string-10-124','h2','base64',1,'wqDYqtmD2KfYqtmBINin2YTZh9mF2YUg2YTZhNmF2YLYp9mI2YTYp9iq','IFRha2F0dWYgQWwtSGltbSBDb250cmFjdGluZw==',1),
(144,11,0,'2025-05-15 11:13:45','package-string-10-125','h2','base64',1,'LS0g2YTZhdin2LDYpyDZhtit2YbYny0t','LS1XaHkgdXM/LS0=',1),
(145,11,0,'2025-05-15 11:13:45','package-string-10-126','','base64',1,'PHA+2KrYudiq2KjYsSDYqtmD2KfYqtmBINin2YTZh9mF2YUg2YTZhNmF2YLYp9mI2YTYp9iqINmF2YbYtNij2Kkg2K/ZitmG2KfZhdmK2YPZitipINmI2LDYp9iqINiq2YHZg9mK2LEg2YXYs9iq2YLYqNmE2YrYjCDZhdmE2KrYstmF2Kkg2KjYqtmC2K/ZitmFINiu2K/Zhdin2Kog2LnYp9mE2YrYqSDYp9mE2KzZiNiv2Kkg2YHZiiDZhdis2KfZhNin2Kog2KfZhNmF2YLYp9mI2YTYp9iqLiDYqtij2LPYs9iqINmI2YHZgiDZhdi52KfZitmK2LEg2YHYsdmK2K/YqSDZhdmGINmG2YjYudmH2Kcg2YjYrtio2LHYqSDYudmF2YrZgtipINmF2LPYqtmI2K3Yp9ipINmF2YYg2LHYpNmK2KrZh9inINmB2Yog2YXYrNin2YQg2KfZhNio2YbYp9ihLiDZhtmC2K/ZhSDYrtiv2YXYp9iq2YbYpyDYudmE2Ykg2KPYudmE2Ykg2YXYs9iq2YjZitin2Kog2KfZhNis2YjYr9ipINmI2KfZhNil2KrZgtin2YYgLtmI2YTYsNmE2YPYjCDYrdix2LXZhtinINi52YTZiSDYp9mE2KrYt9mI2YrYsSDYp9mE2YXYs9iq2YXYsSDZhNmE2KfYsdiq2YLYp9ihINio2YbYuNin2YXZhtinINmI2LPZitin2LPYp9iq2YbYpyDZiNiu2LfYt9mG2Kcg2KfZhNin2LPYqtix2KfYqtmK2KzZitipINin2YTYqtmKINmG2LPYp9mH2YUg2KjZh9inINio2YHYp9i52YTZitipINmE2KXYq9ix2KfYoSDZhdis2KrZhdi52YbYpyDZiNmD2LPYqCDYq9mC2Kkg2LnZhdmE2KfYptmG2Kcg2KjYqti32KjZitmCINmF2KjYp9iv2KYg2KfZhNiq2YjYrdmK2K8g2YjZh9mKINin2YTZhdi12K/Yp9mC2YrYqSDZiNin2YTYp9it2KrYsdin2YHZitipINmI2KfZhNin2YTYqtiy2KfZhS48L3A+','PHA+VGFrYXR1ZiBBbC1IaW1tIENvbnRyYWN0aW5nIGlzIGEgZHluYW1pYyBhbmQgZm9yd2FyZC10aGlua2luZyBvcmdhbml6YXRpb24gY29tbWl0dGVkIHRvIHByb3ZpZGluZyBoaWdoLXF1YWxpdHkgc2VydmljZXMgaW4gdGhlIGNvbnRyYWN0aW5nIGZpZWxkLiBGb3VuZGVkIG9uIHVuaXF1ZSBzdGFuZGFyZHMgYW5kIGRlZXAgZXhwZXJ0aXNlIGluc3BpcmVkIGJ5IG91ciB2aXNpb24gaW4gdGhlIGNvbnN0cnVjdGlvbiBmaWVsZCwgd2UgZGVsaXZlciBvdXIgc2VydmljZXMgYXQgdGhlIGhpZ2hlc3QgbGV2ZWxzIG9mIHF1YWxpdHkgYW5kIGNyYWZ0c21hbnNoaXAuIFRoZXJlZm9yZSwgd2UgaGF2ZSBiZWVuIGNvbW1pdHRlZCB0byBjb250aW51b3VzIGRldmVsb3BtZW50IHRvIGVuaGFuY2Ugb3VyIHN5c3RlbXMsIHBvbGljaWVzLCBhbmQgc3RyYXRlZ2ljIHBsYW5zLCB3aGljaCB3ZSBhY3RpdmVseSBjb250cmlidXRlIHRvIGVucmljaGluZyBvdXIgY29tbXVuaXR5IGFuZCBnYWluaW5nIHRoZSB0cnVzdCBvZiBvdXIgY2xpZW50cyBieSBhcHBseWluZyB0aGUgcHJpbmNpcGxlcyBvZiB1bmlmaWNhdGlvbjogY3JlZGliaWxpdHksIHByb2Zlc3Npb25hbGlzbSwgYW5kIGNvbW1pdG1lbnQuPC9wPg==',1),
(146,11,0,'2025-05-15 11:13:45','package-string-10-127','h2','base64',1,'IMKg2KrZg9in2KrZgSDYp9mE2YfZhdmFINmE2YTZhdmC2KfZiNmE2KfYqg==','IFRha2F0dWYgQWwtSGltbSBDb250cmFjdGluZw==',1),
(147,11,0,'2025-05-15 11:13:45','package-string-10-128','h2','base64',1,'LS0g2YTZhdin2LDYpyDZhtit2YbYny0t','LS1XaHkgdXM/LS0=',1),
(148,11,0,'2025-05-15 11:13:45','package-string-10-129','','base64',1,'PHA+wqDYqtmD2KfYqtmBINin2YTZh9mF2YUg2YTZhNmF2YLYp9mI2YTYp9iqINmH2Yog2KXYrdiv2Ykg2KfZhNmF2YbYtNii2Kog2KfZhNix2KfYptiv2Kkg2KfZhNmC2KfYr9mF2Kkg2YHZiiDYp9mE2YXZhdmE2YPYqSDYp9mE2LnYsdio2YrYqSDYp9mE2LPYudmI2K/Zitip2Iwg2YjZh9mKINmF2KrYrti12LXYqSDZgdmKINmF2KzYp9mEINin2YTYpdmG2LTYp9ih2KfYqiDZiNmE2K/ZitmH2Kcg2YHYsdmK2YIg2LnZhdmEINiw2Ygg2K7YqNix2KkuINiq2YLZiNmFINio2KrZhtmB2YrYsCDZhdi02KfYsdmK2Lkg2KXZhti02KfYptmK2Kkg2YXYudmC2K/YqSDZiCDYqtmI2LHZitivINmF2YjYp9ivINmF2KrZhdmK2LLYqdiMINiq2YHYrtixINmF2YbYtNij2Kkg2KjYrtio2LHYqtmH2Kcg2YjZgtmI2KrZh9inINin2YTYudin2YXZhNipINiw2KfYqiDYp9mE2K7YqNix2Kkg2YjYp9mE2KfZhNiq2LLYp9mFINio2KfZhNiq2YXZitiyLiDZiNiq2KrZhdir2YQg2YXZh9mF2KrZhtinINmB2Yog2KjZhtin2KEg2LnZhNin2YLYp9iqINiv2KfYptmF2Kkg2YXYuSDYp9mE2LnZhdmE2KfYoSDZhdmGINiu2YTYp9mEINin2YTYtNmB2KfZgdmK2Kkg2YjYp9mE2KzZiNiv2Kkg2YjYp9mE2KfZhNiq2LLYp9mFINin2YTZgtmI2Yog2KjYp9mE2KrYs9mE2YrZhSDZgdmKINin2YTZiNmC2Kog2KfZhNmF2YbYp9iz2KjYjCDZhdmF2Kcg2YrYttmF2YYg2YbYrNin2K0g2YPZhCDZhdi02LHZiNi5INmG2YLZiNmFINio2YcuPC9wPg==','PHA+IDxicj5UYWthdHVmIEFsLUhpbW0gQ29udHJhY3RpbmcgaXMgb25lIG9mIHRoZSBsZWFkaW5nIGNvbnN0cnVjdGlvbiBjb21wYW5pZXMgaW4gdGhlIEtpbmdkb20gb2YgU2F1ZGkgQXJhYmlhLCBzcGVjaWFsaXppbmcgaW4gdGhlIGZpZWxkIG9mIGNvbnN0cnVjdGlvbiBhbmQgYm9hc3RpbmcgYW4gZXhwZXJpZW5jZWQgdGVhbS4gRXhlY3V0aW5nIGNvbXBsZXggY29uc3RydWN0aW9uIHByb2plY3RzIGFuZCBzdXBwbHlpbmcgcHJlbWl1bSBtYXRlcmlhbHMsIHRoZSBmYWNpbGl0eSBwcmlkZXMgaXRzZWxmIG9uIGl0cyBleHBlcnRpc2UsIGV4cGVyaWVuY2VkIHdvcmtmb3JjZSwgYW5kIGNvbW1pdG1lbnQgdG8gZXhjZWxsZW5jZS4gT3VyIG1pc3Npb24gaXMgdG8gYnVpbGQgbGFzdGluZyByZWxhdGlvbnNoaXBzIHdpdGggY2xpZW50cyB0aHJvdWdoIHRyYW5zcGFyZW5jeSwgcXVhbGl0eSwgYW5kIGEgc3Ryb25nIGNvbW1pdG1lbnQgdG8gdGltZWx5IGRlbGl2ZXJ5LCBlbnN1cmluZyB0aGUgc3VjY2VzcyBvZiBldmVyeSBwcm9qZWN0IHdlIHVuZGVydGFrZS4gICAgIDwvcD4=',1),
(149,11,0,'2025-05-15 11:13:45','package-string-10-130','h2','base64',1,'LS0g2YLZitmF2YbYpyDYp9mE2KPYs9in2LPZitipIC0t','LS1PdXIgQ29yZSBWYWx1ZXMtLQ==',1),
(150,11,0,'2025-05-15 11:13:45','package-string-10-131','','base64',1,'PHA+2KrYqtmF2YrYsiDYqtmD2KfYqtmBINin2YTZh9mF2YUg2YTZhNmF2YLYp9mI2YTYp9iqINio2KXZhNiq2LLYp9mF2YfYpyDYp9mE2KvYp9io2Kog2KjYp9mE2KzZiNiv2Kkg2YjYp9mE2K/ZgtipINmI2LHYttinINin2YTYudmF2YTYp9ihLiDZhtit2YYg2YbYqti52KfZhdmEINmF2Lkg2YPZhCDZhdi02LHZiNi5INio2LnZgtmE2YrYqSDZhdmI2KzZh9ipINmG2K3ZiCDYp9mE2K3ZhNmI2YTYjCDZiNmG2KrZiNmC2Lkg2KfZhNiq2K3Yr9mK2KfYqiDZiNmG2YLYr9mFINmF2Kcg2YrZgdmI2YIg2KfZhNiq2YjZgti52KfYqi48L3A+','PHA+VGFrYXR1ZiBBbC1IaW1tIENvbnRyYWN0aW5nIGlzIGRpc3Rpbmd1aXNoZWQgYnkgaXRzIHVud2F2ZXJpbmcgY29tbWl0bWVudCB0byBxdWFsaXR5LCBwcmVjaXNpb24sIGFuZCBjdXN0b21lciBzYXRpc2ZhY3Rpb24uIFdlIGFwcHJvYWNoIGVhY2ggcHJvamVjdCB3aXRoIGEgc29sdXRpb25zLW9yaWVudGVkIG1pbmRzZXQsIGFudGljaXBhdGluZyBjaGFsbGVuZ2VzIGFuZCBleGNlZWRpbmcgZXhwZWN0YXRpb25zLiAgPC9wPg==',1),
(151,11,0,'2025-05-15 11:13:45','package-string-10-132','p','base64',1,'2KfZhNmG2LLYp9mH2Kk=','SW50ZWdyaXR5',1),
(152,11,0,'2025-05-15 11:13:45','package-string-10-133','','base64',1,'PHA+2YbYr9mK2LEg2KPYudmF2KfZhNmG2Kcg2KjYo9mF2KfZhtipINmI2LTZgdin2YHZitipINmI2KfYrdiq2LHYp9mFINmE2KzZhdmK2Lkg2KPYtdit2KfYqCDYp9mE2YXYtdmE2K3YqTwvcD4=','PHA+V2UgY29uZHVjdCBvdXIgYnVzaW5lc3Mgd2l0aCBpbnRlZ3JpdHksIHRyYW5zcGFyZW5jeSBhbmQgcmVzcGVjdCBmb3IgYWxsIHN0YWtlaG9sZGVycy48L3A+',1),
(153,11,0,'2025-05-15 11:13:45','package-string-10-134','p','base64',1,'2KfZhNis2YjYr9ip','UXVhbGl0eQ==',1),
(154,11,0,'2025-05-15 11:13:45','package-string-10-135','','base64',1,'PHA+2KfZhNiq2LLYp9mF2YbYpyDYqNin2YTYrNmI2K/YqSDZhNinINmK2KrYsti52LLYuSDZgdmKINmD2YQg2YXYsdit2YTYqSDZhdmGINmF2LHYp9it2YQg2KfZhNi52YXZhNiMINmF2YYg2KfZhNiq2YjYsdmK2K8g2KXZhNmJINin2YTYqtiz2YTZitmFPC9wPg==','PHA+T3VyIGNvbW1pdG1lbnQgdG8gcXVhbGl0eSBpcyB1bndhdmVyaW5nIGF0IGV2ZXJ5IHN0YWdlIG9mIHRoZSBidXNpbmVzcywgZnJvbSBzb3VyY2luZyB0byBkZWxpdmVyeS4gPC9wPg==',1),
(155,11,0,'2025-05-15 11:13:45','package-string-10-136','p','base64',1,'2KfZhNmF2YjYq9mI2YLZitip','UmVsaWFiaWxpdHk=',1),
(156,11,0,'2025-05-15 11:13:45','package-string-10-137','','base64',1,'PHA+2YbYs9i52Ykg2KzYp9mH2K/ZitmGINmE2KrZhNio2YrYqSDYqtmI2YLYudin2Kog2KfZhNi52YXZhNin2KEg2YjYqtis2KfZiNiy2YfYpyDYqNiq2YLYr9mK2YUg2K7Yr9mF2Kkg2YHYp9i52YTYqSDZiNmB2Yog2KfZhNmI2YLYqiDYp9mE2YXZhtin2LPYqDwvcD4=','PHA+V2Ugc3RyaXZlIHRvIG1lZXQgYW5kIGV4Y2VlZCBjdXN0b21lciBleHBlY3RhdGlvbnMgYnkgcHJvdmlkaW5nIGVmZmljaWVudCBhbmQgdGltZWx5IHNlcnZpY2UuPC9wPg==',1),
(157,11,0,'2025-05-15 11:13:45','package-string-10-138','p','base64',1,'2KfZhNin2KjYqtmD2KfYsQ==','SW5ub3ZhdGlvbg==',1),
(158,11,0,'2025-05-15 11:13:45','package-string-10-139','','base64',1,'PHA+2YbYqtio2YbZiSDYp9mE2KrZg9mG2YjZhNmI2KzZitinINmI2KfZhNmF2YXYp9ix2LPYp9iqINin2YTZhdio2KrZg9ix2Kkg2YTYqtit2LPZitmGINiu2K/Zhdin2KrZhtinINmI2KfZhNiq2YPZitmBINmF2Lkg2KfZhNiq2LrZitmK2LHYp9iqINin2YTZhdiz2KrZhdix2Kkg2YTZhNiz2YjZgjwvcD4=','PHA+V2UgZW1icmFjZSBpbm5vdmF0aXZlIHRlY2hub2xvZ3kgYW5kIHByYWN0aWNlcyB0byBpbXByb3ZlIG91ciBzZXJ2aWNlcyBhbmQgYWRhcHQgdG8gdGhlIGV2ZXItY2hhbmdpbmcgbWFya2V0LjwvcD4=',1),
(159,11,0,'2025-05-15 11:13:45','package-string-10-140','h2','base64',1,'IMKg2KrZg9in2KrZgSDYp9mE2YfZhdmFINmE2YTZhdmC2KfZiNmE2KfYqg==','IFRha2F0dWYgQWwtSGltbSBDb250cmFjdGluZw==',1),
(160,11,0,'2025-05-15 11:13:45','package-string-10-141','h2','base64',1,'2KfYqNiv2KMg2YXYtNix2YjYudmDINin2YTZhdmF2YrYsiDYp9mE2KLZhg==','U3RhcnQgeW91ciB1bmlxdWUgcHJvamVjdCBub3c=',1),
(161,11,0,'2025-05-15 11:13:45','package-string-10-142','','base64',1,'PHA+2LnZhdmE2KfYpNmG2Kcg2YfZhSDZhdit2YjYsSDZg9mEINmF2Kcg2YbZgtmI2YUg2KjZh9iMINmI2LHYttin2YfZhSDZh9mIINmH2K/ZgdmG2Kcg2KfZhNij2LPYp9iz2YouINmG2K3ZhiDZhtik2YXZhiDYqNij2YYg2KjZhtin2KEg2LnZhNin2YLYp9iqINmC2YjZitipINmI2YXYs9iq2K/Yp9mF2Kkg2YXYuSDYudmF2YTYp9im2YbYpyDZitio2K/YoyDZhdmGINin2YTYp9iz2KrZhdin2Lkg2KfZhNit2YLZitmC2Yog2YTYp9it2KrZitin2KzYp9iq2YfZhdiMINmI2YHZh9mFINiq2LfZhNi52KfYqtmH2YXYjCDZiNin2YTYudmF2YQg2KjYrNivINmE2KrYrNin2YjYsiDYqtmI2YLYudin2KrZh9mFLjwvcD4=','PHA+T3VyIGN1c3RvbWVycyBhcmUgYXQgdGhlIGhlYXJ0IG9mIGV2ZXJ5dGhpbmcgd2UgZG8sIGFuZCB0aGVpciBzYXRpc2ZhY3Rpb24gaXMgb3VyIHByaW1hcnkgZ29hbC4gV2UgYmVsaWV2ZSB0aGF0IGJ1aWxkaW5nIHN0cm9uZywgbGFzdGluZyByZWxhdGlvbnNoaXBzIHdpdGggb3VyIGNsaWVudHMgYmVnaW5zIHdpdGggdHJ1bHkgbGlzdGVuaW5nIHRvIHRoZWlyIG5lZWRzLCB1bmRlcnN0YW5kaW5nIHRoZWlyIGFzcGlyYXRpb25zLCBhbmQgd29ya2luZyBoYXJkIHRvIGV4Y2VlZCB0aGVpciBleHBlY3RhdGlvbnMuICAgIDwvcD4=',1),
(162,11,0,'2025-05-15 11:13:45','package-string-10-143','','base64',1,'2KfYqNiv2KMg2YXYtNix2YjYudmD','U3RhcnQgcHJvamVjdA==',1),
(163,11,0,'2025-05-15 11:13:45','package-string-10-145','','base64',1,'2K7Yr9mF2KfYqtmG2Kc=','T3VyIHNlcnZpY2Vz',1),
(164,12,0,'2025-05-15 11:13:45','original_id','','',0,'10','',1),
(165,12,0,'2025-05-15 11:13:45','title','','base64',1,'2KfZhNix2KbZitiz2YrYqQ==','SG9tZQ==',1),
(166,12,0,'2025-05-15 11:13:45','body','','base64',0,'[encoded data, 14480 characters]','[encoded data, 13304 characters]',1),
(167,12,0,'2025-05-15 11:13:45','excerpt','','base64',1,'','',1),
(168,12,0,'2025-05-15 11:13:45','package-string-11-147','h2','base64',1,'wqDYqtmD2KfYqtmBINin2YTZh9mF2YUg2YTZhNmF2YLYp9mI2YTYp9iq','IFRha2F0dWYgQWwtSGltbSBDb250cmFjdGluZw==',1),
(169,12,0,'2025-05-15 11:13:45','package-string-11-148','h2','base64',1,'2KjZhtin2KEg2KfZhNmF2LPYqtmC2KjZhArYpdi52KfYr9ipINio2YbYp9ihINin2YTZhdin2LbZig==','QnVpbGRpbmcgdGhlIEZ1dHVyZQpSZWJ1aWxkaW5nIHRoZSBQYXN0',1),
(170,12,0,'2025-05-15 11:13:45','package-string-11-149','','base64',1,'PHA+2KrYudiq2KjYsSDZhdmG2LTYo9ipINiq2YPYp9iq2YEg2KfZhNmH2YXZhSDZhNmE2YXZgtin2YjZhNin2Kog2K/ZitmG2KfZhdmK2YPZitipINmI2LDYp9iqINiq2YHZg9mK2LEg2YXYs9iq2YLYqNmE2YrYjCDZhdmE2KrYstmF2Kkg2KjYqtmC2K/ZitmFINiu2K/Zhdin2Kog2LnYp9mE2YrYqSDYp9mE2KzZiNiv2Kkg2YHZiiDZhdis2KfZhNin2Kog2KfZhNmF2YLYp9mI2YTYp9iqPC9wPg==','PHA+VGFrYXR1ZiBBbC1IaW1tIENvbnRyYWN0aW5nIGlzIGEgZHluYW1pYyBhbmQgZm9yd2FyZC10aGlua2luZyBjb250cmFjdGluZyBmYWNpbGl0eSBjb21taXR0ZWQgdG8gcHJvdmlkaW5nIGhpZ2gtcXVhbGl0eSBzZXJ2aWNlcyBpbiB0aGUgY29udHJhY3RpbmcgZmllbGQuIDwvcD4=',1),
(171,12,0,'2025-05-15 11:13:45','package-string-11-150','','base64',1,'2KfYqNiv2KMg2YXYtNix2YjYudmD','U3RhcnQgcHJvamVjdA==',1),
(172,12,0,'2025-05-15 11:13:45','package-string-11-152','','base64',1,'2LnZhiDYtNix2YPYqtmG2Kc=','QWJvdXQgb3VyIGNvbXBhbnk=',1),
(173,12,0,'2025-05-15 11:13:45','package-string-11-154','h2','base64',1,'LS0g2YXZhiDZhtit2YYgLS0=','LS0gV2hvIGFyZSB3ZS0t',1),
(174,12,0,'2025-05-15 11:13:45','package-string-11-155','','base64',1,'PHA+2KrYo9iz2LPYqiDZhdmG2LTYo9ipINmI2YHZgiDZhdi52KfZitmK2LEg2YHYsdmK2K/YqSDZhdmGINmG2YjYudmH2Kcg2YjYrtio2LHYqSDYudmF2YrZgtipINmF2LPYqtmI2K3Yp9ipINmF2YYg2LHYpNmK2KrZh9inINmB2Yog2YXYrNin2YQg2KfZhNio2YbYp9ihLiDZhtmC2K/ZhSDYrtiv2YXYp9iq2YbYpyDYudmE2Ykg2KPYudmE2Ykg2YXYs9iq2YjZitin2Kog2KfZhNis2YjYr9ipINmI2KfZhNil2KrZgtin2YYgLtmI2YTYsNmE2YPYjCDYrdix2LXZhtinINi52YTZiSDYp9mE2KrYt9mI2YrYsSDYp9mE2YXYs9iq2YXYsSDZhNmE2KfYsdiq2YLYp9ihINio2YbYuNin2YXZhtinINmI2LPZitin2LPYp9iq2YbYpyDZiNiu2LfYt9mG2Kcg2KfZhNin2LPYqtix2KfYqtmK2KzZitipINin2YTYqtmKINmG2LPYp9mH2YUg2KjZh9inINio2YHYp9i52YTZitipINmE2KXYq9ix2KfYoSDZhdis2KrZhdi52YbYpyDZiNmD2LPYqCDYq9mC2Kkg2LnZhdmE2KfYptmG2Kcg2KjYqti32KjZitmCINmF2KjYp9iv2KYg2KfZhNiq2YjYrdmK2K8g2YjZh9mKINin2YTZhdi12K/Yp9mC2YrYqSDZiNin2YTYp9it2KrYsdin2YHZitipINmI2KfZhNin2YTYqtiy2KfZhS7CoMKgPC9wPg==','PHA+VGhlIGZhY2lsaXR5IHdhcyBlc3RhYmxpc2hlZCBhY2NvcmRpbmcgdG8gdW5pcXVlIHN0YW5kYXJkcyBhbmQgZGVlcCBleHBlcnRpc2UgaW5zcGlyZWQgYnkgaXRzIHZpc2lvbiBpbiB0aGUgZmllbGQgb2YgY29uc3RydWN0aW9uLiBXZSBwcm92aWRlIG91ciBzZXJ2aWNlcyB3aXRoIHRoZSBoaWdoZXN0IGxldmVscyBvZiBxdWFsaXR5IGFuZCBjcmFmdHNtYW5zaGlwLiBUaGVyZWZvcmUsIHdlIGhhdmUgYmVlbiBjb21taXR0ZWQgdG8gY29udGludW91cyBkZXZlbG9wbWVudCB0byBlbmhhbmNlIG91ciBzeXN0ZW1zLCBwb2xpY2llcywgYW5kIHN0cmF0ZWdpYyBwbGFucywgdGhyb3VnaCB3aGljaCB3ZSBlZmZlY3RpdmVseSBjb250cmlidXRlIHRvIGVucmljaGluZyBvdXIgY29tbXVuaXR5IGFuZCBnYWluaW5nIHRoZSB0cnVzdCBvZiBvdXIgY2xpZW50cyBieSBhcHBseWluZyB0aGUgcHJpbmNpcGxlcyBvZiB1bmlmaWNhdGlvbjogY3JlZGliaWxpdHksIHByb2Zlc3Npb25hbGlzbSwgYW5kIGNvbW1pdG1lbnQuIDwvcD4=',1),
(175,12,0,'2025-05-15 11:13:45','package-string-11-156','p','base64',0,'NC45','NC45',1),
(176,12,0,'2025-05-15 11:13:45','package-string-11-157','span','base64',1,'I9iq2YLZitmK2YXYp9iq','I9iq2YLZitmK2YXYp9iq',1),
(177,12,0,'2025-05-15 11:13:45','package-string-11-158','p','base64',1,'ODUwKw==','ODUwKw==',1),
(178,12,0,'2025-05-15 11:13:45','package-string-11-159','span','base64',1,'I9mF2LTYsdmI2Lkg2YbYp9is2K0=','I1N1Y2Nlc3NmdWwgcHJvamVjdA==',1),
(179,12,0,'2025-05-15 11:13:45','package-string-11-160','p','base64',1,'Mys=','Mys=',1),
(180,12,0,'2025-05-15 11:13:45','package-string-11-161','span','base64',1,'I9iz2YbZiNin2Kog2LnZhdmE','I1llYXJzIG9mIHdvcms=',1),
(181,12,0,'2025-05-15 11:13:45','package-string-11-162','h2','base64',1,'wqDYqtmD2KfYqtmBINin2YTZh9mF2YUg2YTZhNmF2YLYp9mI2YTYp9iq','IFRha2F0dWYgQWwtSGltbSBDb250cmFjdGluZw==',1),
(182,12,0,'2025-05-15 11:13:45','package-string-11-163','h2','base64',1,'LS0g2LHYs9in2YTYqtmG2KcgLS0=','LS0gT3VyIG1lc3NhZ2UgLS0=',1),
(183,12,0,'2025-05-15 11:13:45','package-string-11-164','','base64',1,'PHA+2KrZg9mF2YYg2LHYs9in2YTYqtmG2Kcg2YHZiiDYtdmF2YrZhSDZg9mEINmF2Kcg2YbZgtmI2YUg2KjZhyDZgdmKINiq2YLYr9mK2YUg2YLZitmF2Kkg2KfYs9iq2KvZhtin2KbZitipINmE2LnZhdmE2KfYptmG2Kcg2YXZhiDYrtmE2KfZhCDYp9mE2K3ZhNmI2YQg2KfZhNmF2KjYqtmD2LHYqSDZiNin2YTYrdix2YHZitipINin2YTZgdin2KbZgtipINmI2KfZhNiq2YbZgdmK2LAg2YHZiiDYp9mE2YjZgtiqINin2YTZhdmG2KfYs9ioLiDZiti52YXZhCDZgdix2YrZgtmG2Kcg2YXYqti52K/YryDYp9mE2KrYrti12LXYp9iqINin2YTZhdmH2YbYr9iz2YrZhiDZiNmF2K/Zitix2Yog2KfZhNmF2LTYp9ix2YrYuSDZiNin2YTYrdix2YHZitmK2YYg2KfZhNmF2YfYsdipINio2LTZg9mEINmF2KrZg9in2YXZhCDZhNiq2K3ZgtmK2YIg2KfZhNij2YHZg9in2LEg2KfZhNi32YXZiNit2Kkg2YXYuSDYttmF2KfZhiDYo9i52YTZiSDZhdi52KfZitmK2LEg2KfZhNiz2YTYp9mF2Kkg2YjYp9mE2KfYs9iq2K/Yp9mF2Kkg2YjYp9mE2YPZgdin2KHYqS4g2KfZhNiq2YLYr9mK2YUg2KfZhNmF2LPYqtmF2LEg2YTZhdmG2KrYrNin2Kog2LnYp9mE2YrYqSDYp9mE2KzZiNiv2Kkg2KjYo9iz2LnYp9ixINiq2YbYp9mB2LPZitipINmF2Lkg2KfZhNit2YHYp9i4INi52YTZiSDYp9mE2YPZgdin2KHYqSDYp9mE2KrYtNi62YrZhNmK2Kkg2YjYrtiv2YXYqSDYp9mE2LnZhdmE2KfYoSDYp9mE2KfYs9iq2KvZhtin2KbZitipLjwvcD4=','PHA+QXQgdGhlIGhlYXJ0IG9mIGV2ZXJ5dGhpbmcgd2UgZG8gaXMgb3VyIG1pc3Npb24gdG8gZGVsaXZlciBleGNlcHRpb25hbCB2YWx1ZSB0byBvdXIgY3VzdG9tZXJzIHRocm91Z2ggaW5ub3ZhdGl2ZSBzb2x1dGlvbnMsIHN1cGVyaW9yIGNyYWZ0c21hbnNoaXAsIGFuZCB0aW1lbHkgZGVsaXZlcnkuIE91ciBtdWx0aWRpc2NpcGxpbmFyeSB0ZWFtIG9mIGVuZ2luZWVycywgcHJvamVjdCBtYW5hZ2VycywgYW5kIHNraWxsZWQgY3JhZnRzbWVuIHdvcmsgY29sbGFib3JhdGl2ZWx5IHRvIHJlYWxpemUgYW1iaXRpb3VzIGlkZWFzIHdoaWxlIGVuc3VyaW5nIHRoZSBoaWdoZXN0IHN0YW5kYXJkcyBvZiBzYWZldHksIHN1c3RhaW5hYmlsaXR5LCBhbmQgZWZmaWNpZW5jeS4gV2UgY29uc2lzdGVudGx5IGRlbGl2ZXIgaGlnaC1xdWFsaXR5IHByb2R1Y3RzIGF0IGNvbXBldGl0aXZlIHByaWNlcyB3aGlsZSBtYWludGFpbmluZyBvcGVyYXRpb25hbCBlZmZpY2llbmN5IGFuZCBleGNlcHRpb25hbCBjdXN0b21lciBzZXJ2aWNlLiAgPC9wPg==',1),
(184,12,0,'2025-05-15 11:13:45','package-string-11-165','h2','base64',1,'wqDYqtmD2KfYqtmBINin2YTZh9mF2YUg2YTZhNmF2YLYp9mI2YTYp9iq','IFRha2F0dWYgQWwtSGltbSBDb250cmFjdGluZw==',1),
(185,12,0,'2025-05-15 11:13:45','package-string-11-166','h2','base64',1,'LS0g2LHYpNmK2KrZhtinIC0t','LS0gT3VyIHZpc2lvbiAtLQ==',1),
(186,12,0,'2025-05-15 11:13:45','package-string-11-167','','base64',1,'PHA+2YbZhNiq2LLZhSDYqNix2YrYp9iv2Kkg2KfZhNi12YbYp9i52Kkg2YXZhiDYrtmE2KfZhCDZiNi22Lkg2YXYudin2YrZitixINis2K/Zitiv2Kkg2YTZhNis2YjYr9ipINmI2KfZhNin2LPYqtiv2KfZhdipINmI2KfZhNin2KjYqtmD2KfYsdiMINmD2YXYpyDZhtmE2KrYstmFINio2KrYtNmD2YrZhCDYp9mE2YXYs9iq2YLYqNmEINio2YXYtNin2LHZiti5INmE2Kcg2KrZhNio2Yog2KfYrdiq2YrYp9is2KfYqiDYp9mE2YrZiNmFINmB2K3Ys9io2Iwg2KjZhCDYqtmF2KvZhCDYo9mK2LbYp9mLINil2LHYq9in2Ysg2YTZhNij2KzZitin2YQg2KfZhNmC2KfYr9mF2KkuINmG2YfYr9mBINil2YTZiSDYo9mGINmG2YPZiNmGINin2YTYtNix2YrZgyDYp9mE2YXZgdi22YQg2YjYp9mE2YXYtNmH2YjYsSDYqNin2YTZhtiy2KfZh9ipINmI2KfZhNmF2YjYq9mI2YLZitipINmI2KfZhNiq2YXZitiyINmB2Yog2YPZhCDZhdi02LHZiNi5INmG2LnZhdmEINi52YTZitmHLjwvcD4=','PHA+V2UgYXJlIGNvbW1pdHRlZCB0byBsZWFkaW5nIHRoZSBpbmR1c3RyeSBieSBzZXR0aW5nIG5ldyBzdGFuZGFyZHMgZm9yIHF1YWxpdHksIHN1c3RhaW5hYmlsaXR5LCBhbmQgaW5ub3ZhdGlvbi4gV2UgYXJlIGFsc28gY29tbWl0dGVkIHRvIHNoYXBpbmcgdGhlIGZ1dHVyZSB3aXRoIHByb2plY3RzIHRoYXQgbm90IG9ubHkgbWVldCB0b2RheSdzIG5lZWRzIGJ1dCBhbHNvIHJlcHJlc2VudCBhIGxlZ2FjeSBmb3IgZnV0dXJlIGdlbmVyYXRpb25zLiBXZSBhaW0gdG8gYmUgdGhlIHByZWZlcnJlZCBwYXJ0bmVyLCByZW5vd25lZCBmb3IgaW50ZWdyaXR5LCByZWxpYWJpbGl0eSwgYW5kIGV4Y2VsbGVuY2UgaW4gZXZlcnkgcHJvamVjdCB3ZSB1bmRlcnRha2UuICAgPC9wPg==',1),
(187,12,0,'2025-05-15 11:13:45','package-string-11-168','','base64',1,'2YLZitmF2KrZhtinINmH2Yog2K7ZhNmCINi52YXZhCDYrNin2K8g2YjZhdmI2YfYqNipINin2K3Yqtix2KfZgdmK2Kku','T3VyIHZhbHVlIGlzIHRvIGNyZWF0ZSBoYXJkIHdvcmsgYW5kIHByb2Zlc3Npb25hbCB0YWxlbnQu',1),
(188,12,0,'2025-05-15 11:13:45','package-string-11-169','','base64',1,'2YbYrdin2YjZhCDYr9in2KbZhdmL2Kcg2KXYudi32KfYoSDYp9mE2YXYstmK2K8g2YXZhiDYp9mE2YLZitmF2Kkg2YjYp9mE2KfYqNiq2YPYp9ixINmE2YTYo9i52YXYp9mELg==','V2UgYWx3YXlzIHRyeSB0byBnaXZlIG1vcmUgdmFsdWUgYW5kIGlubm92YXRpb24gdG8gdGhlIGJ1c2luZXNzLg==',1),
(189,12,0,'2025-05-15 11:13:45','package-string-11-170','','base64',1,'2YbYrdmGINmF2YbYtNij2Kkg2YXZgtin2YjZhNin2Kog2YXYqtmD2KfZhdmE2Kkg2KfZhNiu2K/Zhdin2Kog2YXZhNiq2LLZhdmI2YYg2KjYqtit2YjZitmEINin2YTYsdik2Ykg2KXZhNmJINmI2KfZgti5Lg==','V2UgYXJlIGEgZnVsbC1zZXJ2aWNlIGNvbnRyYWN0aW5nIGZhY2lsaXR5IGNvbW1pdHRlZCB0byB0dXJuaW5nIHZpc2lvbnMgaW50byByZWFsaXR5Lg==',1),
(190,12,0,'2025-05-15 11:13:45','package-string-11-171','','base64',1,'2K7YqNix2KrZhtinINi02KfZhdmE2Kkg2YHZiiDYrNmF2YrYuSDZhdis2KfZhNin2Kog2KfZhNio2YbYp9ihINmI2KfZhNio2YbZitipINin2YTYqtit2KrZitipLg==','T3VyIGV4cGVyaWVuY2UgaXMgY29tcHJlaGVuc2l2ZSBpbiBhbGwgYXJlYXMgb2YgY29uc3RydWN0aW9uIGFuZCBpbmZyYXN0cnVjdHVyZS4=',1),
(191,12,0,'2025-05-15 11:13:45','package-string-11-172','h2','base64',1,'IMKg2KrZg9in2KrZgSDYp9mE2YfZhdmFINmE2YTZhdmC2KfZiNmE2KfYqg==','IFRha2F0dWYgQWwtSGltbSBDb250cmFjdGluZw==',1),
(192,12,0,'2025-05-15 11:13:45','package-string-11-173','h2','base64',1,'2KfZhNin2LPYqtiv2KfZhdip','U3VzdGFpbmFiaWxpdHk=',1),
(193,12,0,'2025-05-15 11:13:45','package-string-11-174','','base64',1,'PHA+2YbYpNmF2YYg2KjYp9mE2KjZhtin2KEg2KjZhdiz2KTZiNmE2YrYqS4g2YXZhiDYp9iz2KrYrtiv2KfZhSDYp9mE2YXZiNin2K8g2KfZhNmF2LPYqtiv2KfZhdipINil2YTZiSDYr9mF2Kwg2YXZhdin2LHYs9in2Kog2KfZhNio2YbYp9ihINin2YTYo9iu2LbYsdiMINmG2K3ZhiDZhdmE2KrYstmF2YjZhiDYqNin2YTYrdivINmF2YYg2KrYo9ir2YrYsdmG2Kcg2LnZhNmJINin2YTYqNmK2KbYqS4g2YHZiiDZhdmG2LTYo9ipINiq2YPYp9iq2YEg2KfZhNmH2YXZhSDZhNmE2YXZgtin2YjZhNin2KrYjCDZitiz2YrYsSDYp9mE2KfYqNiq2YPYp9ixINis2YbYqNin2Ysg2KXZhNmJINis2YbYqCDZhdi5INin2YTYp9iz2KrYr9in2YXYqSDYrdmK2Ksg2YbYs9iq2YPYtNmBINiv2KfYptmF2KfZiyDYqtmC2YbZitin2Kog2YjZhdmG2YfYrNmK2KfYqiDYrNiv2YrYr9ipINmE2KrYrdiz2YrZhiDYp9mE2YPZgdin2KHYqSDZiNiq2LnYstmK2LIg2KfZhNiz2YTYp9mF2Kkg2YjYrtmB2LYg2KfZhNiq2YPYp9mE2YrZgS48L3A+','PHA+V2UgYmVsaWV2ZSBpbiBidWlsZGluZyByZXNwb25zaWJseS4gRnJvbSB1c2luZyBzdXN0YWluYWJsZSBtYXRlcmlhbHMgdG8gaW5jb3Jwb3JhdGluZyBncmVlbiBidWlsZGluZyBwcmFjdGljZXMsIHdlIGFyZSBjb21taXR0ZWQgdG8gcmVkdWNpbmcgb3VyIGltcGFjdCBvbiB0aGUgZW52aXJvbm1lbnQuIEF0IFRha2F0dWYgQWwgSGVtbSBDb250cmFjdGluZywgaW5ub3ZhdGlvbiBnb2VzIGhhbmQgaW4gaGFuZCB3aXRoIHN1c3RhaW5hYmlsaXR5LCBhcyB3ZSBjb25zdGFudGx5IGV4cGxvcmUgbmV3IHRlY2hub2xvZ2llcyBhbmQgbWV0aG9kb2xvZ2llcyB0byBpbXByb3ZlIGVmZmljaWVuY3ksIGVuaGFuY2Ugc2FmZXR5LCBhbmQgcmVkdWNlIGNvc3RzLiAgICA8L3A+',1),
(194,12,0,'2025-05-15 11:13:45','package-string-11-175','','base64',1,'2KfYqNiv2KMg2YXYtNix2YjYudmD','U3RhcnQgcHJvamVjdA==',1),
(195,12,0,'2025-05-15 11:13:45','package-string-11-177','','base64',1,'2KfZhNmF2YTZgSDYp9mE2KrYudix2YrZgdmK','UHJvZmlsZQ==',1),
(196,12,0,'2025-05-15 11:13:45','package-string-11-178','','base64',1,'aHR0cHM6Ly93d3cudGFoY29udHJhY3RpbmcuY29tL3dwLWNvbnRlbnQvdXBsb2Fkcy8yMDI1LzA1L9in2YTZhdmE2YEt2KfZhNiq2LnYsdmK2YHZii3ZhNmF2YjZlNiz2LPYqS3YqtmD2KfYqtmBLdin2YTZh9mF2YUucGRm','aHR0cHM6Ly93d3cudGFoY29udHJhY3RpbmcuY29tL3dwLWNvbnRlbnQvdXBsb2Fkcy8yMDI1LzA1L9in2YTZhdmE2YEt2KfZhNiq2LnYsdmK2YHZii3ZhNmF2YjZlNiz2LPYqS3YqtmD2KfYqtmBLdin2YTZh9mF2YUucGRm',1),
(197,12,0,'2025-05-15 11:13:45','package-string-11-179','','base64',1,'Iw==','Iw==',1),
(198,12,0,'2025-05-15 11:13:45','package-string-11-180','','base64',1,'Iw==','Iw==',1),
(199,12,0,'2025-05-15 11:13:45','package-string-11-181','','base64',1,'Iw==','Iw==',1),
(200,12,0,'2025-05-15 11:13:45','package-string-11-182','','base64',1,'Iw==','Iw==',1),
(201,12,0,'2025-05-15 11:13:45','package-string-11-183','','base64',1,'Iw==','Iw==',1),
(202,12,0,'2025-05-15 11:13:45','package-string-11-184','','base64',1,'Iw==','Iw==',1),
(203,12,0,'2025-05-15 11:13:45','package-string-11-185','','base64',1,'Iw==','Iw==',1),
(204,12,0,'2025-05-15 11:13:45','package-string-11-186','','base64',1,'Iw==','Iw==',1),
(205,12,0,'2025-05-15 11:13:45','package-string-11-187','','base64',1,'Iw==','Iw==',1),
(206,12,0,'2025-05-15 11:13:45','package-string-11-188','','base64',1,'Iw==','Iw==',1),
(207,12,0,'2025-05-15 11:13:45','package-string-11-189','','base64',1,'Iw==','Iw==',1),
(208,12,0,'2025-05-15 11:13:45','package-string-11-190','','base64',1,'Iw==','Iw==',1),
(209,13,0,'2025-05-15 11:13:45','original_id','','',0,'6','',1),
(210,13,0,'2025-05-15 11:13:45','title','','base64',1,'RGVmYXVsdCBLaXQ=','RGVmYXVsdCBLaXQgLSBFbmdsaXNo',1),
(211,13,0,'2025-05-15 11:13:45','body','','base64',0,'','',1),
(212,13,0,'2025-05-15 11:13:45','excerpt','','base64',1,'','',1),
(213,14,0,'2025-05-15 11:13:45','original_id','','',0,'4','',0),
(214,14,0,'2025-05-15 11:13:45','title','','base64',1,'TmF2aWdhdGlvbg==','',0),
(215,14,0,'2025-05-15 11:13:45','body','','base64',0,'PCEtLSB3cDpwYWdlLWxpc3QgLy0tPg==','',0),
(216,14,0,'2025-05-15 11:13:45','excerpt','','base64',1,'','',0),
(217,15,0,'2025-05-18 15:27:03','original_id','','',0,'644','',0),
(218,15,0,'2025-05-18 15:27:03','title','','base64',1,'2KrZhtiz2YrZgiDYp9mE2K3Yr9in2KbZgg==','TGFuZHNjYXBpbmc=',1),
(219,15,0,'2025-05-18 15:27:03','body','','base64',1,'','',0),
(220,15,0,'2025-05-18 15:27:03','excerpt','','base64',1,'','',0),
(223,16,0,'2025-05-18 15:27:26','original_id','','',0,'567','',0),
(224,16,0,'2025-05-18 15:27:26','title','','base64',1,'2KrYo9ir2YrYqyDYp9mE2YXYtNin2LHZiti5','RnVybmlzaGluZyBwcm9qZWN0cw==',1),
(225,16,0,'2025-05-18 15:27:26','body','','base64',1,'','',0),
(226,16,0,'2025-05-18 15:27:26','excerpt','','base64',1,'','',0),
(229,17,0,'2025-05-18 15:27:42','original_id','','',0,'553','',0),
(230,17,0,'2025-05-18 15:27:42','title','','base64',1,'2KrYtdin2YXZitmFINir2LHZiiDYr9mK','M0QgRGVzaWducw==',1),
(231,17,0,'2025-05-18 15:27:42','body','','base64',1,'','',0),
(232,17,0,'2025-05-18 15:27:42','excerpt','','base64',1,'','',0),
(235,18,0,'2025-05-18 15:28:35','field-full_name-0','','base64',1,'2LPZitmBINin2KvYsQ==','U2FpZiBBdGhlcg==',1),
(236,18,0,'2025-05-18 15:28:35','field-full_name-0-name','','',0,'full_name-0','',0),
(237,18,0,'2025-05-18 15:28:35','field-full_name-0-type','','',0,'custom_field','',0),
(238,18,0,'2025-05-18 15:28:35','field-_position-0','','base64',1,'2YXZh9mG2K/YsyDZhdi52YXYp9ix2Yog','QXJjaGl0ZWN0IA==',1),
(239,18,0,'2025-05-18 15:28:35','field-_position-0-name','','',0,'_position-0','',0),
(240,18,0,'2025-05-18 15:28:35','field-_position-0-type','','',0,'custom_field','',0),
(241,18,0,'2025-05-18 15:28:35','original_id','','',0,'720','',0),
(242,18,0,'2025-05-18 15:28:35','title','','base64',1,'2LPZitmBINin2KvYsQ==','U2FpZiBBdGhlcg==',1),
(243,18,0,'2025-05-18 15:28:35','body','','base64',1,'','',0),
(244,18,0,'2025-05-18 15:28:35','excerpt','','base64',1,'','',0),
(245,19,0,'2025-05-18 15:29:59','field-full_name-0','','base64',1,'2YbYp9i12LEg2YXYp9mE2YM=','TmFzaXIgTWFsaWs=',1),
(246,19,0,'2025-05-18 15:29:59','field-full_name-0-name','','',0,'full_name-0','',0),
(247,19,0,'2025-05-18 15:29:59','field-full_name-0-type','','',0,'custom_field','',0),
(248,19,0,'2025-05-18 15:29:59','field-_position-0','','base64',1,'2YXZh9mG2K/YsyDZhdiv2YbZiiDZiCDZhdi02LHZgSDZhdmI2KfZgti5','Q2l2aWwgRW5naW5lZXIgYW5kIFNpdGUgU3VwZXJ2aXNvcg==',1),
(249,19,0,'2025-05-18 15:29:59','field-_position-0-name','','',0,'_position-0','',0),
(250,19,0,'2025-05-18 15:29:59','field-_position-0-type','','',0,'custom_field','',0),
(251,19,0,'2025-05-18 15:29:59','original_id','','',0,'717','',0),
(252,19,0,'2025-05-18 15:29:59','title','','base64',1,'2YbYp9i12LEg2YXYp9mE2YM=','TmFzaXIgTWFsaWs=',1),
(253,19,0,'2025-05-18 15:29:59','body','','base64',1,'','',0),
(254,19,0,'2025-05-18 15:29:59','excerpt','','base64',1,'','',0),
(255,20,0,'2025-05-18 15:30:41','field-full_name-0','','base64',1,'2LPZhNi32KfZhiDZhdin2KzYryDYqNmGINiz2YTYt9in2YY=','U3VsdGFuIE1hamlkIGJpbiBTdWx0YW4=',1),
(256,20,0,'2025-05-18 15:30:41','field-full_name-0-name','','',0,'full_name-0','',0),
(257,20,0,'2025-05-18 15:30:41','field-full_name-0-type','','',0,'custom_field','',0),
(258,20,0,'2025-05-18 15:30:41','field-_position-0','','base64',1,'2KfZhNmF2K/ZitixINin2YTYudin2YU=','R2VuZXJhbCBNYW5hZ2Vy',1),
(259,20,0,'2025-05-18 15:30:41','field-_position-0-name','','',0,'_position-0','',0),
(260,20,0,'2025-05-18 15:30:41','field-_position-0-type','','',0,'custom_field','',0),
(261,20,0,'2025-05-18 15:30:41','original_id','','',0,'714','',0),
(262,20,0,'2025-05-18 15:30:41','title','','base64',1,'2LPZhNi32KfZhiDZhdin2KzYryDYqNmGINiz2YTYt9in2YY=','U3VsdGFuIE1hamlkIGJpbiBTdWx0YW4=',1),
(263,20,0,'2025-05-18 15:30:41','body','','base64',1,'','',0),
(264,20,0,'2025-05-18 15:30:41','excerpt','','base64',1,'','',0),
(265,21,0,'2025-05-18 15:31:59','field-icon_service-0','','base64',0,'MzEy','MzEy',1),
(266,21,0,'2025-05-18 15:31:59','field-icon_service-0-name','','',0,'icon_service-0','',0),
(267,21,0,'2025-05-18 15:31:59','field-icon_service-0-type','','',0,'custom_field','',0),
(268,21,0,'2025-05-18 15:31:59','field-short_description-0','','base64',1,'2KrZgtiv2YUg2KfZhNmF2YbYtNij2Kkg2YXYrNmF2YjYudipINmD2KfZhdmE2Kkg2YjZhdiq2YbZiNi52Kkg2YXZhiDYp9mE2KPYq9in2Ksg2YjYp9mE2YXZgdix2YjYtNin2KouINmD2YXYpyDYqtmC2K/ZhSDYrdmE2YjZhNin2Ysg2YXYqtmD2KfZhdmE2Kkg2YTZhNij2YXYp9mD2YYg2KfZhNiz2YPZhtmK2KkuLi4=','VGhlIGZhY2lsaXR5IG9mZmVycyBhIGNvbXBsZXRlIGFuZCBkaXZlcnNlIHJhbmdlIG9mIGZ1cm5pdHVyZSBhbmQgZnVybmlzaGluZ3MuIEl0IGFsc28gcHJvdmlkZXMgaW50ZWdyYXRlZCBzb2x1dGlvbnMgZm9yIHJlc2lkZW50aWFsIHNwYWNlcy4uLg==',1),
(269,21,0,'2025-05-18 15:31:59','field-short_description-0-name','','',0,'short_description-0','',0),
(270,21,0,'2025-05-18 15:31:59','field-short_description-0-type','','',0,'custom_field','',0),
(271,21,0,'2025-05-18 15:31:59','original_id','','',0,'694','',0),
(272,21,0,'2025-05-18 15:31:59','title','','base64',1,'2KrYo9ir2YrYqyDYp9mE2YXYtNin2LHZiti5','RnVybmlzaGluZyBwcm9qZWN0cw==',1),
(273,21,0,'2025-05-18 15:31:59','body','','base64',1,'PCEtLSB3cDpwYXJhZ3JhcGggLS0+CjxwPtiq2YLYr9mFINin2YTZhdmG2LTYo9ipINmF2KzZhdmI2LnYqSDZg9in2YXZhNipINmI2YXYqtmG2YjYudipINmF2YYg2KfZhNij2KvYp9irINmI2KfZhNmF2YHYsdmI2LTYp9iqLiDZg9mF2Kcg2KrZgtiv2YUg2K3ZhNmI2YTYp9mLINmF2KrZg9in2YXZhNipINmE2YTYo9mF2KfZg9mGINin2YTYs9mD2YbZitipINmI2KfZhNiq2KzYp9ix2YrYqSDZiNin2YTZhdik2LPYs9mK2KkuPGJyPtmK2LrYt9mKINmG2LfYp9mCINi52YXZhNmG2Kcg2KrYtdmF2YrZhSDZiNiq2YjYsdmK2K8g2YjYqtix2YPZitioINmI2LXZitin2YbYqSDYp9mE2KPYq9in2Ksg2YjYp9mE2YXZgdix2YjYtNin2Kog2LnYp9mE2YrYqSDYp9mE2KzZiNiv2Kkg2KfZhNmF2LXZhdmF2Kkg2K7YtdmK2LXYp9mLINmE2KrZhNio2YrYqSDYp9mE2YXYqti32YTYqNin2Kog2KfZhNmI2LjZitmB2YrYqSDZiNin2YTYrNmF2KfZhNmK2KkuPC9wPgo8IS0tIC93cDpwYXJhZ3JhcGggLS0+','PCEtLSB3cDpwYXJhZ3JhcGggLS0+CjxwPlRoZSBmYWNpbGl0eSBvZmZlcnMgYSBjb21wbGV0ZSBhbmQgZGl2ZXJzZSByYW5nZSBvZiBmdXJuaXR1cmUgYW5kIGZ1cm5pc2hpbmdzLiBJdCBhbHNvIHByb3ZpZGVzIGludGVncmF0ZWQgc29sdXRpb25zIGZvciByZXNpZGVudGlhbCwgY29tbWVyY2lhbCBhbmQgaW5zdGl0dXRpb25hbCBzcGFjZXMuPGJyPk91ciBzY29wZSBvZiB3b3JrIGNvdmVycyB0aGUgZGVzaWduLCBzdXBwbHksIGluc3RhbGxhdGlvbiBhbmQgbWFpbnRlbmFuY2Ugb2YgaGlnaC1xdWFsaXR5IGZ1cm5pdHVyZSBhbmQgZnVybmlzaGluZ3Mgc3BlY2lmaWNhbGx5IGRlc2lnbmVkIHRvIG1lZXQgZnVuY3Rpb25hbCBhbmQgYWVzdGhldGljIHJlcXVpcmVtZW50cy48L3A+CjwhLS0gL3dwOnBhcmFncmFwaCAtLT4=',1),
(274,21,0,'2025-05-18 15:31:59','excerpt','','base64',1,'','',0),
(275,22,0,'2025-05-18 15:33:15','field-icon_service-0','','base64',0,'Njkz','Njkz',1),
(276,22,0,'2025-05-18 15:33:15','field-icon_service-0-name','','',0,'icon_service-0','',0),
(277,22,0,'2025-05-18 15:33:15','field-icon_service-0-type','','',0,'custom_field','',0),
(278,22,0,'2025-05-18 15:33:15','field-short_description-0','','base64',1,'2KrZiNmB2LEg2KfZhNmF2YbYtNij2Kkg2K7Yr9mF2KfYqiDYp9mE2KrYtdmF2YrZhSDYp9mE2K/Yp9iu2YTZitiMINmI2KfZhNiz2KrYp9im2LEg2KjYo9mG2YjYp9i52YfYp9iMINmI2KfZhNij2LnZhdin2YQg2KfZhNiu2LTYqNmK2KnYjCDZiNin2YTYrNiv2LHYp9mG2Iwg2YjYp9mE2LPZgtmB2Iwg2YjYp9mE2KPYsdi22YrYp9iqLi4u','VGhlIGZhY2lsaXR5IHByb3ZpZGVzIGludGVyaW9yIGRlc2lnbiBzZXJ2aWNlcywgQW5kIGN1cnRhaW5zIG9mIGFsbCBraW5kcywgV29vZHdvcmssIHdhbGxzLCBjZWlsaW5nLCBBbmQgdGhlIGZsb29ycy4uLg==',1),
(279,22,0,'2025-05-18 15:33:15','field-short_description-0-name','','',0,'short_description-0','',0),
(280,22,0,'2025-05-18 15:33:15','field-short_description-0-type','','',0,'custom_field','',0),
(281,22,0,'2025-05-18 15:33:15','original_id','','',0,'692','',0),
(282,22,0,'2025-05-18 15:33:15','title','','base64',1,'2KfZhNiq2KzZh9mK2LLYp9iqINin2YTYr9in2K7ZhNmK2Kk=','SW50ZXJpb3IgZml0dGluZ3M=',1),
(283,22,0,'2025-05-18 15:33:15','body','','base64',1,'PCEtLSB3cDpwYXJhZ3JhcGggLS0+CjxwPtiq2YjZgdixINin2YTZhdmG2LTYo9ipINiu2K/Zhdin2Kog2KfZhNiq2LXZhdmK2YUg2KfZhNiv2KfYrtmE2YrYjCDZiNin2YTYs9iq2KfYptixINio2KPZhtmI2KfYudmH2KfYjCDZiNin2YTYo9i52YXYp9mEINin2YTYrti02KjZitip2Iwg2YjYp9mE2KzYr9ix2KfZhtiMINmI2KfZhNiz2YLZgdiMINmI2KfZhNij2LHYttmK2KfYqtiMINmI2KfZhNij2KvYp9ir2Iwg2YjYp9mE2YXZg9in2KrYqCDYp9mE2YXYrti12LXYqSDZiNi62YrYsdmH2Kcg2YXZhiDYp9mE2K7Yr9mF2KfYqiDYqNiv2KHYp9mLINmF2YYg2KfZhNiq2LXZhdmK2YUg2YjYrdiq2Ykg2KfZhNiq2LPZhNmK2YUuINmD2YXYpyDZhtmC2YjZhSDYqNil2YPZhdin2YQg2KfZhNmF2LTYp9ix2YrYuSDYp9mE2KzYp9mH2LLYqSDYqNmF2LPYpNmI2YTZitipINmE2KrZiNmB2YrYsSDYqtis2LHYqNipINiu2KfZhNmK2Kkg2YXZhiDYp9mE2YXYqtin2LnYqCDZhNi52YXZhNin2KbZhtinLjwvcD4KPCEtLSAvd3A6cGFyYWdyYXBoIC0tPgoKPCEtLSB3cDpwYXJhZ3JhcGggLS0+CjxwPtmG2YLYr9mFINin2YTYrtiv2YXYp9iqINin2YTYqtin2YTZitipOjwvcD4KPCEtLSAvd3A6cGFyYWdyYXBoIC0tPgoKPCEtLSB3cDpwYXJhZ3JhcGggLS0+CjxwPtin2YTYo9iz2YLZgTxicj7Yp9mE2KPYsdi22YrYp9iqPGJyPtin2YTYt9mE2KfYoTxicj7Yo9i52YXYp9mEINin2YTZhtis2KfYsdipPGJyPtij2LnZhdin2YQg2KfZhNij2YLZhdi02Kk8YnI+2KPYudmF2KfZhCDYp9mE2LLYrNin2Kw8YnI+2KPYudmF2KfZhCDYqti12YbZiti5INin2YTZhdi52KfYr9mGPC9wPgo8IS0tIC93cDpwYXJhZ3JhcGggLS0+','PCEtLSB3cDpwYXJhZ3JhcGggLS0+CjxwPlRoZSBmYWNpbGl0eSBwcm92aWRlcyBpbnRlcmlvciBkZXNpZ24gc2VydmljZXMsIEFuZCBjdXJ0YWlucyBvZiBhbGwga2luZHMsIFdvb2R3b3JrLCB3YWxscywgY2VpbGluZ3MsIGZsb29ycywgZnVybml0dXJlLCBEZWRpY2F0ZWQgb2ZmaWNlcyBhbmQgb3RoZXIgc2VydmljZXMgZnJvbSBkZXNpZ24gdG8gZGVsaXZlcnkuIFdlIGFsc28gY29tcGxldGUgdHVybmtleSBwcm9qZWN0cyByZXNwb25zaWJseSB0byBwcm92aWRlIGEgaGFzc2xlLWZyZWUgZXhwZXJpZW5jZSBmb3Igb3VyIGNsaWVudHMuPC9wPgo8IS0tIC93cDpwYXJhZ3JhcGggLS0+Cgo8IS0tIHdwOnBhcmFncmFwaCAtLT4KPHA+V2UgcHJvdmlkZSB0aGUgZm9sbG93aW5nIHNlcnZpY2VzOjwvcD4KPCEtLSAvd3A6cGFyYWdyYXBoIC0tPgoKPCEtLSB3cDpwYXJhZ3JhcGggLS0+CjxwPkNlaWxpbmdzPGJyPkZsb29yczxicj5QYWludGluZzxicj5DYXJwZW50cnk8YnI+VGV4dGlsZXM8YnI+R2xhc3N3b3JrPGJyPk1ldGFsIEZhYnJpY2F0aW9uPC9wPgo8IS0tIC93cDpwYXJhZ3JhcGggLS0+',1),
(284,22,0,'2025-05-18 15:33:15','excerpt','','base64',1,'','',0),
(285,23,0,'2025-05-18 15:35:07','field-icon_service-0','','base64',0,'Njkx','Njkx',1),
(286,23,0,'2025-05-18 15:35:07','field-icon_service-0-name','','',0,'icon_service-0','',0),
(287,23,0,'2025-05-18 15:35:07','field-icon_service-0-type','','',0,'custom_field','',0),
(288,23,0,'2025-05-18 15:35:07','field-short_description-0','','base64',1,'2KrZgdmH2YUg2YXZhti02KPYqSDYqtmD2KfYqtmBINin2YTZh9mF2YUg2KfZhNmF2KrYt9mE2KjYp9iqINin2YTZgdix2YrYr9ipINmE2YXZhtin2K4g2KfZhNmF2YbYt9mC2Kkg2YjYqti22KfYsdmK2LPZh9inLiDZitis2YXYuSDZgdix2YrZgtmG2Kcg2KjZitmGINin2YTYrtio2LHYqSDZiNin2YTZhdi52LHZgdip','VGFrYXR1ZiBBbCBIZW1tYW0gdW5kZXJzdGFuZHMgdGhlIHVuaXF1ZSByZXF1aXJlbWVudHMgb2YgdGhlIHJlZ2lvbidzIGNsaW1hdGUgYW5kIHRlcnJhaW4uIE91ciB0ZWFtIGNvbWJpbmVzIGV4cGVyaWVuY2UgYW5kIGtub3dsZWRnZS4=',1),
(289,23,0,'2025-05-18 15:35:07','field-short_description-0-name','','',0,'short_description-0','',0),
(290,23,0,'2025-05-18 15:35:07','field-short_description-0-type','','',0,'custom_field','',0),
(291,23,0,'2025-05-18 15:35:07','original_id','','',0,'690','',0),
(292,23,0,'2025-05-18 15:35:07','title','','base64',1,'2KPYudmF2KfZhCDYqtmG2LPZitmCINin2YTYrdiv2KfYptmC','TGFuZHNjYXBpbmcgd29ya3M=',1),
(293,23,0,'2025-05-18 15:35:07','body','','base64',1,'PCEtLSB3cDpwYXJhZ3JhcGggLS0+CjxwPtiq2YHZh9mFINmF2YbYtNij2Kkg2KrZg9in2KrZgSDYp9mE2YfZhdmFINin2YTZhdiq2LfZhNio2KfYqiDYp9mE2YHYsdmK2K/YqSDZhNmF2YbYp9iuINin2YTZhdmG2LfZgtipINmI2KrYttin2LHZitiz2YfYpy4g2YrYrNmF2Lkg2YHYsdmK2YLZhtinINio2YrZhiDYp9mE2K7YqNix2Kkg2YHZiiDZh9mG2K/Ys9ipINin2YTZhdmG2KfYuNixINin2YTYt9io2YrYudmK2Kkg2YjYp9mE2YXYudix2YHYqSDYp9mE2LnZhdmK2YLYqSDYqNin2YTYo9mG2YjYp9i5INin2YTZhdit2YTZitipINmE2KXZhti02KfYoSDYqti12YXZitmF2KfYqiDYrdiv2KfYptmCINmF2LDZh9mE2KkuPC9wPgo8IS0tIC93cDpwYXJhZ3JhcGggLS0+Cgo8IS0tIHdwOnBhcmFncmFwaCAtLT4KPHA+2YbZgtiv2YUg2KfZhNiu2K/Zhdin2Kog2KfZhNiq2KfZhNmK2Kk6PC9wPgo8IS0tIC93cDpwYXJhZ3JhcGggLS0+Cgo8IS0tIHdwOnBhcmFncmFwaCAtLT4KPHA+2YfZhtiv2LPYqSDYp9mE2YXZhtin2LjYsSDYp9mE2LfYqNmK2LnZitipPGJyPtin2YTYqNiz2KrZhtipPGJyPtin2YTZhtio2KfYqtin2Kog2KfZhNiv2KfYrtmE2YrYqTxicj7Yrtiv2YXYp9iqINin2LPYqti02KfYsdin2Kog2KfZhNi12YrYp9mG2Kk8L3A+CjwhLS0gL3dwOnBhcmFncmFwaCAtLT4=','PCEtLSB3cDpwYXJhZ3JhcGggLS0+CjxwPlRha2F0dWYgQWwgSGVtbWFtIHVuZGVyc3RhbmRzIHRoZSB1bmlxdWUgcmVxdWlyZW1lbnRzIG9mIHRoZSByZWdpb24ncyBjbGltYXRlIGFuZCB0ZXJyYWluLiBPdXIgdGVhbSBjb21iaW5lcyBsYW5kc2NhcGUgYXJjaGl0ZWN0dXJlIGV4cGVydGlzZSB3aXRoIGEgZGVlcCBrbm93bGVkZ2Ugb2YgbG9jYWwgc3BlY2llcyB0byBjcmVhdGUgc3R1bm5pbmcgZ2FyZGVuIGRlc2lnbnMuPC9wPgo8IS0tIC93cDpwYXJhZ3JhcGggLS0+Cgo8IS0tIHdwOnBhcmFncmFwaCAtLT4KPHA+V2UgcHJvdmlkZSB0aGUgZm9sbG93aW5nIHNlcnZpY2VzOjwvcD4KPCEtLSAvd3A6cGFyYWdyYXBoIC0tPgoKPCEtLSB3cDpwYXJhZ3JhcGggLS0+CjxwPkxhbmRzY2FwZSBBcmNoaXRlY3R1cmU8YnI+R2FyZGVuaW5nPGJyPkluZG9vciBQbGFudHM8YnI+TWFpbnRlbmFuY2UgQ29uc3VsdGluZyBTZXJ2aWNlczwvcD4KPCEtLSAvd3A6cGFyYWdyYXBoIC0tPg==',1),
(294,23,0,'2025-05-18 15:35:07','excerpt','','base64',1,'','',0),
(295,24,0,'2025-05-18 15:36:04','field-icon_service-0','','base64',0,'MzEz','MzEz',1),
(296,24,0,'2025-05-18 15:36:04','field-icon_service-0-name','','',0,'icon_service-0','',0),
(297,24,0,'2025-05-18 15:36:04','field-icon_service-0-type','','',0,'custom_field','',0),
(298,24,0,'2025-05-18 15:36:04','field-short_description-0','','base64',1,'2KrZgtiv2YUg2YXZhti02KPYqSDYqtmD2KfYqtmBINin2YTZh9mF2YUg2K3ZhNmI2YTYp9mLINi02KfZhdmE2Kkg2YTYqti12YXZitmFINmI2KrZiNix2YrYryDZiNiq2LHZg9mK2Kgg2YjYtdmK2KfZhtipINin2YTYo9mG2LjZhdipINin2YTZg9mH2LHZiNmF2YrZg9in2YbZitmD2YrYqQ==','VGFrYXR1ZiBBbC1IaW1tIHByb3ZpZGVzIGNvbXByZWhlbnNpdmUgc29sdXRpb25zIGZvciB0aGUgZGVzaWduLCBzdXBwbHksIGluc3RhbGxhdGlvbiBhbmQgbWFpbnRlbmFuY2Ugb2YgZWxlY3Ryb21lY2hhbmljYWwgc3lzdGVtcy4=',1),
(299,24,0,'2025-05-18 15:36:04','field-short_description-0-name','','',0,'short_description-0','',0),
(300,24,0,'2025-05-18 15:36:04','field-short_description-0-type','','',0,'custom_field','',0),
(301,24,0,'2025-05-18 15:36:04','original_id','','',0,'689','',0),
(302,24,0,'2025-05-18 15:36:04','title','','base64',1,'2KfZhNij2LnZhdin2YQg2KfZhNmF2YrZg9in2YbZitmD2YrYqSDYp9mE2YPZh9ix2KjYp9im2YrYqQ==','RWxlY3RyaWNhbCBtZWNoYW5pY2FsIHdvcmtz',1),
(303,24,0,'2025-05-18 15:36:04','body','','base64',1,'PCEtLSB3cDpwYXJhZ3JhcGggLS0+CjxwPtiq2YLYr9mFINi02LHZg9ipINiq2YPYp9iq2YEg2KfZhNmH2YXZhSDYrdmE2YjZhNin2Ysg2LTYp9mF2YTYqSDZhNiq2LXZhdmK2YUg2YjYqtmI2LHZitivINmI2KrYsdmD2YrYqCDZiNi12YrYp9mG2Kkg2KfZhNij2YbYuNmF2Kkg2KfZhNmD2YfYsdmI2YXZitmD2KfZhtmK2YPZitipINmB2Yog2YXYrtiq2YTZgSDYo9mG2YjYp9i5INin2YTZhdi02KfYsdmK2LnYjCDYqNmF2Kcg2YHZiiDYsNmE2YMg2KfZhNmF2LTYp9ix2YrYuSDYp9mE2KrYrNin2LHZitipINmI2KfZhNiz2YPZhtmK2Kkg2YjYp9mE2LXZhtin2LnZitipLiDZg9mF2Kcg2KrZgtiv2YUg2K7Yr9mF2KfYqiDZhdiq2YPYp9mF2YTYqSDYqti02YXZhCDYp9mE2KrYtdmF2YrZhSDZiNin2YTYqtmI2LHZitivINmI2KfZhNiq2LHZg9mK2Kgg2YjYp9mE2LXZitin2YbYqSDZiNin2YTYr9i52YUuPGJyPtin2YTYo9mG2LjZhdipINio2YXYpyDZgdmKINiw2YTZgzo8YnI+2YbYuNin2YUg2KfZhNiq2K/Zgdim2Kkg2YjYp9mE2KrZh9mI2YrYqSDZiNiq2YPZitmK2YEg2KfZhNmH2YjYp9ihIEhWQUMpKTxicj7Zhti42KfZhSDYp9mE2LPYqNin2YPYqSDZiNmF2YPYp9mB2K3YqSDYp9mE2K3Ysdin2KbZgjxicj7Zhti42KfZhSDYp9mE2YPZh9ix2KjYp9ihINmI2KfZhNil2YTZg9iq2LHZiNmG2YrYp9iqINmI2YbYuNin2YUg2KfZhNiq2YrYp9ixINin2YTZhdmG2K7Zgdi2PC9wPgo8IS0tIC93cDpwYXJhZ3JhcGggLS0+','PCEtLSB3cDpwYXJhZ3JhcGggLS0+CjxwPlRha2F0dWYgQWwgSGVtbWFtIENvbXBhbnkgcHJvdmlkZXMgY29tcHJlaGVuc2l2ZSBzb2x1dGlvbnMgZm9yIHRoZSBkZXNpZ24sIHN1cHBseSwgaW5zdGFsbGF0aW9uLCBhbmQgbWFpbnRlbmFuY2Ugb2YgZWxlY3Ryb21lY2hhbmljYWwgc3lzdGVtcyBmb3IgdmFyaW91cyB0eXBlcyBvZiBwcm9qZWN0cywgaW5jbHVkaW5nIGNvbW1lcmNpYWwsIHJlc2lkZW50aWFsLCBhbmQgaW5kdXN0cmlhbCBwcm9qZWN0cy4gSXQgYWxzbyBvZmZlcnMgaW50ZWdyYXRlZCBzZXJ2aWNlcyBpbmNsdWRpbmcgZGVzaWduLCBzdXBwbHksIGluc3RhbGxhdGlvbiwgbWFpbnRlbmFuY2UsIGFuZCBzdXBwb3J0LiBTeXN0ZW1zIGluY2x1ZGU6PGJyPkhlYXRpbmcsIHZlbnRpbGF0aW9uLCBhbmQgYWlyIGNvbmRpdGlvbmluZyAoSFZBQykgc3lzdGVtczxicj5QbHVtYmluZyBhbmQgZmlyZWZpZ2h0aW5nIHN5c3RlbXM8YnI+RWxlY3RyaWNhbCBhbmQgZWxlY3Ryb25pYyBzeXN0ZW1zIGFuZCBsb3ctdm9sdGFnZSBzeXN0ZW1zICA8L3A+CjwhLS0gL3dwOnBhcmFncmFwaCAtLT4=',1),
(304,24,0,'2025-05-18 15:36:04','excerpt','','base64',1,'','',0),
(305,25,0,'2025-05-18 15:36:45','field-icon_service-0','','base64',0,'MjM3','MjM3',1),
(306,25,0,'2025-05-18 15:36:45','field-icon_service-0-name','','',0,'icon_service-0','',1),
(307,25,0,'2025-05-18 15:36:45','field-icon_service-0-type','','',0,'custom_field','',1),
(308,25,0,'2025-05-18 15:36:45','field-short_description-0','','base64',1,'2YbZiNmB2LEg2K7Yr9mF2KfYqiDYp9mE2KXZhti02KfYodin2Kog2KfZhNi02KfZhdmE2Kkg2YjYpdiv2KfYsdipINin2YTZhdix2KfZgdmCINmI2KfZhNi12YrYp9mG2Kkg2KfZhNmF2LXZhdmF2Kkg2YTYttmF2KfZhiDYp9mE2KrYtNi62YrZhCDYp9mE2LPZhNizINmI2LfZiNmEINi52YXYsSDYp9mE2YXYqNin2YbZiiDZiNin2YTYqNmG2YrYqSDYp9mE2KrYrdiq2YrYqQ==','V2UgcHJvdmlkZSBjb21wcmVoZW5zaXZlIGNvbnN0cnVjdGlvbiwgZmFjaWxpdHkgbWFuYWdlbWVudCBhbmQgbWFpbnRlbmFuY2Ugc2VydmljZXMgZGVzaWduZWQgdG8gZW5zdXJlIHRoZSBzbW9vdGggb3BlcmF0aW9uIGFuZCBsb25nZXZpdHkgb2YgYnVpbGRpbmdzIGFuZCBpbmZyYXN0cnVjdHVyZS4=',1),
(309,25,0,'2025-05-18 15:36:45','field-short_description-0-name','','',0,'short_description-0','',1),
(310,25,0,'2025-05-18 15:36:45','field-short_description-0-type','','',0,'custom_field','',1),
(311,25,0,'2025-05-18 15:36:45','original_id','','',0,'368','',1),
(312,25,0,'2025-05-18 15:36:45','title','','base64',1,'2KfZhNil2YbYtNin2KHYp9iqINmI2K7Yr9mF2KfYqiDYpdiv2KfYsdipINin2YTZhdix2KfZgdmC','Q29uc3RydWN0aW9uIGFuZCBGYWNpbGl0eSBNYW5hZ2VtZW50',1),
(313,25,0,'2025-05-18 15:36:45','body','','base64',1,'PCEtLSB3cDpwYXJhZ3JhcGggLS0+CjxwPtmG2YjZgdixINiu2K/Zhdin2Kog2KfZhNil2YbYtNin2KHYp9iqINin2YTYtNin2YXZhNipINmI2KXYr9in2LHYqSDYp9mE2YXYsdin2YHZgiDZiNin2YTYtdmK2KfZhtipINin2YTZhdi12YXZhdipINmE2LbZhdin2YYg2KfZhNiq2LTYutmK2YQg2KfZhNiz2YTYsyDZiNi32YjZhCDYudmF2LEg2KfZhNmF2KjYp9mG2Yog2YjYp9mE2KjZhtmK2Kkg2KfZhNiq2K3YqtmK2KkuPGJyPtmG2YLYr9mFINio2YbYp9ihINmD2KfZhdmEINin2YTZhti32KfZgiDZhNmE2YXYqNin2YbZiiDYp9mE2LPZg9mG2YrYqSDZiNin2YTYqtis2KfYsdmK2Kkg2YjYp9mE2LXZhtin2LnZitipLjxicj7Yqti02YXZhCDZg9mB2KfYodiq2YbYpyDYp9mE2KPYs9in2LPZitipINmF2LHYp9mC2KjYqSDYp9mE2KzZiNiv2Kkg2YjYpdiv2KfYsdipINin2YTYs9mE2KfZhdipINmI2KfZhNin2YTYqtiy2KfZhSDYqNin2YTZhdi52KfZitmK2LEg2KfZhNiq2YbYuNmK2YXZitipLjxicj7Zhtit2YYg2YXYqtiu2LXYtdmI2YYg2YHZiiDYqtmC2K/ZitmFINit2YTZiNmEINiv2KfYrtmE2YrYqSDYtNin2YXZhNipINmE2YTZhdi02KfYsdmK2Lkg2KfZhNiq2KzYp9ix2YrYqSDZiNin2YTYs9mD2YbZitipINmI2YXYtNin2LHZiti5INin2YTZhdio2KfZhtmKINin2YTYo9iu2LHZiS48YnI+2KrYtNmF2YQg2K7Yr9mF2KfYqtmG2Kcg2KfZhNiq2LXZhdmK2YUg2YjYp9mE2KrZiNix2YrYryDZiNin2YTYqtmG2YHZitiw2Iwg2YXZhdinINmK2LbZhdmGINiq2K3ZiNmE2KfZiyDYs9mE2LPYp9mLINmE2YTZhdiz2KfYrdin2KouPGJyPtmG2YLYr9mFINit2YTZiNmE2KfZiyDYudin2YTZitipINin2YTYrNmI2K/YqSDZiNmF2LXZhdmF2Kkg2K7YtdmK2LXYp9mLINiq2YXYstisINio2YrZhiDYp9mE2KPYr9in2KEg2KfZhNmI2LjZitmB2Yog2YjYp9mE2KzZhdin2YQg2YXZhiDYqtis2YfZitiy2KfYqiDYp9mE2YXZg9in2KrYqCDYpdmE2Ykg2KfZhNiq2LXZhdmK2YXYp9iqINin2YTYr9in2K7ZhNmK2Kkg2YTZhNmF2YbYp9iy2YQuPGJyPtmG2LbZhdmGINmE2LnZhdmE2KfYptmG2Kcg2KfZhNin2LPYqtmB2KfYr9ipINmF2YYg2KjZitim2KfYqiDZhdmI2KvZiNmC2Kkg2YjZgdin2LnZhNipINmI2KLZhdmG2Kkg2YXZhdinINmK2LLZitivINmF2YYg2YLZitmF2Kkg2KPYtdmI2YTZh9mFINmF2Lkg2YXYsdmI2LEg2KfZhNmI2YLYqiDYjCDZiNiw2YTZgyDYqNiq2YLYr9mK2YUg2K7Yr9mF2KfYqiDYp9mE2KjZhtin2KEg2YjYp9mE2YXYsdin2YHZgiDZiNin2YTYtdmK2KfZhtipINin2YTZhdiq2YPYp9mF2YTYqS48L3A+CjwhLS0gL3dwOnBhcmFncmFwaCAtLT4=','PCEtLSB3cDpwYXJhZ3JhcGggLS0+CjxwPldlIHByb3ZpZGUgY29tcHJlaGVuc2l2ZSBjb25zdHJ1Y3Rpb24sIGZhY2lsaXR5IG1hbmFnZW1lbnQsIGFuZCBtYWludGVuYW5jZSBzZXJ2aWNlcyBkZXNpZ25lZCB0byBlbnN1cmUgdGhlIHNtb290aCBvcGVyYXRpb24gYW5kIGxvbmdldml0eSBvZiBidWlsZGluZ3MgYW5kIGluZnJhc3RydWN0dXJlLjxicj5XZSBvZmZlciBmdWxsLXNjYWxlIGNvbnN0cnVjdGlvbiBvZiByZXNpZGVudGlhbCwgY29tbWVyY2lhbCBhbmQgaW5kdXN0cmlhbCBidWlsZGluZ3MuPGJyPk91ciBjb3JlIGNvbXBldGVuY2llcyBpbmNsdWRlIHF1YWxpdHkgY29udHJvbCwgc2FmZXR5IG1hbmFnZW1lbnQgYW5kIGNvbXBsaWFuY2Ugd2l0aCByZWd1bGF0b3J5IHN0YW5kYXJkcy48YnI+V2Ugc3BlY2lhbGl6ZSBpbiBwcm92aWRpbmcgY29tcHJlaGVuc2l2ZSBpbnRlcmlvciBzb2x1dGlvbnMgZm9yIGNvbW1lcmNpYWwsIHJlc2lkZW50aWFsIGFuZCBvdGhlciBidWlsZGluZyBwcm9qZWN0cy48YnI+T3VyIHNlcnZpY2VzIGluY2x1ZGUgZGVzaWduLCBzdXBwbHkgYW5kIGltcGxlbWVudGF0aW9uLiBFbnN1cmluZyBhIHNtb290aCB0cmFuc2l0aW9uIG9mIHNwYWNlcy48YnI+V2Ugb2ZmZXIgaGlnaC1xdWFsaXR5LCB0YWlsb3ItbWFkZSBzb2x1dGlvbnMgdGhhdCBibGVuZCBmdW5jdGlvbmFsaXR5IGFuZCBiZWF1dHksIGZyb20gb2ZmaWNlIGZ1cm5pc2hpbmdzIHRvIGhvbWUgaW50ZXJpb3JzLjxicj5XZSBlbnN1cmUgdGhhdCBvdXIgY2xpZW50cyBiZW5lZml0IGZyb20gcmVsaWFibGUsIGVmZmljaWVudCBhbmQgc2VjdXJlIGVudmlyb25tZW50cyB0aGF0IGluY3JlYXNlIHRoZSB2YWx1ZSBvZiB0aGVpciBhc3NldHMgb3ZlciB0aW1lLiBCeSBwcm92aWRpbmcgaW50ZWdyYXRlZCBjb25zdHJ1Y3Rpb24sIHV0aWxpdHkgYW5kIG1haW50ZW5hbmNlIHNlcnZpY2VzLjwvcD4KPCEtLSAvd3A6cGFyYWdyYXBoIC0tPg==',1),
(314,25,0,'2025-05-18 15:36:45','excerpt','','base64',1,'','',1),
(315,26,0,'2025-05-18 15:39:01','original_id','','',0,'580','',0),
(316,26,0,'2025-05-18 15:39:01','title','','base64',1,'TGlzdGluZyBHcmlkIOKAlCBBbGwgUHJvamVjdHM=','TGlzdGluZyBHcmlkIOKAlCBBbGwgUHJvamVjdHMgLSBFbmdsaXNo',1),
(317,26,0,'2025-05-18 15:39:01','body','','base64',1,'','',0),
(318,26,0,'2025-05-18 15:39:01','excerpt','','base64',1,'','',0),
(319,27,0,'2025-05-18 15:39:19','original_id','','',0,'447','',1),
(320,27,0,'2025-05-18 15:39:19','title','','base64',1,'TGlzdGluZyBHcmlkIOKAlCBBbGwgVGVhbQ==','TGlzdGluZyBHcmlkIOKAlCBBbGwgVGVhbSAtIEVuZ2xpc2g=',1),
(321,27,0,'2025-05-18 15:39:19','body','','base64',1,'PGltZyB3aWR0aD0iMzUwIiBoZWlnaHQ9IjM1MCIgc3JjPSJodHRwczovL3d3dy50YWhjb250cmFjdGluZy5jb20vd3AtY29udGVudC91cGxvYWRzLzIwMjUvMDQvQXZhdGFyLVVzZXIud2VicCIgYWx0PSJBdmF0YXIgLSBVc2VyIiBkZWNvZGluZz0iYXN5bmMiIHNyY3NldD0iaHR0cHM6Ly93d3cudGFoY29udHJhY3RpbmcuY29tL3dwLWNvbnRlbnQvdXBsb2Fkcy8yMDI1LzA0L0F2YXRhci1Vc2VyLndlYnAgMzUwdywgaHR0cHM6Ly93d3cudGFoY29udHJhY3RpbmcuY29tL3dwLWNvbnRlbnQvdXBsb2Fkcy8yMDI1LzA0L0F2YXRhci1Vc2VyLTMwMHgzMDAud2VicCAzMDB3LCBodHRwczovL3d3dy50YWhjb250cmFjdGluZy5jb20vd3AtY29udGVudC91cGxvYWRzLzIwMjUvMDQvQXZhdGFyLVVzZXItMTUweDE1MC53ZWJwIDE1MHciIHNpemVzPSIobWF4LXdpZHRoOiAzNTBweCkgMTAwdncsIDM1MHB4IiBsb2FkaW5nPSJlYWdlciIgLz4=','PGltZyB3aWR0aD0iMzUwIiBoZWlnaHQ9IjM1MCIgc3JjPSJodHRwczovL3d3dy50YWhjb250cmFjdGluZy5jb20vd3AtY29udGVudC91cGxvYWRzLzIwMjUvMDQvQXZhdGFyLVVzZXIud2VicCIgYWx0PSJBdmF0YXIgLSBVc2VyIiBkZWNvZGluZz0iYXN5bmMiIHNyY3NldD0iaHR0cHM6Ly93d3cudGFoY29udHJhY3RpbmcuY29tL3dwLWNvbnRlbnQvdXBsb2Fkcy8yMDI1LzA0L0F2YXRhci1Vc2VyLndlYnAgMzUwdywgaHR0cHM6Ly93d3cudGFoY29udHJhY3RpbmcuY29tL3dwLWNvbnRlbnQvdXBsb2Fkcy8yMDI1LzA0L0F2YXRhci1Vc2VyLTMwMHgzMDAud2VicCAzMDB3LCBodHRwczovL3d3dy50YWhjb250cmFjdGluZy5jb20vd3AtY29udGVudC91cGxvYWRzLzIwMjUvMDQvQXZhdGFyLVVzZXItMTUweDE1MC53ZWJwIDE1MHciIHNpemVzPSIobWF4LXdpZHRoOiAzNTBweCkgMTAwdncsIDM1MHB4IiBsb2FkaW5nPSJlYWdlciIgLz4=',1),
(322,27,0,'2025-05-18 15:39:19','excerpt','','base64',1,'','',1),
(323,28,0,'2025-05-18 15:39:40','original_id','','',0,'369','',1),
(324,28,0,'2025-05-18 15:39:40','title','','base64',1,'TGlzdGluZyBHcmlkIOKAlCBBbGwgIFNlcnZpY2Vz','TGlzdGluZyBHcmlkIOKAlCBBbGwgU2VydmljZXMgLSBFbmdsaXNo',1),
(325,28,0,'2025-05-18 15:39:40','body','','base64',1,'TGlzdGluZyBHcmlkIOKAlCBBbGwgIFNlcnZpY2VzCQkJCQoJCQkJCTxhIGhyZWY9IiMiPgoJCQkJCQkJCQnYudix2LYg2KrZgdin2LXZitmEINin2YTYrtiv2YXYqQoJCQkJCTwvYT4=','TGlzdGluZyBHcmlkIOKAlCBBbGwgU2VydmljZXMgLSBFbmdsaXNoCQkJCQoJCQkJCTxhIGhyZWY9IiMiPgoJCQkJCQkJCQlWaWV3IERldGFpbHMKCQkJCQk8L2E+',1),
(326,28,0,'2025-05-18 15:39:40','excerpt','','base64',1,'','',1),
(352,30,0,'2025-05-18 15:56:49','original_id','','',0,'495','',1),
(353,30,0,'2025-05-18 15:56:49','title','','base64',1,'Q29udGFjdCBGb3Jt','Q29udGFjdCBGb3JtIC0gRW5nbGlzaA==',1),
(354,30,0,'2025-05-18 15:56:49','body','','base64',0,'PCEtLSB3cDpjb2x1bW5zIC0tPgo8ZGl2IGNsYXNzPSJ3cC1ibG9jay1jb2x1bW5zIj48IS0tIHdwOmNvbHVtbiAtLT4KPGRpdiBjbGFzcz0id3AtYmxvY2stY29sdW1uIj48IS0tIHdwOmpldC1mb3Jtcy90ZXh0LWZpZWxkIHsibmFtZSI6ImZpcnN0X25hbWUiLCJwbGFjZWhvbGRlciI6Itin2YTYpdiz2YUg2KfZhNij2YjZhCJ9IC8tLT4KCjwhLS0gd3A6amV0LWZvcm1zL3RleHQtZmllbGQgeyJmaWVsZF90eXBlIjoiZW1haWwiLCJuYW1lIjoiZW1haWwiLCJwbGFjZWhvbGRlciI6Itij2K/YrtmEINio2LHZitiv2YMg2KfZhNil2YTZg9iq2LHZiNmG2YoifSAvLS0+PC9kaXY+CjwhLS0gL3dwOmNvbHVtbiAtLT4KCjwhLS0gd3A6Y29sdW1uIC0tPgo8ZGl2IGNsYXNzPSJ3cC1ibG9jay1jb2x1bW4iPjwhLS0gd3A6amV0LWZvcm1zL3RleHQtZmllbGQgeyJuYW1lIjoibGFzdF9uYW1lIiwicGxhY2Vob2xkZXIiOiLYp9mE2KXYs9mFINin2YTYo9iu2YrYsSJ9IC8tLT4KCjwhLS0gd3A6amV0LWZvcm1zL3RleHQtZmllbGQgeyJmaWVsZF90eXBlIjoidGVsIiwiZW5hYmxlX2lucHV0X21hc2siOnRydWUsImlucHV0X21hc2siOiIoOTk5KSA5OTktOTk5OSIsIm1hc2tfdmlzaWJpbGl0eSI6ImZvY3VzIiwibmFtZSI6InBob25lIiwicGxhY2Vob2xkZXIiOiLYo9iv2K7ZhCDYsdmC2YUg2YfYp9iq2YHZgyJ9IC8tLT48L2Rpdj4KPCEtLSAvd3A6Y29sdW1uIC0tPjwvZGl2Pgo8IS0tIC93cDpjb2x1bW5zIC0tPgoKPCEtLSB3cDpqZXQtZm9ybXMvdGV4dGFyZWEtZmllbGQgeyJuYW1lIjoibWVzc2FnZSIsInBsYWNlaG9sZGVyIjoi2KrZgdin2LXZitmEINin2YTYt9mE2KguLi4uIn0gLy0tPgoKPCEtLSB3cDpqZXQtZm9ybXMvc3VibWl0LWZpZWxkIHsibGFiZWwiOiLYo9ix2LPZhCDYp9mE2KLZhiJ9IC8tLT4=','PCEtLSB3cDpjb2x1bW5zIC0tPgo8ZGl2IGNsYXNzPSJ3cC1ibG9jay1jb2x1bW5zIj48IS0tIHdwOmNvbHVtbiAtLT4KPGRpdiBjbGFzcz0id3AtYmxvY2stY29sdW1uIj48IS0tIHdwOmpldC1mb3Jtcy90ZXh0LWZpZWxkIHsibmFtZSI6ImZpcnN0X25hbWUiLCJwbGFjZWhvbGRlciI6IkZpcnN0IE5hbWUifSAvLS0+Cgo8IS0tIHdwOmpldC1mb3Jtcy90ZXh0LWZpZWxkIHsiZmllbGRfdHlwZSI6ImVtYWlsIiwibmFtZSI6ImVtYWlsIiwicGxhY2Vob2xkZXIiOiJFLW1haWwgQWRkcmVzcyJ9IC8tLT48L2Rpdj4KPCEtLSAvd3A6Y29sdW1uIC0tPgoKPCEtLSB3cDpjb2x1bW4gLS0+CjxkaXYgY2xhc3M9IndwLWJsb2NrLWNvbHVtbiI+PCEtLSB3cDpqZXQtZm9ybXMvdGV4dC1maWVsZCB7Im5hbWUiOiJsYXN0X25hbWUiLCJwbGFjZWhvbGRlciI6Ikxhc3QgTmFtZSJ9IC8tLT4KCjwhLS0gd3A6amV0LWZvcm1zL3RleHQtZmllbGQgeyJmaWVsZF90eXBlIjoidGVsIiwiZW5hYmxlX2lucHV0X21hc2siOnRydWUsImlucHV0X21hc2siOiIoOTk5KSA5OTktOTk5OSIsIm1hc2tfdmlzaWJpbGl0eSI6ImZvY3VzIiwibmFtZSI6InBob25lIiwicGxhY2Vob2xkZXIiOiJQaG9uZSBOdW1iZXIifSAvLS0+PC9kaXY+CjwhLS0gL3dwOmNvbHVtbiAtLT48L2Rpdj4KPCEtLSAvd3A6Y29sdW1ucyAtLT4KCjwhLS0gd3A6amV0LWZvcm1zL3RleHRhcmVhLWZpZWxkIHsibmFtZSI6Im1lc3NhZ2UiLCJwbGFjZWhvbGRlciI6Ik1lc3NhZ2UuLi4ifSAvLS0+Cgo8IS0tIHdwOmpldC1mb3Jtcy9zdWJtaXQtZmllbGQgeyJsYWJlbCI6IlNlbmQgTm93In0gLy0tPg==',1),
(355,30,0,'2025-05-18 15:56:49','excerpt','','base64',1,'','',1),
(356,31,0,'2025-05-18 15:58:54','original_id','','',0,'73','',1),
(357,31,0,'2025-05-18 15:58:54','title','','base64',1,'Rm9vdGVyIC0gVjE=','Rm9vdGVyIC0gVjEgLSBFbmdsaXNo',1),
(358,31,0,'2025-05-18 15:58:54','body','','base64',0,'[encoded data, 5216 characters]','[encoded data, 5036 characters]',1),
(359,31,0,'2025-05-18 15:58:54','excerpt','','base64',1,'','',1),
(360,31,0,'2025-05-18 15:58:54','package-string-12-203','','base64',1,'PHA+2YbYrdmGINmG2KrYudin2YXZhCDZhdi5INmD2YQg2YXYtNix2YjYuSDYqNi52YLZhNmK2Kkg2YXZiNis2YfYqSDZhtit2Ygg2KfZhNit2YTZiNmE2Iwg2YjZhtiq2YjZgti5INin2YTYqtit2K/Zitin2Kog2YjZhtmC2K/ZhSDZhdinINmK2YHZiNmCINin2YTYqtmI2YLYudin2KouPC9wPg==','PHA+V2UgYXBwcm9hY2ggZXZlcnkgcHJvamVjdCB3aXRoIGEgc29sdXRpb24tb3JpZW50ZWQgbWluZHNldCwgV2UgYW50aWNpcGF0ZSBjaGFsbGVuZ2VzIGFuZCBleGNlZWQgZXhwZWN0YXRpb25zLjwvcD4=',1),
(361,31,0,'2025-05-18 15:58:54','package-string-12-204','h2','base64',1,'4oCUINix2YjYp9io2Lcg2YXZh9mF2Kk=','4oCUIEltcG9ydGFudCBsaW5rcw==',1),
(362,31,0,'2025-05-18 15:58:54','package-string-12-205','span','base64',1,'2YXZhiDZhtit2YY=','QWJvdXQgdXM=',1),
(363,31,0,'2025-05-18 15:58:54','package-string-12-207','span','base64',1,'2K7Yr9mF2KfYqtmG2Kc=','T3VyIHNlcnZpY2Vz',1),
(364,31,0,'2025-05-18 15:58:54','package-string-12-209','span','base64',1,'2YHYsdmK2YIg2KfZhNi52YXZhA==','T3VyIFRlYW0=',1),
(365,31,0,'2025-05-18 15:58:54','package-string-12-211','span','base64',1,'2YXYtNin2LHZiti52YbYpw==','T3VyIHByb2plY3Rz',1),
(366,31,0,'2025-05-18 15:58:54','package-string-12-213','h2','base64',1,'4oCUINmF2LnZhNmI2YXYp9iqINin2YTYqtmI2KfYtdmE','4oCUIENvbnRhY3QgaW5mb3JtYXRpb24=',1),
(367,31,0,'2025-05-18 15:58:54','package-string-12-214','span','base64',1,'2KfZhNio2LHZitivINin2YTYpdmE2YPYqtix2YjZhtmKOiBpbmZvQHRhaGNvbnRyYWN0aW5nLmNvbQ==','RS1tYWlsOiBpbmZvQHRhaGNvbnRyYWN0aW5nLmNvbQ==',1),
(368,31,0,'2025-05-18 15:58:54','package-string-12-215','span','base64',1,'bWFpbHRvOmluZm9AdGFoY29udHJhY3RpbmcuY29t','bWFpbHRvOmluZm9AdGFoY29udHJhY3RpbmcuY29t',1),
(369,31,0,'2025-05-18 15:58:54','package-string-12-216','span','base64',1,'2LHZgtmFINin2YTYrNmI2KfZhDogOTY2NTkyOTE4Njcz4oCsKw==','UGhvbmUgTnVtYmVyOiArOTY2NTkyOTE4Njcz4oCs',1),
(370,31,0,'2025-05-18 15:58:54','package-string-12-217','span','base64',1,'dGVsOis5NjY1OTI5MTg2NzPigKw=','dGVsOis5NjY1OTI5MTg2NzPigKw=',1),
(371,31,0,'2025-05-18 15:58:54','package-string-12-218','p','base64',1,'wqkg2KzZhdmK2Lkg2KfZhNit2YLZiNmCINmF2K3ZgdmI2LjYqSAtINiq2YPYp9iq2YEg2KfZhNmH2YXZhSDZhNmE2YXZgtin2YjZhNin2KogMjAyNQ==','wqkgQWxsIHJpZ2h0cyByZXNlcnZlZCAtIFRha2F0dWYgQWwtSGltbSBDb250cmFjdGluZyAyMDI1',1),
(372,32,0,'2025-05-18 16:01:02','original_id','','',0,'59','',1),
(373,32,0,'2025-05-18 16:01:02','title','','base64',1,'SGVhZGVyIC0gVjE=','SGVhZGVyIC0gVjEgLSBFbmdsaXNo',1),
(374,32,0,'2025-05-18 16:01:02','body','','base64',0,'PGEgaHJlZj0iaHR0cHM6Ly93d3cudGFoY29udHJhY3RpbmcuY29tLyI+PGltZyBzcmM9Imh0dHBzOi8vd3d3LnRhaGNvbnRyYWN0aW5nLmNvbS93cC1jb250ZW50L3VwbG9hZHMvMjAyNS8wNC9sb2dvX3RhaF9lc3RhYmxpc2gud2VicCIgYWx0PSLZhdik2LPYs9ipINiq2YPYp9iq2YEg2KfZhNmH2YXZhSDZhNmE2YXZgtin2YjZhNin2KoiIHdpZHRoPSIxNDAzIiBoZWlnaHQ9Ijk4NyI+PC9hPgoJCQkJCTxuYXYgZGF0YS1tb2JpbGUtdHJpZ2dlci1kZXZpY2U9Im1vYmlsZSIgZGF0YS1tb2JpbGUtbGF5b3V0PSJyaWdodC1zaWRlIj4KCTxzdmcgeG1sbnM9Imh0dHA6Ly93d3cudzMub3JnLzIwMDAvc3ZnIiBpZD0iTGF5ZXJfMSIgZGF0YS1uYW1lPSJMYXllciAxIiB2aWV3Qm94PSIwIDAgMjQgMjQiIHdpZHRoPSI1MTIiIGhlaWdodD0iNTEyIj48cGF0aCBkPSJNMjQsMnYySDBWMkgyNFpNMCwyMkg4di0ySDB2MlpNMCwxM0gxNnYtMkgwdjJaIj48L3BhdGg+PC9zdmc+CTxzdmcgeG1sbnM9Imh0dHA6Ly93d3cudzMub3JnLzIwMDAvc3ZnIiB2aWV3Qm94PSIwIDAgMjQgMjQiIHdpZHRoPSI1MTIiIGhlaWdodD0iNTEyIj48ZyBpZD0iXzAxX2FsaWduX2NlbnRlciIgZGF0YS1uYW1lPSIwMSBhbGlnbiBjZW50ZXIiPjxwb2x5Z29uIHBvaW50cz0iMTguNzA3IDYuNzA3IDE3LjI5MyA1LjI5MyAxMiAxMC41ODYgNi43MDcgNS4yOTMgNS4yOTMgNi43MDcgMTAuNTg2IDEyIDUuMjkzIDE3LjI5MyA2LjcwNyAxOC43MDcgMTIgMTMuNDE0IDE3LjI5MyAxOC43MDcgMTguNzA3IDE3LjI5MyAxMy40MTQgMTIgMTguNzA3IDYuNzA3Ij48L3BvbHlnb24+PC9nPjwvc3ZnPjxhIGhyZWY9Imh0dHBzOi8vd3d3LnRhaGNvbnRyYWN0aW5nLmNvbS9ob21lLyI+2KfZhNix2KbZitiz2YrYqTwvYT4KPGEgaHJlZj0iaHR0cHM6Ly93d3cudGFoY29udHJhY3RpbmcuY29tL2Fib3V0LXVzLyI+2YXZhiDZhtit2YY8L2E+CjxhIGhyZWY9Imh0dHBzOi8vd3d3LnRhaGNvbnRyYWN0aW5nLmNvbS9vdXItc2VydmljZXMvIj7Yrtiv2YXYp9iq2YbYpzwvYT4KPGEgaHJlZj0iaHR0cHM6Ly93d3cudGFoY29udHJhY3RpbmcuY29tL291ci10ZWFtLyI+2YHYsdmK2YIg2KfZhNi52YXZhDwvYT4KPGEgaHJlZj0iaHR0cHM6Ly93d3cudGFoY29udHJhY3RpbmcuY29tL291ci1wcm9qZWN0cy8iPtij2LnZhdin2YTZhtinPC9hPgo8YSBocmVmPSJodHRwczovL3d3dy50YWhjb250cmFjdGluZy5jb20vY29udGFjdC11cy8iPtiq2YjYp9i12YQg2YXYudmG2Kc8L2E+CjxzdmcgeG1sbnM9Imh0dHA6Ly93d3cudzMub3JnLzIwMDAvc3ZnIiB2aWV3Qm94PSIwIDAgMjQgMjQiIHdpZHRoPSI1MTIiIGhlaWdodD0iNTEyIj48ZyBpZD0iXzAxX2FsaWduX2NlbnRlciIgZGF0YS1uYW1lPSIwMSBhbGlnbiBjZW50ZXIiPjxwb2x5Z29uIHBvaW50cz0iMTguNzA3IDYuNzA3IDE3LjI5MyA1LjI5MyAxMiAxMC41ODYgNi43MDcgNS4yOTMgNS4yOTMgNi43MDcgMTAuNTg2IDEyIDUuMjkzIDE3LjI5MyA2LjcwNyAxOC43MDcgMTIgMTMuNDE0IDE3LjI5MyAxOC43MDcgMTguNzA3IDE3LjI5MyAxMy40MTQgMTIgMTguNzA3IDYuNzA3Ij48L3BvbHlnb24+PC9nPjwvc3ZnPjwvbmF2PgkJCQkKCQkJCQk8YSBocmVmPSJodHRwczovL3d3dy50YWhjb250cmFjdGluZy5jb20vY29udGFjdC11cy8iPgoJCQkJPHN2ZyB4bWxucz0iaHR0cDovL3d3dy53My5vcmcvMjAwMC9zdmciIGlkPSJMYXllcl8xIiBkYXRhLW5hbWU9IkxheWVyIDEiIHZpZXdCb3g9IjAgMCAyNCAyNCIgd2lkdGg9IjUxMiIgaGVpZ2h0PSI1MTIiPjxwYXRoIGQ9Ik0xOCw4LjVhMi41LDIuNSwwLDAsMS01LDBBMi41LDIuNSwwLDAsMSwxOCw4LjVabS0uMDA2LDYuODY2YTExLjA2NSwxMS4wNjUsMCwwLDEtMS4xNjMsNC41NjlBNy42MzQsNy42MzQsMCwwLDEsMTAsMjRIOVYxOC41QTMuNTE3LDMuNTE3LDAsMCwwLDUuNSwxNUgwVjE0QTcuNjM0LDcuNjM0LDAsMCwxLDQuMDY1LDcuMTY5LDExLjA2NSwxMS4wNjUsMCwwLDEsOC42MzQsNi4wMDYsMTUuNDg3LDE1LjQ4NywwLDAsMSwyMC45NzIsMGgwQTMuMDA5LDMuMDA5LDAsMCwxLDI0LDMsMTUuNTA3LDE1LjUwNywwLDAsMSwxNy45OTQsMTUuMzY2Wk0yLjA4NCwxM0g0LjM0NkEzNC4zNjEsMzQuMzYxLDAsMCwxLDYuOTU1LDguMjM3YTguOTkzLDguOTkzLDAsMCwwLTEuOTkzLjcyQTUuNTE5LDUuNTE5LDAsMCwwLDIuMDg0LDEzWm0xMy42NzksNC4wNDVBMzQuMzYxLDM0LjM2MSwwLDAsMSwxMSwxOS42NTR2Mi4yNjJhNS41MTksNS41MTksMCwwLDAsNC4wNDMtMi44NzhBOC45OTMsOC45OTMsMCwwLDAsMTUuNzYzLDE3LjA0NVpNMjIsMi45NzJBMSwxLDAsMCwwLDIxLDJjLTUuMTYuMTQ3LTguNjUsMi4xMjQtMTIuMDE4LDYuODIyYTI5LjkyLDI5LjkyLDAsMCwwLTIuNDcxLDQuMjcxLDUuNSw1LjUsMCwwLDEsNC40LDQuNCwyOS45MiwyOS45MiwwLDAsMCw0LjI3MS0yLjQ3MUMxOS44NzYsMTEuNjUsMjEuODUzLDguMTYsMjIsMi45NzJaTTYuMTIyLDE3Ljg3OWEzLjAxNSwzLjAxNSwwLDAsMSwwLDQuMjQyYy0uOTA3LjkwNi0zLjYyMiwxLjQ2NS00Ljc0OCwxLjY2NGwtMS40MDYuMjQ3LjI0Ny0xLjQwNmMuMi0xLjEyNi43NTgtMy44NDEsMS42NjQtNC43NDhBMy4wNzMsMy4wNzMsMCwwLDEsNi4xMjIsMTcuODc5Wk01LDIwYS45OTMuOTkzLDAsMCwwLS4yOTMtLjcwNywxLDEsMCwwLDAtMS40MTQsMEE3LjMxOCw3LjMxOCwwLDAsMCwyLjUsMjEuNWE3LjM0Miw3LjM0MiwwLDAsMCwyLjIwOC0uNzk0QS45OTMuOTkzLDAsMCwwLDUsMjBaIj48L3BhdGg+PC9zdmc+CQkJCgkJCQkJCQkJCdin2KjYr9ijINmF2LTYsdmI2LnZgwoJCQkJCTwvYT4=','PGEgaHJlZj0iaHR0cHM6Ly93d3cudGFoY29udHJhY3RpbmcuY29tLyI+PGltZyBzcmM9Imh0dHBzOi8vd3d3LnRhaGNvbnRyYWN0aW5nLmNvbS93cC1jb250ZW50L3VwbG9hZHMvMjAyNS8wNC9sb2dvX3RhaF9lc3RhYmxpc2gud2VicCIgYWx0PSJUYWthdHVmIEFsLUhpbW0gQ29udHJhY3RpbmcgRXN0YWJsaXNobWVudCIgd2lkdGg9IjE0MDMiIGhlaWdodD0iOTg3Ij48L2E+CgkJCQkJPG5hdiBkYXRhLW1vYmlsZS10cmlnZ2VyLWRldmljZT0ibW9iaWxlIiBkYXRhLW1vYmlsZS1sYXlvdXQ9InJpZ2h0LXNpZGUiPgoJPHN2ZyB4bWxucz0iaHR0cDovL3d3dy53My5vcmcvMjAwMC9zdmciIGlkPSJMYXllcl8xIiBkYXRhLW5hbWU9IkxheWVyIDEiIHZpZXdCb3g9IjAgMCAyNCAyNCIgd2lkdGg9IjUxMiIgaGVpZ2h0PSI1MTIiPjxwYXRoIGQ9Ik0yNCwydjJIMFYySDI0Wk0wLDIySDh2LTJIMHYyWk0wLDEzSDE2di0ySDB2MloiPjwvcGF0aD48L3N2Zz4JPHN2ZyB4bWxucz0iaHR0cDovL3d3dy53My5vcmcvMjAwMC9zdmciIHZpZXdCb3g9IjAgMCAyNCAyNCIgd2lkdGg9IjUxMiIgaGVpZ2h0PSI1MTIiPjxnIGlkPSJfMDFfYWxpZ25fY2VudGVyIiBkYXRhLW5hbWU9IjAxIGFsaWduIGNlbnRlciI+PHBvbHlnb24gcG9pbnRzPSIxOC43MDcgNi43MDcgMTcuMjkzIDUuMjkzIDEyIDEwLjU4NiA2LjcwNyA1LjI5MyA1LjI5MyA2LjcwNyAxMC41ODYgMTIgNS4yOTMgMTcuMjkzIDYuNzA3IDE4LjcwNyAxMiAxMy40MTQgMTcuMjkzIDE4LjcwNyAxOC43MDcgMTcuMjkzIDEzLjQxNCAxMiAxOC43MDcgNi43MDciPjwvcG9seWdvbj48L2c+PC9zdmc+PGEgaHJlZj0iaHR0cHM6Ly93d3cudGFoY29udHJhY3RpbmcuY29tL2VuLyI+SG9tZTwvYT4KPGEgaHJlZj0iaHR0cHM6Ly93d3cudGFoY29udHJhY3RpbmcuY29tL2VuL2Fib3V0LXVzLyI+QWJvdXQgdXM8L2E+CjxhIGhyZWY9Imh0dHBzOi8vd3d3LnRhaGNvbnRyYWN0aW5nLmNvbS9lbi9vdXItc2VydmljZXMvIj5PdXIgc2VydmljZXM8L2E+CjxhIGhyZWY9Imh0dHBzOi8vd3d3LnRhaGNvbnRyYWN0aW5nLmNvbS9lbi9vdXItcHJvamVjdHMvIj5PdXIgUHJvamVjdHM8L2E+CjxhIGhyZWY9Imh0dHBzOi8vd3d3LnRhaGNvbnRyYWN0aW5nLmNvbS9lbi9vdXItdGVhbS8iPk91ciBUZWFtPC9hPgo8YSBocmVmPSJodHRwczovL3d3dy50YWhjb250cmFjdGluZy5jb20vZW4vY29udGFjdC11cy8iPkNvbnRhY3QgdXM8L2E+CjxzdmcgeG1sbnM9Imh0dHA6Ly93d3cudzMub3JnLzIwMDAvc3ZnIiB2aWV3Qm94PSIwIDAgMjQgMjQiIHdpZHRoPSI1MTIiIGhlaWdodD0iNTEyIj48ZyBpZD0iXzAxX2FsaWduX2NlbnRlciIgZGF0YS1uYW1lPSIwMSBhbGlnbiBjZW50ZXIiPjxwb2x5Z29uIHBvaW50cz0iMTguNzA3IDYuNzA3IDE3LjI5MyA1LjI5MyAxMiAxMC41ODYgNi43MDcgNS4yOTMgNS4yOTMgNi43MDcgMTAuNTg2IDEyIDUuMjkzIDE3LjI5MyA2LjcwNyAxOC43MDcgMTIgMTMuNDE0IDE3LjI5MyAxOC43MDcgMTguNzA3IDE3LjI5MyAxMy40MTQgMTIgMTguNzA3IDYuNzA3Ij48L3BvbHlnb24+PC9nPjwvc3ZnPjwvbmF2PgkJCQkKCQkJCQk8YSBocmVmPSJodHRwczovL3d3dy50YWhjb250cmFjdGluZy5jb20vZW4vY29udGFjdC11cy8iPgoJCQkJPHN2ZyB4bWxucz0iaHR0cDovL3d3dy53My5vcmcvMjAwMC9zdmciIGlkPSJMYXllcl8xIiBkYXRhLW5hbWU9IkxheWVyIDEiIHZpZXdCb3g9IjAgMCAyNCAyNCIgd2lkdGg9IjUxMiIgaGVpZ2h0PSI1MTIiPjxwYXRoIGQ9Ik0xOCw4LjVhMi41LDIuNSwwLDAsMS01LDBBMi41LDIuNSwwLDAsMSwxOCw4LjVabS0uMDA2LDYuODY2YTExLjA2NSwxMS4wNjUsMCwwLDEtMS4xNjMsNC41NjlBNy42MzQsNy42MzQsMCwwLDEsMTAsMjRIOVYxOC41QTMuNTE3LDMuNTE3LDAsMCwwLDUuNSwxNUgwVjE0QTcuNjM0LDcuNjM0LDAsMCwxLDQuMDY1LDcuMTY5LDExLjA2NSwxMS4wNjUsMCwwLDEsOC42MzQsNi4wMDYsMTUuNDg3LDE1LjQ4NywwLDAsMSwyMC45NzIsMGgwQTMuMDA5LDMuMDA5LDAsMCwxLDI0LDMsMTUuNTA3LDE1LjUwNywwLDAsMSwxNy45OTQsMTUuMzY2Wk0yLjA4NCwxM0g0LjM0NkEzNC4zNjEsMzQuMzYxLDAsMCwxLDYuOTU1LDguMjM3YTguOTkzLDguOTkzLDAsMCwwLTEuOTkzLjcyQTUuNTE5LDUuNTE5LDAsMCwwLDIuMDg0LDEzWm0xMy42NzksNC4wNDVBMzQuMzYxLDM0LjM2MSwwLDAsMSwxMSwxOS42NTR2Mi4yNjJhNS41MTksNS41MTksMCwwLDAsNC4wNDMtMi44NzhBOC45OTMsOC45OTMsMCwwLDAsMTUuNzYzLDE3LjA0NVpNMjIsMi45NzJBMSwxLDAsMCwwLDIxLDJjLTUuMTYuMTQ3LTguNjUsMi4xMjQtMTIuMDE4LDYuODIyYTI5LjkyLDI5LjkyLDAsMCwwLTIuNDcxLDQuMjcxLDUuNSw1LjUsMCwwLDEsNC40LDQuNCwyOS45MiwyOS45MiwwLDAsMCw0LjI3MS0yLjQ3MUMxOS44NzYsMTEuNjUsMjEuODUzLDguMTYsMjIsMi45NzJaTTYuMTIyLDE3Ljg3OWEzLjAxNSwzLjAxNSwwLDAsMSwwLDQuMjQyYy0uOTA3LjkwNi0zLjYyMiwxLjQ2NS00Ljc0OCwxLjY2NGwtMS40MDYuMjQ3LjI0Ny0xLjQwNmMuMi0xLjEyNi43NTgtMy44NDEsMS42NjQtNC43NDhBMy4wNzMsMy4wNzMsMCwwLDEsNi4xMjIsMTcuODc5Wk01LDIwYS45OTMuOTkzLDAsMCwwLS4yOTMtLjcwNywxLDEsMCwwLDAtMS40MTQsMEE3LjMxOCw3LjMxOCwwLDAsMCwyLjUsMjEuNWE3LjM0Miw3LjM0MiwwLDAsMCwyLjIwOC0uNzk0QS45OTMuOTkzLDAsMCwwLDUsMjBaIj48L3BhdGg+PC9zdmc+CQkJCgkJCQkJCQkJCVN0YXJ0IFByb2plY3QKCQkJCQk8L2E+',1),
(375,32,0,'2025-05-18 16:01:02','excerpt','','base64',1,'','',1),
(376,32,0,'2025-05-18 16:01:02','package-string-13-219','','base64',1,'2KfYqNiv2KMg2YXYtNix2YjYudmD','U3RhcnQgUHJvamVjdA==',1),
(377,33,0,'2025-05-18 22:16:36','field-_s_placeholder-0','','base64',1,'U2VhcmNoLi4u','U2VhcmNoLi4u',1),
(378,33,0,'2025-05-18 22:16:36','field-_s_placeholder-0-name','','',0,'_s_placeholder-0','_s_placeholder-0',1),
(379,33,0,'2025-05-18 22:16:36','field-_s_placeholder-0-type','','',0,'custom_field','custom_field',1),
(380,33,0,'2025-05-18 22:16:36','original_id','','',0,'1270','1271',1),
(381,33,0,'2025-05-18 22:16:36','title','','base64',1,'RmlsdGVyIC0gU3dpdGNoZXIgUXVlcnk=','RmlsdGVyIC0gU3dpdGNoZXIgUXVlcnkgLSBFbmdsaXNo',1),
(382,33,0,'2025-05-18 22:16:36','body','','base64',1,'','',1),
(383,33,0,'2025-05-18 22:16:36','excerpt','','base64',1,'','',1),
(384,34,0,'2025-05-18 22:24:18','field-_s_placeholder-0','','base64',1,'U2VhcmNoLi4u','U2VhcmNoLi4u',1),
(385,34,0,'2025-05-18 22:24:18','field-_s_placeholder-0-name','','',0,'_s_placeholder-0','',1),
(386,34,0,'2025-05-18 22:24:18','field-_s_placeholder-0-type','','',0,'custom_field','',1),
(387,34,0,'2025-05-18 22:24:18','original_id','','',0,'570','',1),
(388,34,0,'2025-05-18 22:24:18','title','','base64',1,'RmlsdGVyIC0gU3dpdGNoZXIgUXVlcnk=','RmlsdGVyIC0gU3dpdGNoZXIgUXVlcnkgLSBFbmdsaXNoIExhbmd1YWdl',1),
(389,34,0,'2025-05-18 22:24:18','body','','base64',1,'','',1),
(390,34,0,'2025-05-18 22:24:18','excerpt','','base64',1,'','',1);

--
-- Table structure for table `wp7s_icl_translate_job`
--

CREATE TABLE `wp7s_icl_translate_job` (
  `job_id` bigint(20) unsigned NOT NULL AUTO_INCREMENT,
  `rid` bigint(20) unsigned NOT NULL,
  `translator_id` int(10) unsigned NOT NULL,
  `translated` tinyint(3) unsigned NOT NULL DEFAULT 0,
  `manager_id` int(10) unsigned NOT NULL,
  `revision` int(10) unsigned DEFAULT NULL,
  `title` varchar(160) DEFAULT NULL,
  `deadline_date` datetime DEFAULT NULL,
  `completed_date` datetime DEFAULT NULL,
  `editor` varchar(16) DEFAULT NULL,
  `editor_job_id` bigint(20) unsigned DEFAULT NULL,
  `edit_timestamp` int(11) unsigned DEFAULT NULL,
  `automatic` tinyint(3) unsigned NOT NULL DEFAULT 0,
  `ate_sync_count` int(6) unsigned DEFAULT 0,
  PRIMARY KEY (`job_id`),
  KEY `rid` (`rid`,`translator_id`)
) ENGINE=InnoDB AUTO_INCREMENT=35 DEFAULT CHARSET=utf8mb4 COLLATE=utf8mb4_unicode_520_ci;

--
-- Dumping data for table `wp7s_icl_translate_job`
--

INSERT INTO `wp7s_icl_translate_job` (`job_id`, `rid`, `translator_id`, `translated`, `manager_id`, `revision`, `title`, `deadline_date`, `completed_date`, `editor`, `editor_job_id`, `edit_timestamp`, `automatic`, `ate_sync_count`) VALUES (1,82,1,1,1,NULL,'Popup — Details Service','0000-00-00 00:00:00','2025-05-18 15:41:16','wp',NULL,NULL,0,76),
(3,84,1,1,1,NULL,'Section Template — Our Message (Tab #3)','0000-00-00 00:00:00','2025-05-15 11:17:14','wp',NULL,NULL,0,9),
(4,85,1,1,1,NULL,'Section Template — Our Mission (Tab #2)','0000-00-00 00:00:00','2025-05-15 11:19:23','wp',NULL,NULL,0,10),
(5,86,1,1,1,NULL,'Section Template — Speech head administration (Tab #1)','0000-00-00 00:00:00','2025-05-15 11:23:36','wp',NULL,NULL,0,11),
(6,87,1,1,1,NULL,'قريبا','0000-00-00 00:00:00','2025-05-16 18:58:40','ate',142696831,NULL,0,28),
(7,88,1,1,1,NULL,'تواصل معنا','0000-00-00 00:00:00','2025-05-15 11:52:42','wp',NULL,NULL,0,21),
(8,89,1,1,1,NULL,'أعمالنا','0000-00-00 00:00:00','2025-05-15 11:39:51','wp',NULL,NULL,0,13),
(9,90,1,1,1,NULL,'فريق العمل','0000-00-00 00:00:00','2025-05-16 18:58:01','wp',NULL,NULL,0,27),
(10,91,1,1,1,NULL,'خدماتنا','0000-00-00 00:00:00','2025-05-15 11:56:33','wp',NULL,NULL,0,22),
(11,92,1,1,1,NULL,'من نحن','0000-00-00 00:00:00','2025-05-16 19:12:40','wp',NULL,NULL,0,29),
(12,93,1,1,1,NULL,'الرئيسية','0000-00-00 00:00:00','2025-05-16 18:52:26','wp',NULL,NULL,0,23),
(13,94,1,1,1,NULL,'Default Kit','0000-00-00 00:00:00','2025-05-15 11:16:18','wp',NULL,NULL,0,8),
(14,95,1,0,1,NULL,'Navigation','0000-00-00 00:00:00',NULL,'ate',142696839,NULL,0,319),
(15,96,1,1,1,NULL,'تنسيق الحدائق','0000-00-00 00:00:00','2025-05-18 15:27:25','ate',143067784,NULL,0,1),
(16,97,1,1,1,NULL,'تأثيث المشاريع','0000-00-00 00:00:00','2025-05-18 15:27:40','ate',143067807,NULL,0,0),
(17,98,1,1,1,NULL,'تصاميم ثري دي','0000-00-00 00:00:00','2025-05-18 15:27:57','ate',143067815,NULL,0,0),
(18,99,1,1,1,NULL,'سيف اثر','0000-00-00 00:00:00','2025-05-26 20:27:03','ate',144275550,NULL,0,0),
(19,100,1,1,1,NULL,'ناصر مالك','0000-00-00 00:00:00','2025-05-18 15:30:39','ate',143067886,NULL,0,1),
(20,101,1,1,1,NULL,'سلطان ماجد بن سلطان','0000-00-00 00:00:00','2025-05-18 15:31:14','ate',143067915,NULL,0,0),
(21,102,1,1,1,NULL,'تأثيث المشاريع','0000-00-00 00:00:00','2025-05-18 15:33:11','ate',143067957,NULL,0,0),
(22,103,1,1,1,NULL,'التجهيزات الداخلية','0000-00-00 00:00:00','2025-05-18 15:35:03','ate',143067984,NULL,0,0),
(23,104,1,1,1,NULL,'أعمال تنسيق الحدائق','0000-00-00 00:00:00','2025-05-18 15:36:01','ate',143068055,NULL,0,0),
(24,105,1,1,1,NULL,'الأعمال الميكانيكية الكهربائية','0000-00-00 00:00:00','2025-05-18 15:36:42','ate',143068097,NULL,0,0),
(25,106,1,1,1,NULL,'الإنشاءات وخدمات إدارة المرافق','0000-00-00 00:00:00','2025-05-18 15:38:38','wp',NULL,NULL,0,0),
(26,107,1,1,1,NULL,'Listing Grid — All Projects','0000-00-00 00:00:00','2025-05-18 15:39:19','ate',143068195,NULL,0,1),
(27,108,1,1,1,NULL,'Listing Grid — All Team','0000-00-00 00:00:00','2025-05-18 15:39:39','wp',NULL,NULL,0,0),
(28,109,1,1,1,NULL,'Listing Grid — All  Services','0000-00-00 00:00:00','2025-05-18 15:40:26','wp',NULL,NULL,0,1),
(30,111,1,1,1,NULL,'Contact Form','0000-00-00 00:00:00','2025-05-18 15:57:02','wp',NULL,NULL,0,0),
(31,112,1,1,1,NULL,'Footer - V1','0000-00-00 00:00:00','2025-05-18 16:00:59','wp',NULL,NULL,0,1),
(32,113,1,1,1,NULL,'Header - V1','0000-00-00 00:00:00','2025-05-18 16:01:24','wp',NULL,NULL,0,1),
(33,114,1,1,1,NULL,'Filter - Switcher Query',NULL,NULL,'wp',NULL,NULL,0,0),
(34,115,1,1,1,NULL,'Filter - Switcher Query','0000-00-00 00:00:00','2025-05-18 22:25:22','wp',NULL,NULL,0,2);

--
-- Table structure for table `wp7s_icl_translation_batches`
--

CREATE TABLE `wp7s_icl_translation_batches` (
  `id` int(11) NOT NULL AUTO_INCREMENT,
  `batch_name` text NOT NULL,
  `tp_id` int(11) DEFAULT NULL,
  `ts_url` text DEFAULT NULL,
  `last_update` datetime DEFAULT NULL,
  PRIMARY KEY (`id`)
) ENGINE=InnoDB AUTO_INCREMENT=3 DEFAULT CHARSET=utf8mb4 COLLATE=utf8mb4_unicode_520_ci;

--
-- Dumping data for table `wp7s_icl_translation_batches`
--

INSERT INTO `wp7s_icl_translation_batches` (`id`, `batch_name`, `tp_id`, `ts_url`, `last_update`) VALUES (1,'Translation-post|en-b7020ab682818211',NULL,NULL,'2025-05-15 11:13:44'),
(2,'Manual Translations from May the 18th, 2025',NULL,NULL,'2025-05-18 15:27:03');

--
-- Table structure for table `wp7s_icl_translation_downloads`
--

CREATE TABLE `wp7s_icl_translation_downloads` (
  `editor_job_id` bigint(20) unsigned NOT NULL,
  `download_url` varchar(2000) NOT NULL,
  `lock_timestamp` int(11) unsigned DEFAULT NULL,
  PRIMARY KEY (`editor_job_id`)
) ENGINE=InnoDB DEFAULT CHARSET=utf8mb4 COLLATE=utf8mb4_unicode_520_ci;

--
-- Dumping data for table `wp7s_icl_translation_downloads`
--


--
-- Table structure for table `wp7s_icl_translation_status`
--

CREATE TABLE `wp7s_icl_translation_status` (
  `rid` bigint(20) NOT NULL AUTO_INCREMENT,
  `translation_id` bigint(20) NOT NULL,
  `status` tinyint(4) NOT NULL,
  `translator_id` bigint(20) NOT NULL,
  `needs_update` tinyint(4) NOT NULL,
  `md5` varchar(32) NOT NULL,
  `translation_service` varchar(16) NOT NULL,
  `batch_id` int(11) NOT NULL DEFAULT 0,
  `translation_package` longtext NOT NULL,
  `timestamp` timestamp NOT NULL DEFAULT current_timestamp(),
  `links_fixed` tinyint(4) NOT NULL DEFAULT 0,
  `_prevstate` longtext DEFAULT NULL,
  `uuid` varchar(36) DEFAULT NULL,
  `tp_id` int(11) DEFAULT NULL,
  `tp_revision` int(11) NOT NULL DEFAULT 1,
  `ts_status` text DEFAULT NULL,
  `review_status` enum('NEEDS_REVIEW','EDITING','ACCEPTED') DEFAULT NULL,
  `ate_comm_retry_count` int(11) unsigned DEFAULT 0,
  PRIMARY KEY (`rid`),
  UNIQUE KEY `translation_id` (`translation_id`)
) ENGINE=InnoDB AUTO_INCREMENT=118 DEFAULT CHARSET=utf8mb4 COLLATE=utf8mb4_unicode_520_ci;

--
-- Dumping data for table `wp7s_icl_translation_status`
--

INSERT INTO `wp7s_icl_translation_status` (`rid`, `translation_id`, `status`, `translator_id`, `needs_update`, `md5`, `translation_service`, `batch_id`, `translation_package`, `timestamp`, `links_fixed`, `_prevstate`, `uuid`, `tp_id`, `tp_revision`, `ts_status`, `review_status`, `ate_comm_retry_count`) VALUES (1,215,9,0,0,'','',0,'','2025-05-15 11:12:39',1,NULL,NULL,NULL,1,NULL,NULL,0),
(2,216,9,0,0,'','',0,'','2025-05-15 11:12:39',1,NULL,NULL,NULL,1,NULL,NULL,0),
(3,217,9,0,0,'','',0,'','2025-05-15 11:12:39',1,NULL,NULL,NULL,1,NULL,NULL,0),
(4,218,9,0,0,'','',0,'','2025-05-15 11:12:39',1,NULL,NULL,NULL,1,NULL,NULL,0),
(5,219,9,0,0,'','',0,'','2025-05-15 11:12:39',1,NULL,NULL,NULL,1,NULL,NULL,0),
(6,220,9,0,0,'','',0,'','2025-05-15 11:12:39',1,NULL,NULL,NULL,1,NULL,NULL,0),
(7,221,9,0,0,'','',0,'','2025-05-15 11:12:39',1,NULL,NULL,NULL,1,NULL,NULL,0),
(8,222,9,0,0,'','',0,'','2025-05-15 11:12:39',1,NULL,NULL,NULL,1,NULL,NULL,0),
(9,223,9,0,0,'','',0,'','2025-05-15 11:12:39',1,NULL,NULL,NULL,1,NULL,NULL,0),
(10,224,9,0,0,'','',0,'','2025-05-15 11:12:39',1,NULL,NULL,NULL,1,NULL,NULL,0),
(11,225,9,0,0,'','',0,'','2025-05-15 11:12:39',1,NULL,NULL,NULL,1,NULL,NULL,0),
(12,226,9,0,0,'','',0,'','2025-05-15 11:12:39',1,NULL,NULL,NULL,1,NULL,NULL,0),
(13,227,9,0,0,'','',0,'','2025-05-15 11:12:39',1,NULL,NULL,NULL,1,NULL,NULL,0),
(14,228,9,0,0,'','',0,'','2025-05-15 11:12:39',1,NULL,NULL,NULL,1,NULL,NULL,0),
(15,229,9,0,0,'','',0,'','2025-05-15 11:12:39',1,NULL,NULL,NULL,1,NULL,NULL,0),
(16,230,9,0,0,'','',0,'','2025-05-15 11:12:39',1,NULL,NULL,NULL,1,NULL,NULL,0),
(17,231,9,0,0,'','',0,'','2025-05-15 11:12:39',1,NULL,NULL,NULL,1,NULL,NULL,0),
(18,232,9,0,0,'','',0,'','2025-05-15 11:12:39',1,NULL,NULL,NULL,1,NULL,NULL,0),
(19,233,9,0,0,'','',0,'','2025-05-15 11:12:39',1,NULL,NULL,NULL,1,NULL,NULL,0),
(20,234,9,0,0,'','',0,'','2025-05-15 11:12:39',1,NULL,NULL,NULL,1,NULL,NULL,0),
(21,235,9,0,0,'','',0,'','2025-05-15 11:12:39',1,NULL,NULL,NULL,1,NULL,NULL,0),
(22,236,9,0,0,'','',0,'','2025-05-15 11:12:39',1,NULL,NULL,NULL,1,NULL,NULL,0),
(23,237,9,0,0,'','',0,'','2025-05-15 11:12:39',1,NULL,NULL,NULL,1,NULL,NULL,0),
(24,238,9,0,0,'','',0,'','2025-05-15 11:12:39',1,NULL,NULL,NULL,1,NULL,NULL,0),
(25,239,9,0,0,'','',0,'','2025-05-15 11:12:39',1,NULL,NULL,NULL,1,NULL,NULL,0),
(26,240,9,0,0,'','',0,'','2025-05-15 11:12:39',1,NULL,NULL,NULL,1,NULL,NULL,0),
(27,241,9,0,0,'','',0,'','2025-05-15 11:12:39',1,NULL,NULL,NULL,1,NULL,NULL,0),
(28,242,9,0,0,'','',0,'','2025-05-15 11:12:39',1,NULL,NULL,NULL,1,NULL,NULL,0),
(29,243,9,0,0,'','',0,'','2025-05-15 11:12:39',1,NULL,NULL,NULL,1,NULL,NULL,0),
(30,244,9,0,0,'','',0,'','2025-05-15 11:12:39',1,NULL,NULL,NULL,1,NULL,NULL,0),
(31,245,9,0,0,'','',0,'','2025-05-15 11:12:40',1,NULL,NULL,NULL,1,NULL,NULL,0),
(32,246,9,0,0,'','',0,'','2025-05-15 11:12:40',1,NULL,NULL,NULL,1,NULL,NULL,0),
(33,247,9,0,0,'','',0,'','2025-05-15 11:12:40',1,NULL,NULL,NULL,1,NULL,NULL,0),
(34,248,9,0,0,'','',0,'','2025-05-15 11:12:40',1,NULL,NULL,NULL,1,NULL,NULL,0),
(35,249,9,0,0,'','',0,'','2025-05-15 11:12:40',1,NULL,NULL,NULL,1,NULL,NULL,0),
(36,250,9,0,0,'','',0,'','2025-05-15 11:12:40',1,NULL,NULL,NULL,1,NULL,NULL,0),
(37,251,9,0,0,'','',0,'','2025-05-15 11:12:40',1,NULL,NULL,NULL,1,NULL,NULL,0),
(38,252,9,0,0,'','',0,'','2025-05-15 11:12:40',1,NULL,NULL,NULL,1,NULL,NULL,0),
(39,253,9,0,0,'','',0,'','2025-05-15 11:12:40',1,NULL,NULL,NULL,1,NULL,NULL,0),
(40,254,9,0,0,'','',0,'','2025-05-15 11:12:40',1,NULL,NULL,NULL,1,NULL,NULL,0),
(41,255,9,0,0,'','',0,'','2025-05-15 11:12:40',1,NULL,NULL,NULL,1,NULL,NULL,0),
(42,256,9,0,0,'','',0,'','2025-05-15 11:12:40',1,NULL,NULL,NULL,1,NULL,NULL,0),
(43,257,9,0,0,'','',0,'','2025-05-15 11:12:40',1,NULL,NULL,NULL,1,NULL,NULL,0),
(44,258,9,0,0,'','',0,'','2025-05-15 11:12:40',1,NULL,NULL,NULL,1,NULL,NULL,0),
(45,259,9,0,0,'','',0,'','2025-05-15 11:12:40',1,NULL,NULL,NULL,1,NULL,NULL,0),
(46,260,9,0,0,'','',0,'','2025-05-15 11:12:40',1,NULL,NULL,NULL,1,NULL,NULL,0),
(47,261,9,0,0,'','',0,'','2025-05-15 11:12:40',1,NULL,NULL,NULL,1,NULL,NULL,0),
(48,262,9,0,0,'','',0,'','2025-05-15 11:12:40',1,NULL,NULL,NULL,1,NULL,NULL,0),
(49,263,9,0,0,'','',0,'','2025-05-15 11:12:40',1,NULL,NULL,NULL,1,NULL,NULL,0),
(50,264,9,0,0,'','',0,'','2025-05-15 11:12:40',1,NULL,NULL,NULL,1,NULL,NULL,0),
(51,265,9,0,0,'','',0,'','2025-05-15 11:12:40',1,NULL,NULL,NULL,1,NULL,NULL,0),
(52,266,9,0,0,'','',0,'','2025-05-15 11:12:40',1,NULL,NULL,NULL,1,NULL,NULL,0),
(53,267,9,0,0,'','',0,'','2025-05-15 11:12:40',1,NULL,NULL,NULL,1,NULL,NULL,0),
(54,268,9,0,0,'','',0,'','2025-05-15 11:12:40',1,NULL,NULL,NULL,1,NULL,NULL,0),
(55,269,9,0,0,'','',0,'','2025-05-15 11:12:40',1,NULL,NULL,NULL,1,NULL,NULL,0),
(56,270,9,0,0,'','',0,'','2025-05-15 11:12:40',1,NULL,NULL,NULL,1,NULL,NULL,0),
(57,271,9,0,0,'','',0,'','2025-05-15 11:12:40',1,NULL,NULL,NULL,1,NULL,NULL,0),
(58,272,9,0,0,'','',0,'','2025-05-15 11:12:40',1,NULL,NULL,NULL,1,NULL,NULL,0),
(59,273,9,0,0,'','',0,'','2025-05-15 11:12:40',1,NULL,NULL,NULL,1,NULL,NULL,0),
(60,274,9,0,0,'','',0,'','2025-05-15 11:12:40',1,NULL,NULL,NULL,1,NULL,NULL,0),
(61,275,9,0,0,'','',0,'','2025-05-15 11:12:40',1,NULL,NULL,NULL,1,NULL,NULL,0),
(62,276,9,0,0,'','',0,'','2025-05-15 11:12:40',1,NULL,NULL,NULL,1,NULL,NULL,0),
(63,277,9,0,0,'','',0,'','2025-05-15 11:12:40',1,NULL,NULL,NULL,1,NULL,NULL,0),
(64,278,9,0,0,'','',0,'','2025-05-15 11:12:40',1,NULL,NULL,NULL,1,NULL,NULL,0),
(65,279,9,0,0,'','',0,'','2025-05-15 11:12:40',1,NULL,NULL,NULL,1,NULL,NULL,0),
(66,280,9,0,0,'','',0,'','2025-05-15 11:12:40',1,NULL,NULL,NULL,1,NULL,NULL,0),
(67,281,9,0,0,'','',0,'','2025-05-15 11:12:40',1,NULL,NULL,NULL,1,NULL,NULL,0),
(68,282,9,0,0,'','',0,'','2025-05-15 11:12:40',1,NULL,NULL,NULL,1,NULL,NULL,0),
(69,283,9,0,0,'','',0,'','2025-05-15 11:12:40',1,NULL,NULL,NULL,1,NULL,NULL,0),
(70,284,9,0,0,'','',0,'','2025-05-15 11:12:40',1,NULL,NULL,NULL,1,NULL,NULL,0),
(71,285,9,0,0,'','',0,'','2025-05-15 11:12:40',1,NULL,NULL,NULL,1,NULL,NULL,0),
(72,286,9,0,0,'','',0,'','2025-05-15 11:12:40',1,NULL,NULL,NULL,1,NULL,NULL,0),
(73,287,9,0,0,'','',0,'','2025-05-15 11:12:40',1,NULL,NULL,NULL,1,NULL,NULL,0),
(74,288,9,0,0,'','',0,'','2025-05-15 11:12:40',1,NULL,NULL,NULL,1,NULL,NULL,0),
(75,289,9,0,0,'','',0,'','2025-05-15 11:12:40',1,NULL,NULL,NULL,1,NULL,NULL,0),
(76,290,9,0,0,'','',0,'','2025-05-15 11:12:40',1,NULL,NULL,NULL,1,NULL,NULL,0),
(77,291,9,0,0,'','',0,'','2025-05-15 11:12:40',1,NULL,NULL,NULL,1,NULL,NULL,0),
(78,292,9,0,0,'','',0,'','2025-05-15 11:12:40',1,NULL,NULL,NULL,1,NULL,NULL,0),
(79,293,9,0,0,'','',0,'','2025-05-15 11:12:41',1,NULL,NULL,NULL,1,NULL,NULL,0),
(80,294,9,0,0,'','',0,'','2025-05-15 11:12:41',1,NULL,NULL,NULL,1,NULL,NULL,0),
(81,295,9,0,0,'','',0,'','2025-05-15 11:12:41',1,NULL,NULL,NULL,1,NULL,NULL,0),
(82,318,10,1,0,'e2204e78ce83d8f8062a526f73f100e3','local',1,'a:4:{s:3:\"url\";s:36:\"https://www.tahcontracting.com?p=698\";s:5:\"title\";s:25:\"Popup — Details Service\";s:8:\"contents\";a:13:{s:11:\"original_id\";a:2:{s:9:\"translate\";i:0;s:4:\"data\";i:698;}s:5:\"title\";a:3:{s:9:\"translate\";i:1;s:4:\"data\";s:36:\"UG9wdXAg4oCUIERldGFpbHMgU2VydmljZQ==\";s:6:\"format\";s:6:\"base64\";}s:4:\"body\";a:3:{s:9:\"translate\";i:0;s:4:\"data\";s:5036:\"[encoded data, 5036 characters]\";s:6:\"format\";s:6:\"base64\";}s:7:\"excerpt\";a:3:{s:9:\"translate\";i:1;s:4:\"data\";s:0:\"\";s:6:\"format\";s:6:\"base64\";}s:19:\"package-string-1-14\";a:4:{s:9:\"translate\";i:1;s:4:\"data\";s:76:\"IzEgwqDZhdik2LPYs9ipINiq2YPYp9iq2YEg2KfZhNmH2YXZhSDZhNmE2YXZgtin2YjZhNin2Ko=\";s:8:\"wrap_tag\";s:2:\"h2\";s:6:\"format\";s:6:\"base64\";}s:19:\"package-string-1-15\";a:4:{s:9:\"translate\";i:1;s:4:\"data\";s:8:\"RiBqLCBZ\";s:8:\"wrap_tag\";s:0:\"\";s:6:\"format\";s:6:\"base64\";}s:19:\"package-string-1-16\";a:4:{s:9:\"translate\";i:1;s:4:\"data\";s:4:\"Lg==\";s:8:\"wrap_tag\";s:0:\"\";s:6:\"format\";s:6:\"base64\";}s:19:\"package-string-1-17\";a:4:{s:9:\"translate\";i:1;s:4:\"data\";s:4:\"LA==\";s:8:\"wrap_tag\";s:0:\"\";s:6:\"format\";s:6:\"base64\";}s:19:\"package-string-1-18\";a:4:{s:9:\"translate\";i:1;s:4:\"data\";s:4:\"JXM=\";s:8:\"wrap_tag\";s:0:\"\";s:6:\"format\";s:6:\"base64\";}s:19:\"package-string-1-19\";a:4:{s:9:\"translate\";i:1;s:4:\"data\";s:8:\"RiBqLCBZ\";s:8:\"wrap_tag\";s:0:\"\";s:6:\"format\";s:6:\"base64\";}s:19:\"package-string-1-20\";a:4:{s:9:\"translate\";i:1;s:4:\"data\";s:4:\"Lg==\";s:8:\"wrap_tag\";s:0:\"\";s:6:\"format\";s:6:\"base64\";}s:19:\"package-string-1-21\";a:4:{s:9:\"translate\";i:1;s:4:\"data\";s:4:\"LA==\";s:8:\"wrap_tag\";s:0:\"\";s:6:\"format\";s:6:\"base64\";}s:19:\"package-string-1-22\";a:4:{s:9:\"translate\";i:1;s:4:\"data\";s:4:\"JXM=\";s:8:\"wrap_tag\";s:0:\"\";s:6:\"format\";s:6:\"base64\";}}s:4:\"type\";s:4:\"post\";}','2025-05-15 09:13:44',1,NULL,'63313638-6138-5838-b232-316430653437',NULL,1,NULL,NULL,0),
(84,320,10,1,0,'2f960ba58328232e84c933602b0971a4','local',1,'a:4:{s:3:\"url\";s:36:\"https://www.tahcontracting.com?p=268\";s:5:\"title\";s:41:\"Section Template — Our Message (Tab #3)\";s:8:\"contents\";a:4:{s:11:\"original_id\";a:2:{s:9:\"translate\";i:0;s:4:\"data\";i:268;}s:5:\"title\";a:3:{s:9:\"translate\";i:1;s:4:\"data\";s:56:\"U2VjdGlvbiBUZW1wbGF0ZSDigJQgT3VyIE1lc3NhZ2UgKFRhYiAjMyk=\";s:6:\"format\";s:6:\"base64\";}s:4:\"body\";a:3:{s:9:\"translate\";i:1;s:4:\"data\";s:1672:\"PHN2ZyB4bWxucz0iaHR0cDovL3d3dy53My5vcmcvMjAwMC9zdmciIGlkPSJMYXllcl8xIiBkYXRhLW5hbWU9IkxheWVyIDEiIHZpZXdCb3g9IjAgMCAyNCAyNCIgd2lkdGg9IjUxMiIgaGVpZ2h0PSI1MTIiPjxwYXRoIGQ9Ik0yMCw4Yy0yLjIxLDAtNC0xLjc5LTQtNFMxNy43OSwwLDIwLDBzNCwxLjc5LDQsNC0xLjc5LDQtNCw0Wm0tMTAuMTIsNi4xMmMxLjE3LDEuMTcsMy4wNywxLjE3LDQuMjQsMGw0LjMzLTQuMzNjLTIuNTYtLjY4LTQuNDUtMy4wMS00LjQ1LTUuNzksMC0uMzQsLjA0LS42NywuMDktMUgzYy0xLjE1LDAtMi4xMywuNjUtMi42NCwxLjZMOS44OCwxNC4xMlptMTEuMzEtNC4yNGwtNS42NSw1LjY1Yy0uOTcsLjk3LTIuMjYsMS40Ni0zLjU0LDEuNDZzLTIuNTYtLjQ5LTMuNTQtMS40NkwwLDcuMDdWMjRIMjRWOC40NmMtLjc4LC43LTEuNzQsMS4yLTIuODEsMS40MloiPjwvcGF0aD48L3N2Zz4JCQkKCQkJCQk8aDI+2LHYs9in2YTYqSDYtNix2YPYqtmG2Kc8L2gyPgkJCQkKCQk8cD7YqtmD2YXZhiDYsdiz2KfZhNiq2YbYpyDZgdmKINi12YXZitmFINmD2YQg2YXYpyDZhtmC2YjZhSDYqNmHINmB2Yog2KrZgtiv2YrZhSDZgtmK2YXYqSDYp9iz2KrYq9mG2KfYptmK2Kkg2YTYudmF2YTYp9im2YbYpyDZhdmGINiu2YTYp9mEINin2YTYrdmE2YjZhCDYp9mE2YXYqNiq2YPYsdipINmI2KfZhNit2LHZgdmK2Kkg2KfZhNmB2KfYptmC2Kkg2YjYp9mE2KrZhtmB2YrYsCDZgdmKINin2YTZiNmC2Kog2KfZhNmF2YbYp9iz2KguINmK2LnZhdmEINmB2LHZitmC2YbYpyDZhdiq2LnYr9ivINin2YTYqtiu2LXYtdin2Kog2KfZhNmF2YfZhtiv2LPZitmGINmI2YXYr9mK2LHZiiDYp9mE2YXYtNin2LHZiti5INmI2KfZhNit2LHZgdmK2YrZhiDYp9mE2YXZh9ix2Kkg2KjYtNmD2YQg2YXYqtmD2KfZhdmEINmE2KrYrdmC2YrZgiDYp9mE2KPZgdmD2KfYsSDYp9mE2LfZhdmI2K3YqSDZhdi5INi22YXYp9mGINij2LnZhNmJINmF2LnYp9mK2YrYsSDYp9mE2LPZhNin2YXYqSDZiNin2YTYp9iz2KrYr9in2YXYqSDZiNin2YTZg9mB2KfYodipLiDYp9mE2KrZgtiv2YrZhSDYp9mE2YXYs9iq2YXYsSDZhNmF2YbYqtis2KfYqiDYudin2YTZitipINin2YTYrNmI2K/YqSDYqNij2LPYudin2LEg2KrZhtin2YHYs9mK2Kkg2YXYuSDYp9mE2K3Zgdin2Lgg2LnZhNmJINin2YTZg9mB2KfYodipINin2YTYqti02LrZitmE2YrYqSDZiNiu2K/ZhdipINin2YTYudmF2YTYp9ihINin2YTYp9iz2KrYq9mG2KfYptmK2KkuPC9wPg==\";s:6:\"format\";s:6:\"base64\";}s:7:\"excerpt\";a:3:{s:9:\"translate\";i:1;s:4:\"data\";s:0:\"\";s:6:\"format\";s:6:\"base64\";}}s:4:\"type\";s:4:\"post\";}','2025-05-15 09:13:44',1,NULL,'65363263-6566-5136-b837-333135306335',NULL,1,NULL,NULL,0),
(85,321,10,1,0,'d64ef04092825038d1fc7b6827ab5f97','local',1,'a:4:{s:3:\"url\";s:36:\"https://www.tahcontracting.com?p=259\";s:5:\"title\";s:41:\"Section Template — Our Mission (Tab #2)\";s:8:\"contents\";a:4:{s:11:\"original_id\";a:2:{s:9:\"translate\";i:0;s:4:\"data\";i:259;}s:5:\"title\";a:3:{s:9:\"translate\";i:1;s:4:\"data\";s:56:\"U2VjdGlvbiBUZW1wbGF0ZSDigJQgT3VyIE1pc3Npb24gKFRhYiAjMik=\";s:6:\"format\";s:6:\"base64\";}s:4:\"body\";a:3:{s:9:\"translate\";i:1;s:4:\"data\";s:3572:\"PGgyPiDCoNiq2YPYp9iq2YEg2KfZhNmH2YXZhSDZhNmE2YXZgtin2YjZhNin2Ko8L2gyPgkJCQkKCQkJCQk8aDI+LS0g2LHYpNmK2KrZhtinIC0tPC9oMj4JCQkJCgkJPHA+2YbZhNiq2LLZhSDYqNix2YrYp9iv2Kkg2KfZhNi12YbYp9i52Kkg2YXZhiDYrtmE2KfZhCDZiNi22Lkg2YXYudin2YrZitixINis2K/Zitiv2Kkg2YTZhNis2YjYr9ipINmI2KfZhNin2LPYqtiv2KfZhdipINmI2KfZhNin2KjYqtmD2KfYsdiMINmD2YXYpyDZhtmE2KrYstmFINio2KrYtNmD2YrZhCDYp9mE2YXYs9iq2YLYqNmEINio2YXYtNin2LHZiti5INmE2Kcg2KrZhNio2Yog2KfYrdiq2YrYp9is2KfYqiDYp9mE2YrZiNmFINmB2K3Ys9io2Iwg2KjZhCDYqtmF2KvZhCDYo9mK2LbYp9mLINil2LHYq9in2Ysg2YTZhNij2KzZitin2YQg2KfZhNmC2KfYr9mF2KkuINmG2YfYr9mBINil2YTZiSDYo9mGINmG2YPZiNmGINin2YTYtNix2YrZgyDYp9mE2YXZgdi22YQg2YjYp9mE2YXYtNmH2YjYsSDYqNin2YTZhtiy2KfZh9ipINmI2KfZhNmF2YjYq9mI2YLZitipINmI2KfZhNiq2YXZitiyINmB2Yog2YPZhCDZhdi02LHZiNi5INmG2LnZhdmEINi52YTZitmHLjwvcD4JCQoJCQkJCQkJPHVsPgoJCQkJCQkJPGxpPgoJCQkJCQkJPHN2ZyB4bWxucz0iaHR0cDovL3d3dy53My5vcmcvMjAwMC9zdmciIGlkPSJMYXllcl8xIiBkYXRhLW5hbWU9IkxheWVyIDEiIHZpZXdCb3g9IjAgMCAyNCAyNCIgd2lkdGg9IjUxMiIgaGVpZ2h0PSI1MTIiPjxwYXRoIGQ9Im0xMiwwQzUuMzgzLDAsMCw1LjM4MywwLDEyczUuMzgzLDEyLDEyLDEyLDEyLTUuMzgzLDEyLTEyUzE4LjYxNywwLDEyLDBabS0uMDkxLDE1LjQxOWMtLjM4Ny4zODctLjg5Ni41OC0xLjQwNy41OHMtMS4wMjUtLjE5NS0xLjQxNi0uNTg1bC0yLjc4Mi0yLjY5NiwxLjM5My0xLjQzNywyLjc5MywyLjcwNyw1LjgwOS01LjcwMSwxLjQwNCwxLjQyNS01Ljc5Myw1LjcwN1oiPjwvcGF0aD48L3N2Zz4JCQkJCQkKCQkJCQkJCQkJCdmC2YrZhdiq2YbYpyDZh9mKINiu2YTZgiDYudmF2YQg2KzYp9ivINmI2YXZiNmH2KjYqSDYp9it2KrYsdin2YHZitipLgoJCQkJCQkJCQk8L2xpPgoJCQkJCQk8L3VsPgoJCQkJCQkJPHVsPgoJCQkJCQkJPGxpPgoJCQkJCQkJPHN2ZyB4bWxucz0iaHR0cDovL3d3dy53My5vcmcvMjAwMC9zdmciIGlkPSJMYXllcl8xIiBkYXRhLW5hbWU9IkxheWVyIDEiIHZpZXdCb3g9IjAgMCAyNCAyNCIgd2lkdGg9IjUxMiIgaGVpZ2h0PSI1MTIiPjxwYXRoIGQ9Im0xMiwwQzUuMzgzLDAsMCw1LjM4MywwLDEyczUuMzgzLDEyLDEyLDEyLDEyLTUuMzgzLDEyLTEyUzE4LjYxNywwLDEyLDBabS0uMDkxLDE1LjQxOWMtLjM4Ny4zODctLjg5Ni41OC0xLjQwNy41OHMtMS4wMjUtLjE5NS0xLjQxNi0uNTg1bC0yLjc4Mi0yLjY5NiwxLjM5My0xLjQzNywyLjc5MywyLjcwNyw1LjgwOS01LjcwMSwxLjQwNCwxLjQyNS01Ljc5Myw1LjcwN1oiPjwvcGF0aD48L3N2Zz4JCQkJCQkKCQkJCQkJCQkJCdmG2K3Yp9mI2YQg2K/Yp9im2YXZi9inINil2LnYt9in2KEg2KfZhNmF2LLZitivINmF2YYg2KfZhNmC2YrZhdipINmI2KfZhNin2KjYqtmD2KfYsSDZhNmE2KPYudmF2KfZhC4KCQkJCQkJCQkJPC9saT4KCQkJCQkJPC91bD4KCQkJCQkJCTx1bD4KCQkJCQkJCTxsaT4KCQkJCQkJCTxzdmcgeG1sbnM9Imh0dHA6Ly93d3cudzMub3JnLzIwMDAvc3ZnIiBpZD0iTGF5ZXJfMSIgZGF0YS1uYW1lPSJMYXllciAxIiB2aWV3Qm94PSIwIDAgMjQgMjQiIHdpZHRoPSI1MTIiIGhlaWdodD0iNTEyIj48cGF0aCBkPSJtMTIsMEM1LjM4MywwLDAsNS4zODMsMCwxMnM1LjM4MywxMiwxMiwxMiwxMi01LjM4MywxMi0xMlMxOC42MTcsMCwxMiwwWm0tLjA5MSwxNS40MTljLS4zODcuMzg3LS44OTYuNTgtMS40MDcuNThzLTEuMDI1LS4xOTUtMS40MTYtLjU4NWwtMi43ODItMi42OTYsMS4zOTMtMS40MzcsMi43OTMsMi43MDcsNS44MDktNS43MDEsMS40MDQsMS40MjUtNS43OTMsNS43MDdaIj48L3BhdGg+PC9zdmc+CQkJCQkJCgkJCQkJCQkJCQnZhtit2YYg2YXZhti02KPYqSDZhdmC2KfZiNmE2KfYqiDZhdiq2YPYp9mF2YTYqSDYp9mE2K7Yr9mF2KfYqiDZhdmE2KrYstmF2YjZhiDYqNiq2K3ZiNmK2YQg2KfZhNix2KTZiSDYpdmE2Ykg2YjYp9mC2LkuCgkJCQkJCQkJCTwvbGk+CgkJCQkJCTwvdWw+CgkJCQkJCQk8dWw+CgkJCQkJCQk8bGk+CgkJCQkJCQk8c3ZnIHhtbG5zPSJodHRwOi8vd3d3LnczLm9yZy8yMDAwL3N2ZyIgaWQ9IkxheWVyXzEiIGRhdGEtbmFtZT0iTGF5ZXIgMSIgdmlld0JveD0iMCAwIDI0IDI0IiB3aWR0aD0iNTEyIiBoZWlnaHQ9IjUxMiI+PHBhdGggZD0ibTEyLDBDNS4zODMsMCwwLDUuMzgzLDAsMTJzNS4zODMsMTIsMTIsMTIsMTItNS4zODMsMTItMTJTMTguNjE3LDAsMTIsMFptLS4wOTEsMTUuNDE5Yy0uMzg3LjM4Ny0uODk2LjU4LTEuNDA3LjU4cy0xLjAyNS0uMTk1LTEuNDE2LS41ODVsLTIuNzgyLTIuNjk2LDEuMzkzLTEuNDM3LDIuNzkzLDIuNzA3LDUuODA5LTUuNzAxLDEuNDA0LDEuNDI1LTUuNzkzLDUuNzA3WiI+PC9wYXRoPjwvc3ZnPgkJCQkJCQoJCQkJCQkJCQkJ2K7YqNix2KrZhtinINi02KfZhdmE2Kkg2YHZiiDYrNmF2YrYuSDZhdis2KfZhNin2Kog2KfZhNio2YbYp9ihINmI2KfZhNio2YbZitipINin2YTYqtit2KrZitipLgoJCQkJCQkJCQk8L2xpPgoJCQkJCQk8L3VsPg==\";s:6:\"format\";s:6:\"base64\";}s:7:\"excerpt\";a:3:{s:9:\"translate\";i:1;s:4:\"data\";s:0:\"\";s:6:\"format\";s:6:\"base64\";}}s:4:\"type\";s:4:\"post\";}','2025-05-15 09:13:44',1,NULL,'64333535-3465-5738-a462-373834376164',NULL,1,NULL,NULL,0),
(86,322,10,1,0,'8221ba9a0d543e1f0d70a470294ae8fa','local',1,'a:4:{s:3:\"url\";s:36:\"https://www.tahcontracting.com?p=244\";s:5:\"title\";s:56:\"Section Template — Speech head administration (Tab #1)\";s:8:\"contents\";a:4:{s:11:\"original_id\";a:2:{s:9:\"translate\";i:0;s:4:\"data\";i:244;}s:5:\"title\";a:3:{s:9:\"translate\";i:1;s:4:\"data\";s:76:\"U2VjdGlvbiBUZW1wbGF0ZSDigJQgU3BlZWNoIGhlYWQgYWRtaW5pc3RyYXRpb24gKFRhYiAjMSk=\";s:6:\"format\";s:6:\"base64\";}s:4:\"body\";a:3:{s:9:\"translate\";i:1;s:4:\"data\";s:2408:\"PHN2ZyB4bWxucz0iaHR0cDovL3d3dy53My5vcmcvMjAwMC9zdmciIGlkPSJMYXllcl8xIiBkYXRhLW5hbWU9IkxheWVyIDEiIHZpZXdCb3g9IjAgMCAyNCAyNCIgd2lkdGg9IjUxMiIgaGVpZ2h0PSI1MTIiPjxnIGlkPSJfMTNfcXVvdGUiIGRhdGEtbmFtZT0iMTMgcXVvdGUiPjxwYXRoIGQ9Ik0wLDh2Nkg3LjkxQTYuMDA2LDYuMDA2LDAsMCwxLDIsMTl2MmE4LjAwOSw4LjAwOSwwLDAsMCw4LThWNEg0QTQsNCwwLDAsMCwwLDhaIj48L3BhdGg+PHBhdGggZD0iTTE4LDRhNCw0LDAsMCwwLTQsNHY2aDcuOTFBNi4wMDYsNi4wMDYsMCwwLDEsMTYsMTl2MmE4LjAwOSw4LjAwOSwwLDAsMCw4LThWNFoiPjwvcGF0aD48L2c+PC9zdmc+CQkJCgkJCQkJPGgyPtmD2YTZhdipINin2YTZhdiv2YrYsSDYp9mE2LnYp9mFPC9oMj4JCQkJCgkJPHA+2KjYtdmB2KrZhtinINmF2YbYtNij2Kkg2LnYp9im2YTZitip2Iwg2YHYpdmG2YbYpyDZhtiz2KrYq9mF2LEg2KjYudmF2YIg2YHZiiDZhdmI2LjZgdmK2YbYpyDZiNmG2YTYqtiy2YUg2KrYrNin2YfZh9mFLiDZgdio2K/ZiNmGINmF2YjZh9io2KrZh9mFINmI2KrYudin2YjZhtmH2YUg2YjYp9mG2K/Zgdin2LnZh9mF2Iwg2YTZhiDZitmD2YjZhtio2YbYp9ik2YbYpyDZh9mIINin2YTYo9mB2LbZhC4g2YrYudiq2YXYryDYqtmF2YrYstmG2Kcg2YHZiiDYp9mE2K3Yp9i22LEg2YjYp9mE2YXYs9iq2YLYqNmEINi52YTZiSDYp9iz2KrZgti32KfYqNmG2Kcg2YTYo9mB2LbZhCDZiNij2YTZhdi5INin2YTZhdmI2KfZh9ioINin2YTZhdiq2KfYrdipINmI2KfZhNin2K3YqtmB2KfYuCDYqNmH2KcuINmI2YXZhiDYrtmE2KfZhCDYqtmI2YHZitixINin2YTYqtiv2LHZitioINmI2KfZhNiq2LfZiNmK2LEg2KfZhNmI2LjZitmB2YrYjCDZiNio2YrYptipINi52YXZhCDZhdio2KrZg9ix2KnYjCDZiNir2YLYp9mB2Kkg2YXYrNiy2YrYqdiMINmG2LbZhdmGINmC2YjYqSDZhdik2LPYs9iq2YbYpyDZiNis2KfZh9iy2YrYqtmH2Kcg2YTYrtiv2YXYqSDYtNix2YPYp9im2YbYpyDZiNi52YXZhNin2KbZhtinINi52YTZiSDYo9mD2YXZhCDZiNis2YcuPC9wPjxwPtiq2KPYqtmKINmC2YjYqtmG2Kcg2YXZhiDYrtio2LHYqtmG2Kcg2KfZhNix2KfYs9iu2Kkg2YHZiiDZh9iw2Kcg2KfZhNmF2KzYp9mE2Iwg2YjYrNiw2YjYsdmG2Kcg2KfZhNmF2KzYqtmF2LnZitipINin2YTYudmF2YrZgtip2Iwg2YjYudmE2KfZgtin2KrZhtinINin2YTZiNir2YrZgtipINmF2Lkg2KfZhNi52YXZhNin2KEg2YjYp9mE2LTYsdmD2KfYoSDZiNij2LXYrdin2Kgg2KfZhNmF2LXZhNit2Kkg2KfZhNix2KbZitiz2YrZitmGLiDZhtmE2KrYstmFINio2KfZhNiq2YXZitiyINmF2YYg2KjYr9in2YrYqSDZg9mEINmF2LTYp9ix2YPYqSDZhNmG2KcuINiq2LnYqtmF2K8g2LPZhdi52KrZhtinINi52YTZiSDYqtmC2K/ZitmFINin2YTZgtmK2YXYqdiMINmI2KfZhNi52YXZhCDYp9mE2KzZhdin2LnZiiDYp9mE2YXYqtmB2YjZgtiMINmI2KfZhNit2YTZiNmEINin2YTYpdio2K/Yp9i52YrYqdiMINmI2KfZhNi02LHYp9ix2Kkg2KfZhNmF2KjYqtmD2LHYqdiMINmI2KfZhNin2YTYqtiy2KfZhSDYp9mE2KvYp9io2KouINiq2YbYudmD2LMg2YXYs9in2YfZhdin2KrZhtinINin2YTYr9in2KbZhdipINmB2Yog2KfZhNij2LXZiNmEINin2YTZhdin2K/ZitipINmI2YPYsNmE2YMg2YHZiiDYq9mC2Kkg2LnZhdmE2KfYptmG2KcuINmG2KTZhdmGINio2KfZhNis2YjYr9ipINmI2YTZhiDZhtiz2KfZiNmFINij2KjYr9in2Ysg2KrYrdiqINij2Yog2LjYsdmBINmF2YYg2KfZhNi42LHZiNmBLjwvcD4=\";s:6:\"format\";s:6:\"base64\";}s:7:\"excerpt\";a:3:{s:9:\"translate\";i:1;s:4:\"data\";s:0:\"\";s:6:\"format\";s:6:\"base64\";}}s:4:\"type\";s:4:\"post\";}','2025-05-15 09:13:44',1,NULL,'33383330-6539-5138-a562-303836643833',NULL,1,NULL,NULL,0),
(87,323,10,1,0,'213fcbad61f9bcca5c03155112ac3170','local',1,'a:4:{s:3:\"url\";s:41:\"https://www.tahcontracting.com?page_id=23\";s:5:\"title\";s:10:\"قريبا\";s:8:\"contents\";a:5:{s:11:\"original_id\";a:2:{s:9:\"translate\";i:0;s:4:\"data\";i:23;}s:5:\"title\";a:3:{s:9:\"translate\";i:1;s:4:\"data\";s:16:\"2YLYsdmK2KjYpw==\";s:6:\"format\";s:6:\"base64\";}s:4:\"body\";a:3:{s:9:\"translate\";i:0;s:4:\"data\";s:72:\"PGgyPtmC2LHZitio2KfZiyDYs9mK2KrZhSDYpdi32YTYp9mCINmF2YjZgti52YbYpzwvaDI+\";s:6:\"format\";s:6:\"base64\";}s:7:\"excerpt\";a:3:{s:9:\"translate\";i:1;s:4:\"data\";s:0:\"\";s:6:\"format\";s:6:\"base64\";}s:19:\"package-string-5-34\";a:4:{s:9:\"translate\";i:1;s:4:\"data\";s:60:\"2YLYsdmK2KjYp9mLINiz2YrYqtmFINil2LfZhNin2YIg2YXZiNmC2LnZhtin\";s:8:\"wrap_tag\";s:2:\"h2\";s:6:\"format\";s:6:\"base64\";}}s:4:\"type\";s:4:\"post\";}','2025-05-15 09:13:44',1,NULL,'35376662-3164-5337-a134-623563623862',NULL,1,NULL,NULL,0),
(88,324,10,1,0,'0190f2c68f3b6a552894f4f50e4e5bfd','local',1,'a:4:{s:3:\"url\";s:41:\"https://www.tahcontracting.com?page_id=21\";s:5:\"title\";s:19:\"تواصل معنا\";s:8:\"contents\";a:4:{s:11:\"original_id\";a:2:{s:9:\"translate\";i:0;s:4:\"data\";i:21;}s:5:\"title\";a:3:{s:9:\"translate\";i:1;s:4:\"data\";s:28:\"2KrZiNin2LXZhCDZhdi52YbYpw==\";s:6:\"format\";s:6:\"base64\";}s:4:\"body\";a:3:{s:9:\"translate\";i:1;s:4:\"data\";s:11040:\"[encoded data, 11040 characters]\";s:6:\"format\";s:6:\"base64\";}s:7:\"excerpt\";a:3:{s:9:\"translate\";i:1;s:4:\"data\";s:0:\"\";s:6:\"format\";s:6:\"base64\";}}s:4:\"type\";s:4:\"post\";}','2025-05-15 09:13:44',0,NULL,'37303133-6238-5131-a663-353339323766',NULL,1,NULL,NULL,0),
(89,325,10,1,0,'c6a32bbd628d7897e153b4d751b943c1','local',1,'a:4:{s:3:\"url\";s:41:\"https://www.tahcontracting.com?page_id=19\";s:5:\"title\";s:14:\"أعمالنا\";s:8:\"contents\";a:17:{s:11:\"original_id\";a:2:{s:9:\"translate\";i:0;s:4:\"data\";i:19;}s:5:\"title\";a:3:{s:9:\"translate\";i:1;s:4:\"data\";s:20:\"2KPYudmF2KfZhNmG2Kc=\";s:6:\"format\";s:6:\"base64\";}s:4:\"body\";a:3:{s:9:\"translate\";i:0;s:4:\"data\";s:21116:\"[encoded data, 21116 characters]\";s:6:\"format\";s:6:\"base64\";}s:7:\"excerpt\";a:3:{s:9:\"translate\";i:1;s:4:\"data\";s:0:\"\";s:6:\"format\";s:6:\"base64\";}s:19:\"package-string-7-56\";a:4:{s:9:\"translate\";i:1;s:4:\"data\";s:56:\"wqDYqtmD2KfYqtmBINin2YTZh9mF2YUg2YTZhNmF2YLYp9mI2YTYp9iq\";s:8:\"wrap_tag\";s:2:\"h2\";s:6:\"format\";s:6:\"base64\";}s:19:\"package-string-7-57\";a:4:{s:9:\"translate\";i:1;s:4:\"data\";s:44:\"2KPYudmF2KfZhNmG2Kcg2YjZhdi02KfYsdmK2LnZhtin\";s:8:\"wrap_tag\";s:2:\"h2\";s:6:\"format\";s:6:\"base64\";}s:19:\"package-string-7-58\";a:4:{s:9:\"translate\";i:1;s:4:\"data\";s:272:\"PHA+2YbZgdiu2LEg2YHZiiDZhdmG2LTYo9ipINiq2YPYp9iq2YEg2KfZhNmH2YXZhSDYqNiz2KzZhCDYrdin2YHZhCDZhdmGINin2YTZhdi02KfYsdmK2Lkg2KfZhNiq2Yog2KrYudmD2LMg2KfZhNiq2LLYp9mF2YbYpyDYqNin2YTYrNmI2K/YqSDZiNin2YTYp9io2KrZg9in2LEuINmF2YYg2KfZhNmB2YPYsdipINil2YTZiSDYp9mE2KrZhtmB2YrYsC48L3A+\";s:8:\"wrap_tag\";s:0:\"\";s:6:\"format\";s:6:\"base64\";}s:19:\"package-string-7-59\";a:4:{s:9:\"translate\";i:1;s:4:\"data\";s:28:\"2KfYqNiv2KMg2YXYtNix2YjYudmD\";s:8:\"wrap_tag\";s:0:\"\";s:6:\"format\";s:6:\"base64\";}s:19:\"package-string-7-61\";a:4:{s:9:\"translate\";i:1;s:4:\"data\";s:28:\"2YTZhdin2LDYpyDZhtit2YbYnw==\";s:8:\"wrap_tag\";s:0:\"\";s:6:\"format\";s:6:\"base64\";}s:19:\"package-string-7-63\";a:4:{s:9:\"translate\";i:1;s:4:\"data\";s:72:\"2KPYudmF2KfZhCDYqtmD2KfYqtmBINin2YTZh9mF2YUg2YTZhNmF2YLYp9mI2YTYp9iqIA==\";s:8:\"wrap_tag\";s:2:\"h2\";s:6:\"format\";s:6:\"base64\";}s:19:\"package-string-7-64\";a:4:{s:9:\"translate\";i:1;s:4:\"data\";s:320:\"PHA+2YbYudmF2YQg2KjYtNi62YEg2YTYqtit2YLZitmCINmG2KrYp9im2Kwg2KrZgdmI2YIg2KfZhNiq2YjZgti52KfYqiDZiNiq2Y/Yrdiv2Ksg2YHYsdmC2YvYpyDYrdmC2YrZgtmK2YvYpyDZhNi52YXZhNin2KbZhtinLiDYqti12YHYrSDZhtmF2KfYsNisINmF2YYg2KPYudmF2KfZhNmG2Kcg2YTYqtmD2KrYtNmBINmD2YrZgSDZhtit2YjZhCDYp9mE2LHYpNmJINil2YTZiSDZiNin2YLYuSDZhdmE2YXZiNizLjwvcD4=\";s:8:\"wrap_tag\";s:0:\"\";s:6:\"format\";s:6:\"base64\";}s:19:\"package-string-7-65\";a:4:{s:9:\"translate\";i:1;s:4:\"data\";s:64:\"2YTYpyDYqtmI2KzYryDYo9i52YXYp9mEINiz2KfYqNmC2Kkg2K3Yp9mE2YrYp9mL\";s:8:\"wrap_tag\";s:0:\"\";s:6:\"format\";s:6:\"base64\";}s:19:\"package-string-7-66\";a:4:{s:9:\"translate\";i:1;s:4:\"data\";s:60:\"IMKg2KrZg9in2KrZgSDYp9mE2YfZhdmFINmE2YTZhdmC2KfZiNmE2KfYqg==\";s:8:\"wrap_tag\";s:2:\"h2\";s:6:\"format\";s:6:\"base64\";}s:19:\"package-string-7-67\";a:4:{s:9:\"translate\";i:1;s:4:\"data\";s:60:\"2KfYqNiv2KMg2YXYtNix2YjYudmDINin2YTZhdmF2YrYsiDYp9mE2KLZhg==\";s:8:\"wrap_tag\";s:2:\"h2\";s:6:\"format\";s:6:\"base64\";}s:19:\"package-string-7-68\";a:4:{s:9:\"translate\";i:1;s:4:\"data\";s:464:\"PHA+2LnZhdmE2KfYpNmG2Kcg2YfZhSDZhdit2YjYsSDZg9mEINmF2Kcg2YbZgtmI2YUg2KjZh9iMINmI2LHYttin2YfZhSDZh9mIINmH2K/ZgdmG2Kcg2KfZhNij2LPYp9iz2YouINmG2K3ZhiDZhtik2YXZhiDYqNij2YYg2KjZhtin2KEg2LnZhNin2YLYp9iqINmC2YjZitipINmI2YXYs9iq2K/Yp9mF2Kkg2YXYuSDYudmF2YTYp9im2YbYpyDZitio2K/YoyDZhdmGINin2YTYp9iz2KrZhdin2Lkg2KfZhNit2YLZitmC2Yog2YTYp9it2KrZitin2KzYp9iq2YfZhdiMINmI2YHZh9mFINiq2LfZhNi52KfYqtmH2YXYjCDZiNin2YTYudmF2YQg2KjYrNivINmE2KrYrNin2YjYsiDYqtmI2YLYudin2KrZh9mFLjwvcD4=\";s:8:\"wrap_tag\";s:0:\"\";s:6:\"format\";s:6:\"base64\";}s:19:\"package-string-7-69\";a:4:{s:9:\"translate\";i:1;s:4:\"data\";s:28:\"2KfYqNiv2KMg2YXYtNix2YjYudmD\";s:8:\"wrap_tag\";s:0:\"\";s:6:\"format\";s:6:\"base64\";}s:19:\"package-string-7-71\";a:4:{s:9:\"translate\";i:1;s:4:\"data\";s:20:\"2K7Yr9mF2KfYqtmG2Kc=\";s:8:\"wrap_tag\";s:0:\"\";s:6:\"format\";s:6:\"base64\";}}s:4:\"type\";s:4:\"post\";}','2025-05-15 09:13:44',0,NULL,'32643431-6564-5161-b461-346663636633',NULL,1,NULL,NULL,0),
(90,326,10,1,0,'d267beed56b7e4d862ba6db79f5361af','local',1,'a:4:{s:3:\"url\";s:41:\"https://www.tahcontracting.com?page_id=17\";s:5:\"title\";s:19:\"فريق العمل\";s:8:\"contents\";a:4:{s:11:\"original_id\";a:2:{s:9:\"translate\";i:0;s:4:\"data\";i:17;}s:5:\"title\";a:3:{s:9:\"translate\";i:1;s:4:\"data\";s:28:\"2YHYsdmK2YIg2KfZhNi52YXZhA==\";s:6:\"format\";s:6:\"base64\";}s:4:\"body\";a:3:{s:9:\"translate\";i:1;s:4:\"data\";s:24292:\"[encoded data, 24292 characters]\";s:6:\"format\";s:6:\"base64\";}s:7:\"excerpt\";a:3:{s:9:\"translate\";i:1;s:4:\"data\";s:0:\"\";s:6:\"format\";s:6:\"base64\";}}s:4:\"type\";s:4:\"post\";}','2025-05-15 09:13:45',0,NULL,'39303231-3765-5163-a335-623032366663',NULL,1,NULL,NULL,0),
(91,327,10,1,0,'bfd78767ba5006348e37b4d60afdf964','local',1,'a:4:{s:3:\"url\";s:41:\"https://www.tahcontracting.com?page_id=15\";s:5:\"title\";s:14:\"خدماتنا\";s:8:\"contents\";a:4:{s:11:\"original_id\";a:2:{s:9:\"translate\";i:0;s:4:\"data\";i:15;}s:5:\"title\";a:3:{s:9:\"translate\";i:1;s:4:\"data\";s:20:\"2K7Yr9mF2KfYqtmG2Kc=\";s:6:\"format\";s:6:\"base64\";}s:4:\"body\";a:3:{s:9:\"translate\";i:1;s:4:\"data\";s:41132:\"[encoded data, 41132 characters]\";s:6:\"format\";s:6:\"base64\";}s:7:\"excerpt\";a:3:{s:9:\"translate\";i:1;s:4:\"data\";s:0:\"\";s:6:\"format\";s:6:\"base64\";}}s:4:\"type\";s:4:\"post\";}','2025-05-15 09:13:45',0,NULL,'65343463-3737-5264-b139-663166303232',NULL,1,NULL,NULL,0),
(92,328,10,1,0,'63e1c2e65fc7cef76770a39bcb9adc4b','local',1,'a:4:{s:3:\"url\";s:41:\"https://www.tahcontracting.com?page_id=13\";s:5:\"title\";s:11:\"من نحن\";s:8:\"contents\";a:4:{s:11:\"original_id\";a:2:{s:9:\"translate\";i:0;s:4:\"data\";i:13;}s:5:\"title\";a:3:{s:9:\"translate\";i:1;s:4:\"data\";s:16:\"2YXZhiDZhtit2YY=\";s:6:\"format\";s:6:\"base64\";}s:4:\"body\";a:3:{s:9:\"translate\";i:1;s:4:\"data\";s:46420:\"[encoded data, 46420 characters]\";s:6:\"format\";s:6:\"base64\";}s:7:\"excerpt\";a:3:{s:9:\"translate\";i:1;s:4:\"data\";s:0:\"\";s:6:\"format\";s:6:\"base64\";}}s:4:\"type\";s:4:\"post\";}','2025-05-15 09:13:45',0,NULL,'37663264-3165-5662-a131-383738303930',NULL,1,NULL,NULL,0),
(93,329,10,1,0,'fc56278d17fc966166a7a4cd00ab96df','local',1,'a:4:{s:3:\"url\";s:41:\"https://www.tahcontracting.com?page_id=10\";s:5:\"title\";s:16:\"الرئيسية\";s:8:\"contents\";a:4:{s:11:\"original_id\";a:2:{s:9:\"translate\";i:0;s:4:\"data\";i:10;}s:5:\"title\";a:3:{s:9:\"translate\";i:1;s:4:\"data\";s:24:\"2KfZhNix2KbZitiz2YrYqQ==\";s:6:\"format\";s:6:\"base64\";}s:4:\"body\";a:3:{s:9:\"translate\";i:1;s:4:\"data\";s:14504:\"[encoded data, 14504 characters]\";s:6:\"format\";s:6:\"base64\";}s:7:\"excerpt\";a:3:{s:9:\"translate\";i:1;s:4:\"data\";s:0:\"\";s:6:\"format\";s:6:\"base64\";}}s:4:\"type\";s:4:\"post\";}','2025-05-15 09:13:45',0,NULL,'34393134-3939-5333-b737-313566353865',NULL,1,NULL,NULL,0),
(94,330,10,1,1,'b65a8db5787ed87f7db0f5abe8e04a9e','local',1,'a:4:{s:3:\"url\";s:34:\"https://www.tahcontracting.com?p=6\";s:5:\"title\";s:11:\"Default Kit\";s:8:\"contents\";a:4:{s:11:\"original_id\";a:2:{s:9:\"translate\";i:0;s:4:\"data\";i:6;}s:5:\"title\";a:3:{s:9:\"translate\";i:1;s:4:\"data\";s:16:\"RGVmYXVsdCBLaXQ=\";s:6:\"format\";s:6:\"base64\";}s:4:\"body\";a:3:{s:9:\"translate\";i:1;s:4:\"data\";s:0:\"\";s:6:\"format\";s:6:\"base64\";}s:7:\"excerpt\";a:3:{s:9:\"translate\";i:1;s:4:\"data\";s:0:\"\";s:6:\"format\";s:6:\"base64\";}}s:4:\"type\";s:4:\"post\";}','2025-05-15 09:13:45',1,NULL,'61623961-3530-5535-a139-363265313532',NULL,1,NULL,NULL,0),
(95,331,1,1,0,'78ed760afa55c67b4b0805877aab3a35','local',1,'a:4:{s:3:\"url\";s:34:\"https://www.tahcontracting.com?p=4\";s:5:\"title\";s:10:\"Navigation\";s:8:\"contents\";a:4:{s:11:\"original_id\";a:2:{s:9:\"translate\";i:0;s:4:\"data\";i:4;}s:5:\"title\";a:3:{s:9:\"translate\";i:1;s:4:\"data\";s:16:\"TmF2aWdhdGlvbg==\";s:6:\"format\";s:6:\"base64\";}s:4:\"body\";a:3:{s:9:\"translate\";i:0;s:4:\"data\";s:32:\"PCEtLSB3cDpwYWdlLWxpc3QgLy0tPg==\";s:6:\"format\";s:6:\"base64\";}s:7:\"excerpt\";a:3:{s:9:\"translate\";i:1;s:4:\"data\";s:0:\"\";s:6:\"format\";s:6:\"base64\";}}s:4:\"type\";s:4:\"post\";}','2025-05-15 09:13:45',0,NULL,'65656636-3665-5931-b361-613934343930',NULL,1,NULL,NULL,0),
(96,360,10,1,0,'8a0dad706d3b5f9c3c5fe5e99f32e171','local',2,'a:4:{s:3:\"url\";s:36:\"https://www.tahcontracting.com?p=644\";s:5:\"title\";s:25:\"تنسيق الحدائق\";s:8:\"contents\";a:6:{s:11:\"original_id\";a:2:{s:9:\"translate\";i:0;s:4:\"data\";i:644;}s:5:\"title\";a:3:{s:9:\"translate\";i:1;s:4:\"data\";s:36:\"2KrZhtiz2YrZgiDYp9mE2K3Yr9in2KbZgg==\";s:6:\"format\";s:6:\"base64\";}s:4:\"body\";a:3:{s:9:\"translate\";i:1;s:4:\"data\";s:0:\"\";s:6:\"format\";s:6:\"base64\";}s:7:\"excerpt\";a:3:{s:9:\"translate\";i:1;s:4:\"data\";s:0:\"\";s:6:\"format\";s:6:\"base64\";}s:3:\"t_8\";a:3:{s:9:\"translate\";i:1;s:4:\"data\";s:36:\"2KrZhtiz2YrZgiDYp9mE2K3Yr9in2KbZgg==\";s:6:\"format\";s:6:\"base64\";}s:7:\"tdesc_8\";a:3:{s:9:\"translate\";i:1;s:4:\"data\";s:0:\"\";s:6:\"format\";s:6:\"base64\";}}s:4:\"type\";s:4:\"post\";}','2025-05-18 13:27:03',1,NULL,'65633238-6539-5738-b161-363433646166',NULL,1,NULL,NULL,0),
(97,361,10,1,0,'5e7973bb2af305cb7d7fe78bdbd68697','local',2,'a:4:{s:3:\"url\";s:36:\"https://www.tahcontracting.com?p=567\";s:5:\"title\";s:27:\"تأثيث المشاريع\";s:8:\"contents\";a:6:{s:11:\"original_id\";a:2:{s:9:\"translate\";i:0;s:4:\"data\";i:567;}s:5:\"title\";a:3:{s:9:\"translate\";i:1;s:4:\"data\";s:36:\"2KrYo9ir2YrYqyDYp9mE2YXYtNin2LHZiti5\";s:6:\"format\";s:6:\"base64\";}s:4:\"body\";a:3:{s:9:\"translate\";i:1;s:4:\"data\";s:0:\"\";s:6:\"format\";s:6:\"base64\";}s:7:\"excerpt\";a:3:{s:9:\"translate\";i:1;s:4:\"data\";s:0:\"\";s:6:\"format\";s:6:\"base64\";}s:4:\"t_10\";a:3:{s:9:\"translate\";i:1;s:4:\"data\";s:36:\"2KrYo9ir2YrYqyDYp9mE2YXYtNin2LHZiti5\";s:6:\"format\";s:6:\"base64\";}s:8:\"tdesc_10\";a:3:{s:9:\"translate\";i:1;s:4:\"data\";s:0:\"\";s:6:\"format\";s:6:\"base64\";}}s:4:\"type\";s:4:\"post\";}','2025-05-18 13:27:26',1,NULL,'37343538-6264-5234-b962-363337623239',NULL,1,NULL,NULL,0),
(98,362,10,1,0,'4d427c5447e4e68f2540ff98eb2e1bb2','local',2,'a:4:{s:3:\"url\";s:36:\"https://www.tahcontracting.com?p=553\";s:5:\"title\";s:24:\"تصاميم ثري دي\";s:8:\"contents\";a:6:{s:11:\"original_id\";a:2:{s:9:\"translate\";i:0;s:4:\"data\";i:553;}s:5:\"title\";a:3:{s:9:\"translate\";i:1;s:4:\"data\";s:32:\"2KrYtdin2YXZitmFINir2LHZiiDYr9mK\";s:6:\"format\";s:6:\"base64\";}s:4:\"body\";a:3:{s:9:\"translate\";i:1;s:4:\"data\";s:0:\"\";s:6:\"format\";s:6:\"base64\";}s:7:\"excerpt\";a:3:{s:9:\"translate\";i:1;s:4:\"data\";s:0:\"\";s:6:\"format\";s:6:\"base64\";}s:4:\"t_11\";a:3:{s:9:\"translate\";i:1;s:4:\"data\";s:32:\"2KrYtdin2YXZitmFINin2YTZgCAzRA==\";s:6:\"format\";s:6:\"base64\";}s:8:\"tdesc_11\";a:3:{s:9:\"translate\";i:1;s:4:\"data\";s:0:\"\";s:6:\"format\";s:6:\"base64\";}}s:4:\"type\";s:4:\"post\";}','2025-05-18 13:27:42',1,NULL,'64663631-3637-5030-b238-666130613930',NULL,1,NULL,NULL,0),
(99,363,10,1,0,'18cf716805db24f7bb7d18e48cca4a0a','local',2,'a:4:{s:3:\"url\";s:36:\"https://www.tahcontracting.com?p=720\";s:5:\"title\";s:13:\"سيف اثر\";s:8:\"contents\";a:10:{s:17:\"field-full_name-0\";a:3:{s:9:\"translate\";i:1;s:4:\"data\";s:20:\"2LPZitmBINin2KvYsQ==\";s:6:\"format\";s:6:\"base64\";}s:22:\"field-full_name-0-name\";a:2:{s:9:\"translate\";i:0;s:4:\"data\";s:11:\"full_name-0\";}s:22:\"field-full_name-0-type\";a:2:{s:9:\"translate\";i:0;s:4:\"data\";s:12:\"custom_field\";}s:17:\"field-_position-0\";a:3:{s:9:\"translate\";i:1;s:4:\"data\";s:32:\"2YXZh9mG2K/YsyDZhdi52YXYp9ix2Yog\";s:6:\"format\";s:6:\"base64\";}s:22:\"field-_position-0-name\";a:2:{s:9:\"translate\";i:0;s:4:\"data\";s:11:\"_position-0\";}s:22:\"field-_position-0-type\";a:2:{s:9:\"translate\";i:0;s:4:\"data\";s:12:\"custom_field\";}s:11:\"original_id\";a:2:{s:9:\"translate\";i:0;s:4:\"data\";i:720;}s:5:\"title\";a:3:{s:9:\"translate\";i:1;s:4:\"data\";s:20:\"2LPZitmBINin2KvYsQ==\";s:6:\"format\";s:6:\"base64\";}s:4:\"body\";a:3:{s:9:\"translate\";i:1;s:4:\"data\";s:0:\"\";s:6:\"format\";s:6:\"base64\";}s:7:\"excerpt\";a:3:{s:9:\"translate\";i:1;s:4:\"data\";s:0:\"\";s:6:\"format\";s:6:\"base64\";}}s:4:\"type\";s:4:\"post\";}','2025-05-18 13:28:35',1,NULL,'35396461-6337-5266-b564-633630373564',NULL,1,NULL,NULL,0),
(100,364,10,1,0,'0d6e179a26793b11c5c204d5d8666fd9','local',2,'a:4:{s:3:\"url\";s:36:\"https://www.tahcontracting.com?p=717\";s:5:\"title\";s:17:\"ناصر مالك\";s:8:\"contents\";a:10:{s:17:\"field-full_name-0\";a:3:{s:9:\"translate\";i:1;s:4:\"data\";s:24:\"2YbYp9i12LEg2YXYp9mE2YM=\";s:6:\"format\";s:6:\"base64\";}s:22:\"field-full_name-0-name\";a:2:{s:9:\"translate\";i:0;s:4:\"data\";s:11:\"full_name-0\";}s:22:\"field-full_name-0-type\";a:2:{s:9:\"translate\";i:0;s:4:\"data\";s:12:\"custom_field\";}s:17:\"field-_position-0\";a:3:{s:9:\"translate\";i:1;s:4:\"data\";s:56:\"2YXZh9mG2K/YsyDZhdiv2YbZiiDZiCDZhdi02LHZgSDZhdmI2KfZgti5\";s:6:\"format\";s:6:\"base64\";}s:22:\"field-_position-0-name\";a:2:{s:9:\"translate\";i:0;s:4:\"data\";s:11:\"_position-0\";}s:22:\"field-_position-0-type\";a:2:{s:9:\"translate\";i:0;s:4:\"data\";s:12:\"custom_field\";}s:11:\"original_id\";a:2:{s:9:\"translate\";i:0;s:4:\"data\";i:717;}s:5:\"title\";a:3:{s:9:\"translate\";i:1;s:4:\"data\";s:24:\"2YbYp9i12LEg2YXYp9mE2YM=\";s:6:\"format\";s:6:\"base64\";}s:4:\"body\";a:3:{s:9:\"translate\";i:1;s:4:\"data\";s:0:\"\";s:6:\"format\";s:6:\"base64\";}s:7:\"excerpt\";a:3:{s:9:\"translate\";i:1;s:4:\"data\";s:0:\"\";s:6:\"format\";s:6:\"base64\";}}s:4:\"type\";s:4:\"post\";}','2025-05-18 13:29:59',1,NULL,'65376636-6233-5661-a461-653134613733',NULL,1,NULL,NULL,0),
(101,365,10,1,0,'721a28db1f21d3ef16fb7fd7bba0adcc','local',2,'a:4:{s:3:\"url\";s:36:\"https://www.tahcontracting.com?p=714\";s:5:\"title\";s:35:\"سلطان ماجد بن سلطان\";s:8:\"contents\";a:10:{s:17:\"field-full_name-0\";a:3:{s:9:\"translate\";i:1;s:4:\"data\";s:48:\"2LPZhNi32KfZhiDZhdin2KzYryDYqNmGINiz2YTYt9in2YY=\";s:6:\"format\";s:6:\"base64\";}s:22:\"field-full_name-0-name\";a:2:{s:9:\"translate\";i:0;s:4:\"data\";s:11:\"full_name-0\";}s:22:\"field-full_name-0-type\";a:2:{s:9:\"translate\";i:0;s:4:\"data\";s:12:\"custom_field\";}s:17:\"field-_position-0\";a:3:{s:9:\"translate\";i:1;s:4:\"data\";s:32:\"2KfZhNmF2K/ZitixINin2YTYudin2YU=\";s:6:\"format\";s:6:\"base64\";}s:22:\"field-_position-0-name\";a:2:{s:9:\"translate\";i:0;s:4:\"data\";s:11:\"_position-0\";}s:22:\"field-_position-0-type\";a:2:{s:9:\"translate\";i:0;s:4:\"data\";s:12:\"custom_field\";}s:11:\"original_id\";a:2:{s:9:\"translate\";i:0;s:4:\"data\";i:714;}s:5:\"title\";a:3:{s:9:\"translate\";i:1;s:4:\"data\";s:48:\"2LPZhNi32KfZhiDZhdin2KzYryDYqNmGINiz2YTYt9in2YY=\";s:6:\"format\";s:6:\"base64\";}s:4:\"body\";a:3:{s:9:\"translate\";i:1;s:4:\"data\";s:0:\"\";s:6:\"format\";s:6:\"base64\";}s:7:\"excerpt\";a:3:{s:9:\"translate\";i:1;s:4:\"data\";s:0:\"\";s:6:\"format\";s:6:\"base64\";}}s:4:\"type\";s:4:\"post\";}','2025-05-18 13:30:41',1,NULL,'63333538-3534-5163-b234-303232343034',NULL,1,NULL,NULL,0),
(102,366,10,1,0,'507c270e3ab7bcc5acfdff1372a051ae','local',2,'a:4:{s:3:\"url\";s:36:\"https://www.tahcontracting.com?p=694\";s:5:\"title\";s:27:\"تأثيث المشاريع\";s:8:\"contents\";a:10:{s:20:\"field-icon_service-0\";a:3:{s:9:\"translate\";i:1;s:4:\"data\";s:4:\"MzEy\";s:6:\"format\";s:6:\"base64\";}s:25:\"field-icon_service-0-name\";a:2:{s:9:\"translate\";i:0;s:4:\"data\";s:14:\"icon_service-0\";}s:25:\"field-icon_service-0-type\";a:2:{s:9:\"translate\";i:0;s:4:\"data\";s:12:\"custom_field\";}s:25:\"field-short_description-0\";a:3:{s:9:\"translate\";i:1;s:4:\"data\";s:240:\"2KrZgtiv2YUg2KfZhNmF2YbYtNij2Kkg2YXYrNmF2YjYudipINmD2KfZhdmE2Kkg2YjZhdiq2YbZiNi52Kkg2YXZhiDYp9mE2KPYq9in2Ksg2YjYp9mE2YXZgdix2YjYtNin2KouINmD2YXYpyDYqtmC2K/ZhSDYrdmE2YjZhNin2Ysg2YXYqtmD2KfZhdmE2Kkg2YTZhNij2YXYp9mD2YYg2KfZhNiz2YPZhtmK2KkuLi4=\";s:6:\"format\";s:6:\"base64\";}s:30:\"field-short_description-0-name\";a:2:{s:9:\"translate\";i:0;s:4:\"data\";s:19:\"short_description-0\";}s:30:\"field-short_description-0-type\";a:2:{s:9:\"translate\";i:0;s:4:\"data\";s:12:\"custom_field\";}s:11:\"original_id\";a:2:{s:9:\"translate\";i:0;s:4:\"data\";i:694;}s:5:\"title\";a:3:{s:9:\"translate\";i:1;s:4:\"data\";s:36:\"2KrYo9ir2YrYqyDYp9mE2YXYtNin2LHZiti5\";s:6:\"format\";s:6:\"base64\";}s:4:\"body\";a:3:{s:9:\"translate\";i:1;s:4:\"data\";s:672:\"PCEtLSB3cDpwYXJhZ3JhcGggLS0+CjxwPtiq2YLYr9mFINin2YTZhdmG2LTYo9ipINmF2KzZhdmI2LnYqSDZg9in2YXZhNipINmI2YXYqtmG2YjYudipINmF2YYg2KfZhNij2KvYp9irINmI2KfZhNmF2YHYsdmI2LTYp9iqLiDZg9mF2Kcg2KrZgtiv2YUg2K3ZhNmI2YTYp9mLINmF2KrZg9in2YXZhNipINmE2YTYo9mF2KfZg9mGINin2YTYs9mD2YbZitipINmI2KfZhNiq2KzYp9ix2YrYqSDZiNin2YTZhdik2LPYs9mK2KkuPGJyPtmK2LrYt9mKINmG2LfYp9mCINi52YXZhNmG2Kcg2KrYtdmF2YrZhSDZiNiq2YjYsdmK2K8g2YjYqtix2YPZitioINmI2LXZitin2YbYqSDYp9mE2KPYq9in2Ksg2YjYp9mE2YXZgdix2YjYtNin2Kog2LnYp9mE2YrYqSDYp9mE2KzZiNiv2Kkg2KfZhNmF2LXZhdmF2Kkg2K7YtdmK2LXYp9mLINmE2KrZhNio2YrYqSDYp9mE2YXYqti32YTYqNin2Kog2KfZhNmI2LjZitmB2YrYqSDZiNin2YTYrNmF2KfZhNmK2KkuPC9wPgo8IS0tIC93cDpwYXJhZ3JhcGggLS0+\";s:6:\"format\";s:6:\"base64\";}s:7:\"excerpt\";a:3:{s:9:\"translate\";i:1;s:4:\"data\";s:0:\"\";s:6:\"format\";s:6:\"base64\";}}s:4:\"type\";s:4:\"post\";}','2025-05-18 13:31:59',1,NULL,'31303932-6234-5237-a638-366535396665',NULL,1,NULL,NULL,0),
(103,367,10,1,0,'3c330f0919b1e64fd06411999db877df','local',2,'a:4:{s:3:\"url\";s:36:\"https://www.tahcontracting.com?p=692\";s:5:\"title\";s:35:\"التجهيزات الداخلية\";s:8:\"contents\";a:10:{s:20:\"field-icon_service-0\";a:3:{s:9:\"translate\";i:1;s:4:\"data\";s:4:\"Njkz\";s:6:\"format\";s:6:\"base64\";}s:25:\"field-icon_service-0-name\";a:2:{s:9:\"translate\";i:0;s:4:\"data\";s:14:\"icon_service-0\";}s:25:\"field-icon_service-0-type\";a:2:{s:9:\"translate\";i:0;s:4:\"data\";s:12:\"custom_field\";}s:25:\"field-short_description-0\";a:3:{s:9:\"translate\";i:1;s:4:\"data\";s:256:\"2KrZiNmB2LEg2KfZhNmF2YbYtNij2Kkg2K7Yr9mF2KfYqiDYp9mE2KrYtdmF2YrZhSDYp9mE2K/Yp9iu2YTZitiMINmI2KfZhNiz2KrYp9im2LEg2KjYo9mG2YjYp9i52YfYp9iMINmI2KfZhNij2LnZhdin2YQg2KfZhNiu2LTYqNmK2KnYjCDZiNin2YTYrNiv2LHYp9mG2Iwg2YjYp9mE2LPZgtmB2Iwg2YjYp9mE2KPYsdi22YrYp9iqLi4u\";s:6:\"format\";s:6:\"base64\";}s:30:\"field-short_description-0-name\";a:2:{s:9:\"translate\";i:0;s:4:\"data\";s:19:\"short_description-0\";}s:30:\"field-short_description-0-type\";a:2:{s:9:\"translate\";i:0;s:4:\"data\";s:12:\"custom_field\";}s:11:\"original_id\";a:2:{s:9:\"translate\";i:0;s:4:\"data\";i:692;}s:5:\"title\";a:3:{s:9:\"translate\";i:1;s:4:\"data\";s:48:\"2KfZhNiq2KzZh9mK2LLYp9iqINin2YTYr9in2K7ZhNmK2Kk=\";s:6:\"format\";s:6:\"base64\";}s:4:\"body\";a:3:{s:9:\"translate\";i:1;s:4:\"data\";s:1136:\"PCEtLSB3cDpwYXJhZ3JhcGggLS0+CjxwPtiq2YjZgdixINin2YTZhdmG2LTYo9ipINiu2K/Zhdin2Kog2KfZhNiq2LXZhdmK2YUg2KfZhNiv2KfYrtmE2YrYjCDZiNin2YTYs9iq2KfYptixINio2KPZhtmI2KfYudmH2KfYjCDZiNin2YTYo9i52YXYp9mEINin2YTYrti02KjZitip2Iwg2YjYp9mE2KzYr9ix2KfZhtiMINmI2KfZhNiz2YLZgdiMINmI2KfZhNij2LHYttmK2KfYqtiMINmI2KfZhNij2KvYp9ir2Iwg2YjYp9mE2YXZg9in2KrYqCDYp9mE2YXYrti12LXYqSDZiNi62YrYsdmH2Kcg2YXZhiDYp9mE2K7Yr9mF2KfYqiDYqNiv2KHYp9mLINmF2YYg2KfZhNiq2LXZhdmK2YUg2YjYrdiq2Ykg2KfZhNiq2LPZhNmK2YUuINmD2YXYpyDZhtmC2YjZhSDYqNil2YPZhdin2YQg2KfZhNmF2LTYp9ix2YrYuSDYp9mE2KzYp9mH2LLYqSDYqNmF2LPYpNmI2YTZitipINmE2KrZiNmB2YrYsSDYqtis2LHYqNipINiu2KfZhNmK2Kkg2YXZhiDYp9mE2YXYqtin2LnYqCDZhNi52YXZhNin2KbZhtinLjwvcD4KPCEtLSAvd3A6cGFyYWdyYXBoIC0tPgoKPCEtLSB3cDpwYXJhZ3JhcGggLS0+CjxwPtmG2YLYr9mFINin2YTYrtiv2YXYp9iqINin2YTYqtin2YTZitipOjwvcD4KPCEtLSAvd3A6cGFyYWdyYXBoIC0tPgoKPCEtLSB3cDpwYXJhZ3JhcGggLS0+CjxwPtin2YTYo9iz2YLZgTxicj7Yp9mE2KPYsdi22YrYp9iqPGJyPtin2YTYt9mE2KfYoTxicj7Yo9i52YXYp9mEINin2YTZhtis2KfYsdipPGJyPtij2LnZhdin2YQg2KfZhNij2YLZhdi02Kk8YnI+2KPYudmF2KfZhCDYp9mE2LLYrNin2Kw8YnI+2KPYudmF2KfZhCDYqti12YbZiti5INin2YTZhdi52KfYr9mGPC9wPgo8IS0tIC93cDpwYXJhZ3JhcGggLS0+\";s:6:\"format\";s:6:\"base64\";}s:7:\"excerpt\";a:3:{s:9:\"translate\";i:1;s:4:\"data\";s:0:\"\";s:6:\"format\";s:6:\"base64\";}}s:4:\"type\";s:4:\"post\";}','2025-05-18 13:33:15',1,NULL,'30656565-6631-5631-a639-626537636533',NULL,1,NULL,NULL,0),
(104,368,10,1,0,'18216ba8b0523097b8f3ef51f5deeb79','local',2,'a:4:{s:3:\"url\";s:36:\"https://www.tahcontracting.com?p=690\";s:5:\"title\";s:36:\"أعمال تنسيق الحدائق\";s:8:\"contents\";a:10:{s:20:\"field-icon_service-0\";a:3:{s:9:\"translate\";i:1;s:4:\"data\";s:4:\"Njkx\";s:6:\"format\";s:6:\"base64\";}s:25:\"field-icon_service-0-name\";a:2:{s:9:\"translate\";i:0;s:4:\"data\";s:14:\"icon_service-0\";}s:25:\"field-icon_service-0-type\";a:2:{s:9:\"translate\";i:0;s:4:\"data\";s:12:\"custom_field\";}s:25:\"field-short_description-0\";a:3:{s:9:\"translate\";i:1;s:4:\"data\";s:240:\"2KrZgdmH2YUg2YXZhti02KPYqSDYqtmD2KfYqtmBINin2YTZh9mF2YUg2KfZhNmF2KrYt9mE2KjYp9iqINin2YTZgdix2YrYr9ipINmE2YXZhtin2K4g2KfZhNmF2YbYt9mC2Kkg2YjYqti22KfYsdmK2LPZh9inLiDZitis2YXYuSDZgdix2YrZgtmG2Kcg2KjZitmGINin2YTYrtio2LHYqSDZiNin2YTZhdi52LHZgdip\";s:6:\"format\";s:6:\"base64\";}s:30:\"field-short_description-0-name\";a:2:{s:9:\"translate\";i:0;s:4:\"data\";s:19:\"short_description-0\";}s:30:\"field-short_description-0-type\";a:2:{s:9:\"translate\";i:0;s:4:\"data\";s:12:\"custom_field\";}s:11:\"original_id\";a:2:{s:9:\"translate\";i:0;s:4:\"data\";i:690;}s:5:\"title\";a:3:{s:9:\"translate\";i:1;s:4:\"data\";s:48:\"2KPYudmF2KfZhCDYqtmG2LPZitmCINin2YTYrdiv2KfYptmC\";s:6:\"format\";s:6:\"base64\";}s:4:\"body\";a:3:{s:9:\"translate\";i:1;s:4:\"data\";s:892:\"PCEtLSB3cDpwYXJhZ3JhcGggLS0+CjxwPtiq2YHZh9mFINmF2YbYtNij2Kkg2KrZg9in2KrZgSDYp9mE2YfZhdmFINin2YTZhdiq2LfZhNio2KfYqiDYp9mE2YHYsdmK2K/YqSDZhNmF2YbYp9iuINin2YTZhdmG2LfZgtipINmI2KrYttin2LHZitiz2YfYpy4g2YrYrNmF2Lkg2YHYsdmK2YLZhtinINio2YrZhiDYp9mE2K7YqNix2Kkg2YHZiiDZh9mG2K/Ys9ipINin2YTZhdmG2KfYuNixINin2YTYt9io2YrYudmK2Kkg2YjYp9mE2YXYudix2YHYqSDYp9mE2LnZhdmK2YLYqSDYqNin2YTYo9mG2YjYp9i5INin2YTZhdit2YTZitipINmE2KXZhti02KfYoSDYqti12YXZitmF2KfYqiDYrdiv2KfYptmCINmF2LDZh9mE2KkuPC9wPgo8IS0tIC93cDpwYXJhZ3JhcGggLS0+Cgo8IS0tIHdwOnBhcmFncmFwaCAtLT4KPHA+2YbZgtiv2YUg2KfZhNiu2K/Zhdin2Kog2KfZhNiq2KfZhNmK2Kk6PC9wPgo8IS0tIC93cDpwYXJhZ3JhcGggLS0+Cgo8IS0tIHdwOnBhcmFncmFwaCAtLT4KPHA+2YfZhtiv2LPYqSDYp9mE2YXZhtin2LjYsSDYp9mE2LfYqNmK2LnZitipPGJyPtin2YTYqNiz2KrZhtipPGJyPtin2YTZhtio2KfYqtin2Kog2KfZhNiv2KfYrtmE2YrYqTxicj7Yrtiv2YXYp9iqINin2LPYqti02KfYsdin2Kog2KfZhNi12YrYp9mG2Kk8L3A+CjwhLS0gL3dwOnBhcmFncmFwaCAtLT4=\";s:6:\"format\";s:6:\"base64\";}s:7:\"excerpt\";a:3:{s:9:\"translate\";i:1;s:4:\"data\";s:0:\"\";s:6:\"format\";s:6:\"base64\";}}s:4:\"type\";s:4:\"post\";}','2025-05-18 13:35:07',1,NULL,'39613463-3766-5339-a430-313831393939',NULL,1,NULL,NULL,0),
(105,369,10,1,0,'9f89396920ae8a994063c7969c3c2b7a','local',2,'a:4:{s:3:\"url\";s:36:\"https://www.tahcontracting.com?p=689\";s:5:\"title\";s:58:\"الأعمال الميكانيكية الكهربائية\";s:8:\"contents\";a:10:{s:20:\"field-icon_service-0\";a:3:{s:9:\"translate\";i:1;s:4:\"data\";s:4:\"MzEz\";s:6:\"format\";s:6:\"base64\";}s:25:\"field-icon_service-0-name\";a:2:{s:9:\"translate\";i:0;s:4:\"data\";s:14:\"icon_service-0\";}s:25:\"field-icon_service-0-type\";a:2:{s:9:\"translate\";i:0;s:4:\"data\";s:12:\"custom_field\";}s:25:\"field-short_description-0\";a:3:{s:9:\"translate\";i:1;s:4:\"data\";s:220:\"2KrZgtiv2YUg2YXZhti02KPYqSDYqtmD2KfYqtmBINin2YTZh9mF2YUg2K3ZhNmI2YTYp9mLINi02KfZhdmE2Kkg2YTYqti12YXZitmFINmI2KrZiNix2YrYryDZiNiq2LHZg9mK2Kgg2YjYtdmK2KfZhtipINin2YTYo9mG2LjZhdipINin2YTZg9mH2LHZiNmF2YrZg9in2YbZitmD2YrYqQ==\";s:6:\"format\";s:6:\"base64\";}s:30:\"field-short_description-0-name\";a:2:{s:9:\"translate\";i:0;s:4:\"data\";s:19:\"short_description-0\";}s:30:\"field-short_description-0-type\";a:2:{s:9:\"translate\";i:0;s:4:\"data\";s:12:\"custom_field\";}s:11:\"original_id\";a:2:{s:9:\"translate\";i:0;s:4:\"data\";i:689;}s:5:\"title\";a:3:{s:9:\"translate\";i:1;s:4:\"data\";s:80:\"2KfZhNij2LnZhdin2YQg2KfZhNmF2YrZg9in2YbZitmD2YrYqSDYp9mE2YPZh9ix2KjYp9im2YrYqQ==\";s:6:\"format\";s:6:\"base64\";}s:4:\"body\";a:3:{s:9:\"translate\";i:1;s:4:\"data\";s:996:\"PCEtLSB3cDpwYXJhZ3JhcGggLS0+CjxwPtiq2YLYr9mFINi02LHZg9ipINiq2YPYp9iq2YEg2KfZhNmH2YXZhSDYrdmE2YjZhNin2Ysg2LTYp9mF2YTYqSDZhNiq2LXZhdmK2YUg2YjYqtmI2LHZitivINmI2KrYsdmD2YrYqCDZiNi12YrYp9mG2Kkg2KfZhNij2YbYuNmF2Kkg2KfZhNmD2YfYsdmI2YXZitmD2KfZhtmK2YPZitipINmB2Yog2YXYrtiq2YTZgSDYo9mG2YjYp9i5INin2YTZhdi02KfYsdmK2LnYjCDYqNmF2Kcg2YHZiiDYsNmE2YMg2KfZhNmF2LTYp9ix2YrYuSDYp9mE2KrYrNin2LHZitipINmI2KfZhNiz2YPZhtmK2Kkg2YjYp9mE2LXZhtin2LnZitipLiDZg9mF2Kcg2KrZgtiv2YUg2K7Yr9mF2KfYqiDZhdiq2YPYp9mF2YTYqSDYqti02YXZhCDYp9mE2KrYtdmF2YrZhSDZiNin2YTYqtmI2LHZitivINmI2KfZhNiq2LHZg9mK2Kgg2YjYp9mE2LXZitin2YbYqSDZiNin2YTYr9i52YUuPGJyPtin2YTYo9mG2LjZhdipINio2YXYpyDZgdmKINiw2YTZgzo8YnI+2YbYuNin2YUg2KfZhNiq2K/Zgdim2Kkg2YjYp9mE2KrZh9mI2YrYqSDZiNiq2YPZitmK2YEg2KfZhNmH2YjYp9ihIEhWQUMpKTxicj7Zhti42KfZhSDYp9mE2LPYqNin2YPYqSDZiNmF2YPYp9mB2K3YqSDYp9mE2K3Ysdin2KbZgjxicj7Zhti42KfZhSDYp9mE2YPZh9ix2KjYp9ihINmI2KfZhNil2YTZg9iq2LHZiNmG2YrYp9iqINmI2YbYuNin2YUg2KfZhNiq2YrYp9ixINin2YTZhdmG2K7Zgdi2PC9wPgo8IS0tIC93cDpwYXJhZ3JhcGggLS0+\";s:6:\"format\";s:6:\"base64\";}s:7:\"excerpt\";a:3:{s:9:\"translate\";i:1;s:4:\"data\";s:0:\"\";s:6:\"format\";s:6:\"base64\";}}s:4:\"type\";s:4:\"post\";}','2025-05-18 13:36:04',1,NULL,'31373862-6636-5564-a361-653139643237',NULL,1,NULL,NULL,0),
(106,370,10,1,0,'859ccbc877dbce5f048abbb295826949','local',2,'a:4:{s:3:\"url\";s:36:\"https://www.tahcontracting.com?p=368\";s:5:\"title\";s:57:\"الإنشاءات وخدمات إدارة المرافق\";s:8:\"contents\";a:11:{s:20:\"field-icon_service-0\";a:3:{s:9:\"translate\";i:1;s:4:\"data\";s:4:\"MjM3\";s:6:\"format\";s:6:\"base64\";}s:25:\"field-icon_service-0-name\";a:2:{s:9:\"translate\";i:0;s:4:\"data\";s:14:\"icon_service-0\";}s:25:\"field-icon_service-0-type\";a:2:{s:9:\"translate\";i:0;s:4:\"data\";s:12:\"custom_field\";}s:25:\"field-short_description-0\";a:3:{s:9:\"translate\";i:1;s:4:\"data\";s:284:\"2YbZiNmB2LEg2K7Yr9mF2KfYqiDYp9mE2KXZhti02KfYodin2Kog2KfZhNi02KfZhdmE2Kkg2YjYpdiv2KfYsdipINin2YTZhdix2KfZgdmCINmI2KfZhNi12YrYp9mG2Kkg2KfZhNmF2LXZhdmF2Kkg2YTYttmF2KfZhiDYp9mE2KrYtNi62YrZhCDYp9mE2LPZhNizINmI2LfZiNmEINi52YXYsSDYp9mE2YXYqNin2YbZiiDZiNin2YTYqNmG2YrYqSDYp9mE2KrYrdiq2YrYqQ==\";s:6:\"format\";s:6:\"base64\";}s:30:\"field-short_description-0-name\";a:2:{s:9:\"translate\";i:0;s:4:\"data\";s:19:\"short_description-0\";}s:30:\"field-short_description-0-type\";a:2:{s:9:\"translate\";i:0;s:4:\"data\";s:12:\"custom_field\";}s:11:\"original_id\";a:2:{s:9:\"translate\";i:0;s:4:\"data\";i:368;}s:5:\"title\";a:3:{s:9:\"translate\";i:1;s:4:\"data\";s:76:\"2KfZhNil2YbYtNin2KHYp9iqINmI2K7Yr9mF2KfYqiDYpdiv2KfYsdipINin2YTZhdix2KfZgdmC\";s:6:\"format\";s:6:\"base64\";}s:4:\"body\";a:3:{s:9:\"translate\";i:0;s:4:\"data\";s:1784:\"PCEtLSB3cDpwYXJhZ3JhcGggLS0+CjxwPtmG2YjZgdixINiu2K/Zhdin2Kog2KfZhNil2YbYtNin2KHYp9iqINin2YTYtNin2YXZhNipINmI2KXYr9in2LHYqSDYp9mE2YXYsdin2YHZgiDZiNin2YTYtdmK2KfZhtipINin2YTZhdi12YXZhdipINmE2LbZhdin2YYg2KfZhNiq2LTYutmK2YQg2KfZhNiz2YTYsyDZiNi32YjZhCDYudmF2LEg2KfZhNmF2KjYp9mG2Yog2YjYp9mE2KjZhtmK2Kkg2KfZhNiq2K3YqtmK2KkuPGJyPtmG2YLYr9mFINio2YbYp9ihINmD2KfZhdmEINin2YTZhti32KfZgiDZhNmE2YXYqNin2YbZiiDYp9mE2LPZg9mG2YrYqSDZiNin2YTYqtis2KfYsdmK2Kkg2YjYp9mE2LXZhtin2LnZitipLjxicj7Yqti02YXZhCDZg9mB2KfYodiq2YbYpyDYp9mE2KPYs9in2LPZitipINmF2LHYp9mC2KjYqSDYp9mE2KzZiNiv2Kkg2YjYpdiv2KfYsdipINin2YTYs9mE2KfZhdipINmI2KfZhNin2YTYqtiy2KfZhSDYqNin2YTZhdi52KfZitmK2LEg2KfZhNiq2YbYuNmK2YXZitipLjxicj7Zhtit2YYg2YXYqtiu2LXYtdmI2YYg2YHZiiDYqtmC2K/ZitmFINit2YTZiNmEINiv2KfYrtmE2YrYqSDYtNin2YXZhNipINmE2YTZhdi02KfYsdmK2Lkg2KfZhNiq2KzYp9ix2YrYqSDZiNin2YTYs9mD2YbZitipINmI2YXYtNin2LHZiti5INin2YTZhdio2KfZhtmKINin2YTYo9iu2LHZiS48YnI+2KrYtNmF2YQg2K7Yr9mF2KfYqtmG2Kcg2KfZhNiq2LXZhdmK2YUg2YjYp9mE2KrZiNix2YrYryDZiNin2YTYqtmG2YHZitiw2Iwg2YXZhdinINmK2LbZhdmGINiq2K3ZiNmE2KfZiyDYs9mE2LPYp9mLINmE2YTZhdiz2KfYrdin2KouPGJyPtmG2YLYr9mFINit2YTZiNmE2KfZiyDYudin2YTZitipINin2YTYrNmI2K/YqSDZiNmF2LXZhdmF2Kkg2K7YtdmK2LXYp9mLINiq2YXYstisINio2YrZhiDYp9mE2KPYr9in2KEg2KfZhNmI2LjZitmB2Yog2YjYp9mE2KzZhdin2YQg2YXZhiDYqtis2YfZitiy2KfYqiDYp9mE2YXZg9in2KrYqCDYpdmE2Ykg2KfZhNiq2LXZhdmK2YXYp9iqINin2YTYr9in2K7ZhNmK2Kkg2YTZhNmF2YbYp9iy2YQuPGJyPtmG2LbZhdmGINmE2LnZhdmE2KfYptmG2Kcg2KfZhNin2LPYqtmB2KfYr9ipINmF2YYg2KjZitim2KfYqiDZhdmI2KvZiNmC2Kkg2YjZgdin2LnZhNipINmI2KLZhdmG2Kkg2YXZhdinINmK2LLZitivINmF2YYg2YLZitmF2Kkg2KPYtdmI2YTZh9mFINmF2Lkg2YXYsdmI2LEg2KfZhNmI2YLYqiDYjCDZiNiw2YTZgyDYqNiq2YLYr9mK2YUg2K7Yr9mF2KfYqiDYp9mE2KjZhtin2KEg2YjYp9mE2YXYsdin2YHZgiDZiNin2YTYtdmK2KfZhtipINin2YTZhdiq2YPYp9mF2YTYqS48L3A+CjwhLS0gL3dwOnBhcmFncmFwaCAtLT4=\";s:6:\"format\";s:6:\"base64\";}s:7:\"excerpt\";a:3:{s:9:\"translate\";i:1;s:4:\"data\";s:0:\"\";s:6:\"format\";s:6:\"base64\";}s:21:\"package-string-15-230\";a:4:{s:9:\"translate\";i:1;s:4:\"data\";s:1724:\"2YbZiNmB2LEg2K7Yr9mF2KfYqiDYp9mE2KXZhti02KfYodin2Kog2KfZhNi02KfZhdmE2Kkg2YjYpdiv2KfYsdipINin2YTZhdix2KfZgdmCINmI2KfZhNi12YrYp9mG2Kkg2KfZhNmF2LXZhdmF2Kkg2YTYttmF2KfZhiDYp9mE2KrYtNi62YrZhCDYp9mE2LPZhNizINmI2LfZiNmEINi52YXYsSDYp9mE2YXYqNin2YbZiiDZiNin2YTYqNmG2YrYqSDYp9mE2KrYrdiq2YrYqS48YnIvPtmG2YLYr9mFINio2YbYp9ihINmD2KfZhdmEINin2YTZhti32KfZgiDZhNmE2YXYqNin2YbZiiDYp9mE2LPZg9mG2YrYqSDZiNin2YTYqtis2KfYsdmK2Kkg2YjYp9mE2LXZhtin2LnZitipLjxici8+2KrYtNmF2YQg2YPZgdin2KHYqtmG2Kcg2KfZhNij2LPYp9iz2YrYqSDZhdix2KfZgtio2Kkg2KfZhNis2YjYr9ipINmI2KXYr9in2LHYqSDYp9mE2LPZhNin2YXYqSDZiNin2YTYp9mE2KrYstin2YUg2KjYp9mE2YXYudin2YrZitixINin2YTYqtmG2LjZitmF2YrYqS48YnIvPtmG2K3ZhiDZhdiq2K7Ytdi12YjZhiDZgdmKINiq2YLYr9mK2YUg2K3ZhNmI2YQg2K/Yp9iu2YTZitipINi02KfZhdmE2Kkg2YTZhNmF2LTYp9ix2YrYuSDYp9mE2KrYrNin2LHZitipINmI2KfZhNiz2YPZhtmK2Kkg2YjZhdi02KfYsdmK2Lkg2KfZhNmF2KjYp9mG2Yog2KfZhNij2K7YsdmJLjxici8+2KrYtNmF2YQg2K7Yr9mF2KfYqtmG2Kcg2KfZhNiq2LXZhdmK2YUg2YjYp9mE2KrZiNix2YrYryDZiNin2YTYqtmG2YHZitiw2Iwg2YXZhdinINmK2LbZhdmGINiq2K3ZiNmE2KfZiyDYs9mE2LPYp9mLINmE2YTZhdiz2KfYrdin2KouPGJyLz7ZhtmC2K/ZhSDYrdmE2YjZhNin2Ysg2LnYp9mE2YrYqSDYp9mE2KzZiNiv2Kkg2YjZhdi12YXZhdipINiu2LXZiti12KfZiyDYqtmF2LLYrCDYqNmK2YYg2KfZhNij2K/Yp9ihINin2YTZiNi42YrZgdmKINmI2KfZhNis2YXYp9mEINmF2YYg2KrYrNmH2YrYstin2Kog2KfZhNmF2YPYp9iq2Kgg2KXZhNmJINin2YTYqti12YXZitmF2KfYqiDYp9mE2K/Yp9iu2YTZitipINmE2YTZhdmG2KfYstmELjxici8+2YbYttmF2YYg2YTYudmF2YTYp9im2YbYpyDYp9mE2KfYs9iq2YHYp9iv2Kkg2YXZhiDYqNmK2KbYp9iqINmF2YjYq9mI2YLYqSDZiNmB2KfYudmE2Kkg2YjYotmF2YbYqSDZhdmF2Kcg2YrYstmK2K8g2YXZhiDZgtmK2YXYqSDYo9i12YjZhNmH2YUg2YXYuSDZhdix2YjYsSDYp9mE2YjZgtiqINiMINmI2LDZhNmDINio2KrZgtiv2YrZhSDYrtiv2YXYp9iqINin2YTYqNmG2KfYoSDZiNin2YTZhdix2KfZgdmCINmI2KfZhNi12YrYp9mG2Kkg2KfZhNmF2KrZg9in2YXZhNipLg==\";s:8:\"wrap_tag\";s:0:\"\";s:6:\"format\";s:6:\"base64\";}}s:4:\"type\";s:4:\"post\";}','2025-05-18 13:36:44',1,NULL,'65623164-3263-5264-a436-393762656231',NULL,1,NULL,NULL,0),
(107,371,10,1,0,'69c7b5c3b180f4b41d1a40c820f109b4','local',2,'a:4:{s:3:\"url\";s:36:\"https://www.tahcontracting.com?p=580\";s:5:\"title\";s:29:\"Listing Grid — All Projects\";s:8:\"contents\";a:4:{s:11:\"original_id\";a:2:{s:9:\"translate\";i:0;s:4:\"data\";i:580;}s:5:\"title\";a:3:{s:9:\"translate\";i:1;s:4:\"data\";s:40:\"TGlzdGluZyBHcmlkIOKAlCBBbGwgUHJvamVjdHM=\";s:6:\"format\";s:6:\"base64\";}s:4:\"body\";a:3:{s:9:\"translate\";i:1;s:4:\"data\";s:0:\"\";s:6:\"format\";s:6:\"base64\";}s:7:\"excerpt\";a:3:{s:9:\"translate\";i:1;s:4:\"data\";s:0:\"\";s:6:\"format\";s:6:\"base64\";}}s:4:\"type\";s:4:\"post\";}','2025-05-18 13:39:01',1,NULL,'38613339-3966-5630-a230-363761616163',NULL,1,NULL,NULL,0),
(108,372,10,1,0,'777ebdf859658c89820a1b2c8512d937','local',2,'a:4:{s:3:\"url\";s:36:\"https://www.tahcontracting.com?p=447\";s:5:\"title\";s:25:\"Listing Grid — All Team\";s:8:\"contents\";a:4:{s:11:\"original_id\";a:2:{s:9:\"translate\";i:0;s:4:\"data\";i:447;}s:5:\"title\";a:3:{s:9:\"translate\";i:1;s:4:\"data\";s:36:\"TGlzdGluZyBHcmlkIOKAlCBBbGwgVGVhbQ==\";s:6:\"format\";s:6:\"base64\";}s:4:\"body\";a:3:{s:9:\"translate\";i:1;s:4:\"data\";s:632:\"PGltZyB3aWR0aD0iMzUwIiBoZWlnaHQ9IjM1MCIgc3JjPSJodHRwczovL3d3dy50YWhjb250cmFjdGluZy5jb20vd3AtY29udGVudC91cGxvYWRzLzIwMjUvMDQvQXZhdGFyLVVzZXIud2VicCIgYWx0PSJBdmF0YXIgLSBVc2VyIiBkZWNvZGluZz0iYXN5bmMiIHNyY3NldD0iaHR0cHM6Ly93d3cudGFoY29udHJhY3RpbmcuY29tL3dwLWNvbnRlbnQvdXBsb2Fkcy8yMDI1LzA0L0F2YXRhci1Vc2VyLndlYnAgMzUwdywgaHR0cHM6Ly93d3cudGFoY29udHJhY3RpbmcuY29tL3dwLWNvbnRlbnQvdXBsb2Fkcy8yMDI1LzA0L0F2YXRhci1Vc2VyLTMwMHgzMDAud2VicCAzMDB3LCBodHRwczovL3d3dy50YWhjb250cmFjdGluZy5jb20vd3AtY29udGVudC91cGxvYWRzLzIwMjUvMDQvQXZhdGFyLVVzZXItMTUweDE1MC53ZWJwIDE1MHciIHNpemVzPSIobWF4LXdpZHRoOiAzNTBweCkgMTAwdncsIDM1MHB4IiBsb2FkaW5nPSJlYWdlciIgLz4=\";s:6:\"format\";s:6:\"base64\";}s:7:\"excerpt\";a:3:{s:9:\"translate\";i:1;s:4:\"data\";s:0:\"\";s:6:\"format\";s:6:\"base64\";}}s:4:\"type\";s:4:\"post\";}','2025-05-18 13:39:19',1,NULL,'64343966-3734-5237-a263-636338613264',NULL,1,NULL,NULL,0),
(109,373,10,1,0,'eccf84db022dfc72ee7490707854ca99','local',2,'a:4:{s:3:\"url\";s:36:\"https://www.tahcontracting.com?p=369\";s:5:\"title\";s:30:\"Listing Grid — All  Services\";s:8:\"contents\";a:13:{s:11:\"original_id\";a:2:{s:9:\"translate\";i:0;s:4:\"data\";i:369;}s:5:\"title\";a:3:{s:9:\"translate\";i:1;s:4:\"data\";s:40:\"TGlzdGluZyBHcmlkIOKAlCBBbGwgIFNlcnZpY2Vz\";s:6:\"format\";s:6:\"base64\";}s:4:\"body\";a:3:{s:9:\"translate\";i:0;s:4:\"data\";s:140:\"TGlzdGluZyBHcmlkIOKAlCBBbGwgIFNlcnZpY2VzCQkJCQoJCQkJCTxhIGhyZWY9IiMiPgoJCQkJCQkJCQnYudix2LYg2KrZgdin2LXZitmEINin2YTYrtiv2YXYqQoJCQkJCTwvYT4=\";s:6:\"format\";s:6:\"base64\";}s:7:\"excerpt\";a:3:{s:9:\"translate\";i:1;s:4:\"data\";s:0:\"\";s:6:\"format\";s:6:\"base64\";}s:21:\"package-string-14-221\";a:4:{s:9:\"translate\";i:1;s:4:\"data\";s:8:\"RiBqLCBZ\";s:8:\"wrap_tag\";s:0:\"\";s:6:\"format\";s:6:\"base64\";}s:21:\"package-string-14-222\";a:4:{s:9:\"translate\";i:1;s:4:\"data\";s:4:\"Lg==\";s:8:\"wrap_tag\";s:0:\"\";s:6:\"format\";s:6:\"base64\";}s:21:\"package-string-14-223\";a:4:{s:9:\"translate\";i:1;s:4:\"data\";s:4:\"LA==\";s:8:\"wrap_tag\";s:0:\"\";s:6:\"format\";s:6:\"base64\";}s:21:\"package-string-14-224\";a:4:{s:9:\"translate\";i:1;s:4:\"data\";s:4:\"JXM=\";s:8:\"wrap_tag\";s:0:\"\";s:6:\"format\";s:6:\"base64\";}s:21:\"package-string-14-225\";a:4:{s:9:\"translate\";i:1;s:4:\"data\";s:8:\"RiBqLCBZ\";s:8:\"wrap_tag\";s:0:\"\";s:6:\"format\";s:6:\"base64\";}s:21:\"package-string-14-226\";a:4:{s:9:\"translate\";i:1;s:4:\"data\";s:4:\"Lg==\";s:8:\"wrap_tag\";s:0:\"\";s:6:\"format\";s:6:\"base64\";}s:21:\"package-string-14-227\";a:4:{s:9:\"translate\";i:1;s:4:\"data\";s:4:\"LA==\";s:8:\"wrap_tag\";s:0:\"\";s:6:\"format\";s:6:\"base64\";}s:21:\"package-string-14-228\";a:4:{s:9:\"translate\";i:1;s:4:\"data\";s:4:\"JXM=\";s:8:\"wrap_tag\";s:0:\"\";s:6:\"format\";s:6:\"base64\";}s:21:\"package-string-14-229\";a:4:{s:9:\"translate\";i:1;s:4:\"data\";s:44:\"2LnYsdi2INiq2YHYp9i12YrZhCDYp9mE2K7Yr9mF2Kk=\";s:8:\"wrap_tag\";s:0:\"\";s:6:\"format\";s:6:\"base64\";}}s:4:\"type\";s:4:\"post\";}','2025-05-18 13:39:40',0,NULL,'31323238-3964-5037-a562-383433333164',NULL,1,NULL,NULL,0),
(111,378,10,1,1,'d68a71d986a586a50035e0d0ca48ce7e','local',2,'a:4:{s:3:\"url\";s:36:\"https://www.tahcontracting.com?p=495\";s:5:\"title\";s:12:\"Contact Form\";s:8:\"contents\";a:6:{s:11:\"original_id\";a:2:{s:9:\"translate\";i:0;s:4:\"data\";i:495;}s:5:\"title\";a:3:{s:9:\"translate\";i:1;s:4:\"data\";s:16:\"Q29udGFjdCBGb3Jt\";s:6:\"format\";s:6:\"base64\";}s:4:\"body\";a:3:{s:9:\"translate\";i:0;s:4:\"data\";s:1212:\"PCEtLSB3cDpjb2x1bW5zIC0tPgo8ZGl2IGNsYXNzPSJ3cC1ibG9jay1jb2x1bW5zIj48IS0tIHdwOmNvbHVtbiAtLT4KPGRpdiBjbGFzcz0id3AtYmxvY2stY29sdW1uIj48IS0tIHdwOmpldC1mb3Jtcy90ZXh0LWZpZWxkIHsibmFtZSI6ImZpcnN0X25hbWUiLCJwbGFjZWhvbGRlciI6Itin2YTYpdiz2YUg2KfZhNij2YjZhCJ9IC8tLT4KCjwhLS0gd3A6amV0LWZvcm1zL3RleHQtZmllbGQgeyJmaWVsZF90eXBlIjoiZW1haWwiLCJuYW1lIjoiZW1haWwiLCJwbGFjZWhvbGRlciI6Itij2K/YrtmEINio2LHZitiv2YMg2KfZhNil2YTZg9iq2LHZiNmG2YoifSAvLS0+PC9kaXY+CjwhLS0gL3dwOmNvbHVtbiAtLT4KCjwhLS0gd3A6Y29sdW1uIC0tPgo8ZGl2IGNsYXNzPSJ3cC1ibG9jay1jb2x1bW4iPjwhLS0gd3A6amV0LWZvcm1zL3RleHQtZmllbGQgeyJuYW1lIjoibGFzdF9uYW1lIiwicGxhY2Vob2xkZXIiOiLYp9mE2KXYs9mFINin2YTYo9iu2YrYsSJ9IC8tLT4KCjwhLS0gd3A6amV0LWZvcm1zL3RleHQtZmllbGQgeyJmaWVsZF90eXBlIjoidGVsIiwiZW5hYmxlX2lucHV0X21hc2siOnRydWUsImlucHV0X21hc2siOiIoOTk5KSA5OTktOTk5OSIsIm1hc2tfdmlzaWJpbGl0eSI6ImZvY3VzIiwibmFtZSI6InBob25lIiwicGxhY2Vob2xkZXIiOiLYo9iv2K7ZhCDYsdmC2YUg2YfYp9iq2YHZgyJ9IC8tLT48L2Rpdj4KPCEtLSAvd3A6Y29sdW1uIC0tPjwvZGl2Pgo8IS0tIC93cDpjb2x1bW5zIC0tPgoKPCEtLSB3cDpqZXQtZm9ybXMvdGV4dGFyZWEtZmllbGQgeyJuYW1lIjoibWVzc2FnZSIsInBsYWNlaG9sZGVyIjoi2KrZgdin2LXZitmEINin2YTYt9mE2KguLi4uIn0gLy0tPgoKPCEtLSB3cDpqZXQtZm9ybXMvc3VibWl0LWZpZWxkIHsibGFiZWwiOiLYo9ix2LPZhCDYp9mE2KLZhiJ9IC8tLT4=\";s:6:\"format\";s:6:\"base64\";}s:7:\"excerpt\";a:3:{s:9:\"translate\";i:1;s:4:\"data\";s:0:\"\";s:6:\"format\";s:6:\"base64\";}s:4:\"t_13\";a:3:{s:9:\"translate\";i:1;s:4:\"data\";s:20:\"2KfYrtiq2YrYp9ix2Yo=\";s:6:\"format\";s:6:\"base64\";}s:8:\"tdesc_13\";a:3:{s:9:\"translate\";i:1;s:4:\"data\";s:0:\"\";s:6:\"format\";s:6:\"base64\";}}s:4:\"type\";s:4:\"post\";}','2025-05-18 13:56:49',1,NULL,'63366533-6534-5337-b238-616639633931',NULL,1,NULL,NULL,0),
(112,381,10,1,0,'ec0a855ab18cc55401cd5bc2f43dace8','local',2,'a:4:{s:3:\"url\";s:35:\"https://www.tahcontracting.com?p=73\";s:5:\"title\";s:11:\"Footer - V1\";s:8:\"contents\";a:16:{s:11:\"original_id\";a:2:{s:9:\"translate\";i:0;s:4:\"data\";i:73;}s:5:\"title\";a:3:{s:9:\"translate\";i:1;s:4:\"data\";s:16:\"Rm9vdGVyIC0gVjE=\";s:6:\"format\";s:6:\"base64\";}s:4:\"body\";a:3:{s:9:\"translate\";i:0;s:4:\"data\";s:5216:\"[encoded data, 5216 characters]\";s:6:\"format\";s:6:\"base64\";}s:7:\"excerpt\";a:3:{s:9:\"translate\";i:1;s:4:\"data\";s:0:\"\";s:6:\"format\";s:6:\"base64\";}s:21:\"package-string-12-203\";a:4:{s:9:\"translate\";i:1;s:4:\"data\";s:224:\"PHA+2YbYrdmGINmG2KrYudin2YXZhCDZhdi5INmD2YQg2YXYtNix2YjYuSDYqNi52YLZhNmK2Kkg2YXZiNis2YfYqSDZhtit2Ygg2KfZhNit2YTZiNmE2Iwg2YjZhtiq2YjZgti5INin2YTYqtit2K/Zitin2Kog2YjZhtmC2K/ZhSDZhdinINmK2YHZiNmCINin2YTYqtmI2YLYudin2KouPC9wPg==\";s:8:\"wrap_tag\";s:0:\"\";s:6:\"format\";s:6:\"base64\";}s:21:\"package-string-12-204\";a:4:{s:9:\"translate\";i:1;s:4:\"data\";s:32:\"4oCUINix2YjYp9io2Lcg2YXZh9mF2Kk=\";s:8:\"wrap_tag\";s:2:\"h2\";s:6:\"format\";s:6:\"base64\";}s:21:\"package-string-12-205\";a:4:{s:9:\"translate\";i:1;s:4:\"data\";s:16:\"2YXZhiDZhtit2YY=\";s:8:\"wrap_tag\";s:4:\"span\";s:6:\"format\";s:6:\"base64\";}s:21:\"package-string-12-207\";a:4:{s:9:\"translate\";i:1;s:4:\"data\";s:20:\"2K7Yr9mF2KfYqtmG2Kc=\";s:8:\"wrap_tag\";s:4:\"span\";s:6:\"format\";s:6:\"base64\";}s:21:\"package-string-12-209\";a:4:{s:9:\"translate\";i:1;s:4:\"data\";s:28:\"2YHYsdmK2YIg2KfZhNi52YXZhA==\";s:8:\"wrap_tag\";s:4:\"span\";s:6:\"format\";s:6:\"base64\";}s:21:\"package-string-12-211\";a:4:{s:9:\"translate\";i:1;s:4:\"data\";s:24:\"2YXYtNin2LHZiti52YbYpw==\";s:8:\"wrap_tag\";s:4:\"span\";s:6:\"format\";s:6:\"base64\";}s:21:\"package-string-12-213\";a:4:{s:9:\"translate\";i:1;s:4:\"data\";s:44:\"4oCUINmF2LnZhNmI2YXYp9iqINin2YTYqtmI2KfYtdmE\";s:8:\"wrap_tag\";s:2:\"h2\";s:6:\"format\";s:6:\"base64\";}s:21:\"package-string-12-214\";a:4:{s:9:\"translate\";i:1;s:4:\"data\";s:80:\"2KfZhNio2LHZitivINin2YTYpdmE2YPYqtix2YjZhtmKOiBpbmZvQHRhaGNvbnRyYWN0aW5nLmNvbQ==\";s:8:\"wrap_tag\";s:4:\"span\";s:6:\"format\";s:6:\"base64\";}s:21:\"package-string-12-215\";a:4:{s:9:\"translate\";i:1;s:4:\"data\";s:40:\"bWFpbHRvOmluZm9AdGFoY29udHJhY3RpbmcuY29t\";s:8:\"wrap_tag\";s:4:\"span\";s:6:\"format\";s:6:\"base64\";}s:21:\"package-string-12-216\";a:4:{s:9:\"translate\";i:1;s:4:\"data\";s:52:\"2LHZgtmFINin2YTYrNmI2KfZhDogOTY2NTkyOTE4Njcz4oCsKw==\";s:8:\"wrap_tag\";s:4:\"span\";s:6:\"format\";s:6:\"base64\";}s:21:\"package-string-12-217\";a:4:{s:9:\"translate\";i:1;s:4:\"data\";s:28:\"dGVsOis5NjY1OTI5MTg2NzPigKw=\";s:8:\"wrap_tag\";s:4:\"span\";s:6:\"format\";s:6:\"base64\";}s:21:\"package-string-12-218\";a:4:{s:9:\"translate\";i:1;s:4:\"data\";s:116:\"wqkg2KzZhdmK2Lkg2KfZhNit2YLZiNmCINmF2K3ZgdmI2LjYqSAtINiq2YPYp9iq2YEg2KfZhNmH2YXZhSDZhNmE2YXZgtin2YjZhNin2KogMjAyNQ==\";s:8:\"wrap_tag\";s:1:\"p\";s:6:\"format\";s:6:\"base64\";}}s:4:\"type\";s:4:\"post\";}','2025-05-18 13:58:54',0,NULL,'30633633-6135-5863-a237-636162316264',NULL,1,NULL,NULL,0),
(113,384,10,1,0,'d0071f1ffe070b9e39af71ae927631c9','local',2,'a:4:{s:3:\"url\";s:35:\"https://www.tahcontracting.com?p=59\";s:5:\"title\";s:11:\"Header - V1\";s:8:\"contents\";a:4:{s:11:\"original_id\";a:2:{s:9:\"translate\";i:0;s:4:\"data\";i:59;}s:5:\"title\";a:3:{s:9:\"translate\";i:1;s:4:\"data\";s:16:\"SGVhZGVyIC0gVjE=\";s:6:\"format\";s:6:\"base64\";}s:4:\"body\";a:3:{s:9:\"translate\";i:1;s:4:\"data\";s:3752:\"PGEgaHJlZj0iaHR0cHM6Ly93d3cudGFoY29udHJhY3RpbmcuY29tLyI+PGltZyBzcmM9Imh0dHBzOi8vd3d3LnRhaGNvbnRyYWN0aW5nLmNvbS93cC1jb250ZW50L3VwbG9hZHMvMjAyNS8wNC9sb2dvX3RhaF9lc3RhYmxpc2gud2VicCIgYWx0PSJUYWthdHVmIEFsLUhpbW0gQ29udHJhY3RpbmcgRXN0YWJsaXNobWVudCIgd2lkdGg9IjE0MDMiIGhlaWdodD0iOTg3Ij48L2E+CgkJCQkJPG5hdiBkYXRhLW1vYmlsZS10cmlnZ2VyLWRldmljZT0ibW9iaWxlIiBkYXRhLW1vYmlsZS1sYXlvdXQ9InJpZ2h0LXNpZGUiPgoJPHN2ZyB4bWxucz0iaHR0cDovL3d3dy53My5vcmcvMjAwMC9zdmciIGlkPSJMYXllcl8xIiBkYXRhLW5hbWU9IkxheWVyIDEiIHZpZXdCb3g9IjAgMCAyNCAyNCIgd2lkdGg9IjUxMiIgaGVpZ2h0PSI1MTIiPjxwYXRoIGQ9Ik0yNCwydjJIMFYySDI0Wk0wLDIySDh2LTJIMHYyWk0wLDEzSDE2di0ySDB2MloiPjwvcGF0aD48L3N2Zz4JPHN2ZyB4bWxucz0iaHR0cDovL3d3dy53My5vcmcvMjAwMC9zdmciIHZpZXdCb3g9IjAgMCAyNCAyNCIgd2lkdGg9IjUxMiIgaGVpZ2h0PSI1MTIiPjxnIGlkPSJfMDFfYWxpZ25fY2VudGVyIiBkYXRhLW5hbWU9IjAxIGFsaWduIGNlbnRlciI+PHBvbHlnb24gcG9pbnRzPSIxOC43MDcgNi43MDcgMTcuMjkzIDUuMjkzIDEyIDEwLjU4NiA2LjcwNyA1LjI5MyA1LjI5MyA2LjcwNyAxMC41ODYgMTIgNS4yOTMgMTcuMjkzIDYuNzA3IDE4LjcwNyAxMiAxMy40MTQgMTcuMjkzIDE4LjcwNyAxOC43MDcgMTcuMjkzIDEzLjQxNCAxMiAxOC43MDcgNi43MDciPjwvcG9seWdvbj48L2c+PC9zdmc+PGEgaHJlZj0iaHR0cHM6Ly93d3cudGFoY29udHJhY3RpbmcuY29tLyI+2KfZhNix2KbZitiz2YrYqTwvYT4KPGEgaHJlZj0iaHR0cHM6Ly93d3cudGFoY29udHJhY3RpbmcuY29tL2Fib3V0LXVzLyI+2YXZhiDZhtit2YY8L2E+CjxhIGhyZWY9Imh0dHBzOi8vd3d3LnRhaGNvbnRyYWN0aW5nLmNvbS9vdXItc2VydmljZXMvIj7Yrtiv2YXYp9iq2YbYpzwvYT4KPGEgaHJlZj0iaHR0cHM6Ly93d3cudGFoY29udHJhY3RpbmcuY29tL291ci10ZWFtLyI+2YHYsdmK2YIg2KfZhNi52YXZhDwvYT4KPGEgaHJlZj0iaHR0cHM6Ly93d3cudGFoY29udHJhY3RpbmcuY29tL291ci1wcm9qZWN0cy8iPtij2LnZhdin2YTZhtinPC9hPgo8YSBocmVmPSJodHRwczovL3d3dy50YWhjb250cmFjdGluZy5jb20vY29udGFjdC11cy8iPtiq2YjYp9i12YQg2YXYudmG2Kc8L2E+CjxzdmcgeG1sbnM9Imh0dHA6Ly93d3cudzMub3JnLzIwMDAvc3ZnIiB2aWV3Qm94PSIwIDAgMjQgMjQiIHdpZHRoPSI1MTIiIGhlaWdodD0iNTEyIj48ZyBpZD0iXzAxX2FsaWduX2NlbnRlciIgZGF0YS1uYW1lPSIwMSBhbGlnbiBjZW50ZXIiPjxwb2x5Z29uIHBvaW50cz0iMTguNzA3IDYuNzA3IDE3LjI5MyA1LjI5MyAxMiAxMC41ODYgNi43MDcgNS4yOTMgNS4yOTMgNi43MDcgMTAuNTg2IDEyIDUuMjkzIDE3LjI5MyA2LjcwNyAxOC43MDcgMTIgMTMuNDE0IDE3LjI5MyAxOC43MDcgMTguNzA3IDE3LjI5MyAxMy40MTQgMTIgMTguNzA3IDYuNzA3Ij48L3BvbHlnb24+PC9nPjwvc3ZnPjwvbmF2PgkJCQkKCQkJCQk8YSBocmVmPSJodHRwczovL3d3dy50YWhjb250cmFjdGluZy5jb20vY29udGFjdC11cy8iPgoJCQkJPHN2ZyB4bWxucz0iaHR0cDovL3d3dy53My5vcmcvMjAwMC9zdmciIGlkPSJMYXllcl8xIiBkYXRhLW5hbWU9IkxheWVyIDEiIHZpZXdCb3g9IjAgMCAyNCAyNCIgd2lkdGg9IjUxMiIgaGVpZ2h0PSI1MTIiPjxwYXRoIGQ9Ik0xOCw4LjVhMi41LDIuNSwwLDAsMS01LDBBMi41LDIuNSwwLDAsMSwxOCw4LjVabS0uMDA2LDYuODY2YTExLjA2NSwxMS4wNjUsMCwwLDEtMS4xNjMsNC41NjlBNy42MzQsNy42MzQsMCwwLDEsMTAsMjRIOVYxOC41QTMuNTE3LDMuNTE3LDAsMCwwLDUuNSwxNUgwVjE0QTcuNjM0LDcuNjM0LDAsMCwxLDQuMDY1LDcuMTY5LDExLjA2NSwxMS4wNjUsMCwwLDEsOC42MzQsNi4wMDYsMTUuNDg3LDE1LjQ4NywwLDAsMSwyMC45NzIsMGgwQTMuMDA5LDMuMDA5LDAsMCwxLDI0LDMsMTUuNTA3LDE1LjUwNywwLDAsMSwxNy45OTQsMTUuMzY2Wk0yLjA4NCwxM0g0LjM0NkEzNC4zNjEsMzQuMzYxLDAsMCwxLDYuOTU1LDguMjM3YTguOTkzLDguOTkzLDAsMCwwLTEuOTkzLjcyQTUuNTE5LDUuNTE5LDAsMCwwLDIuMDg0LDEzWm0xMy42NzksNC4wNDVBMzQuMzYxLDM0LjM2MSwwLDAsMSwxMSwxOS42NTR2Mi4yNjJhNS41MTksNS41MTksMCwwLDAsNC4wNDMtMi44NzhBOC45OTMsOC45OTMsMCwwLDAsMTUuNzYzLDE3LjA0NVpNMjIsMi45NzJBMSwxLDAsMCwwLDIxLDJjLTUuMTYuMTQ3LTguNjUsMi4xMjQtMTIuMDE4LDYuODIyYTI5LjkyLDI5LjkyLDAsMCwwLTIuNDcxLDQuMjcxLDUuNSw1LjUsMCwwLDEsNC40LDQuNCwyOS45MiwyOS45MiwwLDAsMCw0LjI3MS0yLjQ3MUMxOS44NzYsMTEuNjUsMjEuODUzLDguMTYsMjIsMi45NzJaTTYuMTIyLDE3Ljg3OWEzLjAxNSwzLjAxNSwwLDAsMSwwLDQuMjQyYy0uOTA3LjkwNi0zLjYyMiwxLjQ2NS00Ljc0OCwxLjY2NGwtMS40MDYuMjQ3LjI0Ny0xLjQwNmMuMi0xLjEyNi43NTgtMy44NDEsMS42NjQtNC43NDhBMy4wNzMsMy4wNzMsMCwwLDEsNi4xMjIsMTcuODc5Wk01LDIwYS45OTMuOTkzLDAsMCwwLS4yOTMtLjcwNywxLDEsMCwwLDAtMS40MTQsMEE3LjMxOCw3LjMxOCwwLDAsMCwyLjUsMjEuNWE3LjM0Miw3LjM0MiwwLDAsMCwyLjIwOC0uNzk0QS45OTMuOTkzLDAsMCwwLDUsMjBaIj48L3BhdGg+PC9zdmc+CQkJCgkJCQkJCQkJCdin2KjYr9ijINmF2LTYsdmI2LnZgwoJCQkJCTwvYT4=\";s:6:\"format\";s:6:\"base64\";}s:7:\"excerpt\";a:3:{s:9:\"translate\";i:1;s:4:\"data\";s:0:\"\";s:6:\"format\";s:6:\"base64\";}}s:4:\"type\";s:4:\"post\";}','2025-05-18 14:01:02',0,NULL,'62633338-6663-5731-a132-646635346637',NULL,1,NULL,NULL,0),
(114,390,10,1,0,'cf55f4f9a3e0a0d25ce600ec84d00ddc','local',0,'a:4:{s:3:\"url\";s:37:\"https://www.tahcontracting.com?p=1270\";s:5:\"title\";s:23:\"Filter - Switcher Query\";s:8:\"contents\";a:7:{s:22:\"field-_s_placeholder-0\";a:3:{s:9:\"translate\";i:1;s:4:\"data\";s:12:\"U2VhcmNoLi4u\";s:6:\"format\";s:6:\"base64\";}s:27:\"field-_s_placeholder-0-name\";a:2:{s:9:\"translate\";i:0;s:4:\"data\";s:16:\"_s_placeholder-0\";}s:27:\"field-_s_placeholder-0-type\";a:2:{s:9:\"translate\";i:0;s:4:\"data\";s:12:\"custom_field\";}s:11:\"original_id\";a:2:{s:9:\"translate\";i:0;s:4:\"data\";i:1270;}s:5:\"title\";a:3:{s:9:\"translate\";i:1;s:4:\"data\";s:32:\"RmlsdGVyIC0gU3dpdGNoZXIgUXVlcnk=\";s:6:\"format\";s:6:\"base64\";}s:4:\"body\";a:3:{s:9:\"translate\";i:1;s:4:\"data\";s:0:\"\";s:6:\"format\";s:6:\"base64\";}s:7:\"excerpt\";a:3:{s:9:\"translate\";i:1;s:4:\"data\";s:0:\"\";s:6:\"format\";s:6:\"base64\";}}s:4:\"type\";s:4:\"post\";}','2025-05-18 22:16:36',1,NULL,NULL,NULL,1,NULL,NULL,0),
(115,319,10,1,0,'cf55f4f9a3e0a0d25ce600ec84d00ddc','local',2,'a:4:{s:3:\"url\";s:36:\"https://www.tahcontracting.com?p=570\";s:5:\"title\";s:23:\"Filter - Switcher Query\";s:8:\"contents\";a:7:{s:22:\"field-_s_placeholder-0\";a:3:{s:9:\"translate\";i:1;s:4:\"data\";s:12:\"U2VhcmNoLi4u\";s:6:\"format\";s:6:\"base64\";}s:27:\"field-_s_placeholder-0-name\";a:2:{s:9:\"translate\";i:0;s:4:\"data\";s:16:\"_s_placeholder-0\";}s:27:\"field-_s_placeholder-0-type\";a:2:{s:9:\"translate\";i:0;s:4:\"data\";s:12:\"custom_field\";}s:11:\"original_id\";a:2:{s:9:\"translate\";i:0;s:4:\"data\";i:570;}s:5:\"title\";a:3:{s:9:\"translate\";i:1;s:4:\"data\";s:32:\"RmlsdGVyIC0gU3dpdGNoZXIgUXVlcnk=\";s:6:\"format\";s:6:\"base64\";}s:4:\"body\";a:3:{s:9:\"translate\";i:1;s:4:\"data\";s:0:\"\";s:6:\"format\";s:6:\"base64\";}s:7:\"excerpt\";a:3:{s:9:\"translate\";i:1;s:4:\"data\";s:0:\"\";s:6:\"format\";s:6:\"base64\";}}s:4:\"type\";s:4:\"post\";}','2025-05-18 20:24:18',1,NULL,'34326639-3733-5539-b766-333632373533',NULL,1,NULL,NULL,0),
(116,392,9,0,0,'','',0,'','2025-05-28 20:54:06',0,NULL,NULL,NULL,1,NULL,NULL,0),
(117,394,9,0,0,'','',0,'','2025-05-28 20:57:34',0,NULL,NULL,NULL,1,NULL,NULL,0);

--
