--
-- Host: localhost    Database: wp313
-- ------------------------------------------------------


--
-- Table structure for table `wp7s_actionscheduler_actions`
--

CREATE TABLE `wp7s_actionscheduler_actions` (
  `action_id` bigint(20) unsigned NOT NULL AUTO_INCREMENT,
  `hook` varchar(191) NOT NULL,
  `status` varchar(20) NOT NULL,
  `scheduled_date_gmt` datetime DEFAULT '0000-00-00 00:00:00',
  `scheduled_date_local` datetime DEFAULT '0000-00-00 00:00:00',
  `priority` tinyint(3) unsigned NOT NULL DEFAULT 10,
  `args` varchar(191) DEFAULT NULL,
  `schedule` longtext DEFAULT NULL,
  `group_id` bigint(20) unsigned NOT NULL DEFAULT 0,
  `attempts` int(11) NOT NULL DEFAULT 0,
  `last_attempt_gmt` datetime DEFAULT '0000-00-00 00:00:00',
  `last_attempt_local` datetime DEFAULT '0000-00-00 00:00:00',
  `claim_id` bigint(20) unsigned NOT NULL DEFAULT 0,
  `extended_args` varchar(8000) DEFAULT NULL,
  PRIMARY KEY (`action_id`),
  KEY `hook_status_scheduled_date_gmt` (`hook`(163),`status`,`scheduled_date_gmt`),
  KEY `status_scheduled_date_gmt` (`status`,`scheduled_date_gmt`),
  KEY `scheduled_date_gmt` (`scheduled_date_gmt`),
  KEY `args` (`args`),
  KEY `group_id` (`group_id`),
  KEY `last_attempt_gmt` (`last_attempt_gmt`),
  KEY `claim_id_status_scheduled_date_gmt` (`claim_id`,`status`,`scheduled_date_gmt`)
) ENGINE=InnoDB AUTO_INCREMENT=515 DEFAULT CHARSET=utf8mb4 COLLATE=utf8mb4_unicode_520_ci;

--
-- Dumping data for table `wp7s_actionscheduler_actions`
--

INSERT INTO `wp7s_actionscheduler_actions` (`action_id`, `hook`, `status`, `scheduled_date_gmt`, `scheduled_date_local`, `priority`, `args`, `schedule`, `group_id`, `attempts`, `last_attempt_gmt`, `last_attempt_local`, `claim_id`, `extended_args`) VALUES (497,'action_scheduler/migration_hook','failed','2025-04-24 08:30:40','2025-04-24 08:30:40',10,'[]','O:30:\"ActionScheduler_SimpleSchedule\":2:{s:22:\"\0*\0scheduled_timestamp\";i:1745483440;s:41:\"\0ActionScheduler_SimpleSchedule\0timestamp\";i:1745483440;}',1,1,'2025-04-24 08:30:40','2025-04-24 08:30:40',0,NULL),
(498,'action_scheduler/migration_hook','complete','2025-05-14 20:52:57','2025-05-14 20:52:57',10,'[]','O:30:\"ActionScheduler_SimpleSchedule\":2:{s:22:\"\0*\0scheduled_timestamp\";i:1747255977;s:41:\"\0ActionScheduler_SimpleSchedule\0timestamp\";i:1747255977;}',1,1,'2025-05-14 20:52:59','2025-05-14 20:52:59',0,NULL),
(499,'action_scheduler/migration_hook','complete','2025-05-14 20:55:45','2025-05-14 20:55:45',10,'[]','O:30:\"ActionScheduler_SimpleSchedule\":2:{s:22:\"\0*\0scheduled_timestamp\";i:1747256145;s:41:\"\0ActionScheduler_SimpleSchedule\0timestamp\";i:1747256145;}',1,1,'2025-05-15 08:49:31','2025-05-15 08:49:31',0,NULL),
(500,'action_scheduler/migration_hook','complete','2025-05-15 10:59:55','2025-05-15 10:59:55',10,'[]','O:30:\"ActionScheduler_SimpleSchedule\":2:{s:22:\"\0*\0scheduled_timestamp\";i:1747306795;s:41:\"\0ActionScheduler_SimpleSchedule\0timestamp\";i:1747306795;}',1,1,'2025-05-15 11:00:08','2025-05-15 11:00:08',0,NULL),
(501,'action_scheduler/migration_hook','complete','2025-05-15 11:01:18','2025-05-15 11:01:18',10,'[]','O:30:\"ActionScheduler_SimpleSchedule\":2:{s:22:\"\0*\0scheduled_timestamp\";i:1747306878;s:41:\"\0ActionScheduler_SimpleSchedule\0timestamp\";i:1747306878;}',1,1,'2025-05-15 11:01:37','2025-05-15 11:01:37',0,NULL),
(502,'action_scheduler/migration_hook','complete','2025-05-15 11:09:19','2025-05-15 11:09:19',10,'[]','O:30:\"ActionScheduler_SimpleSchedule\":2:{s:22:\"\0*\0scheduled_timestamp\";i:1747307359;s:41:\"\0ActionScheduler_SimpleSchedule\0timestamp\";i:1747307359;}',1,1,'2025-05-15 11:09:49','2025-05-15 11:09:49',0,NULL),
(503,'action_scheduler/migration_hook','complete','2025-05-16 19:21:19','2025-05-16 19:21:19',10,'[]','O:30:\"ActionScheduler_SimpleSchedule\":2:{s:22:\"\0*\0scheduled_timestamp\";i:1747423279;s:41:\"\0ActionScheduler_SimpleSchedule\0timestamp\";i:1747423279;}',1,1,'2025-05-16 19:21:40','2025-05-16 19:21:40',0,NULL),
(504,'action_scheduler/migration_hook','complete','2025-05-18 16:02:53','2025-05-18 16:02:53',10,'[]','O:30:\"ActionScheduler_SimpleSchedule\":2:{s:22:\"\0*\0scheduled_timestamp\";i:1747584173;s:41:\"\0ActionScheduler_SimpleSchedule\0timestamp\";i:1747584173;}',1,1,'2025-05-18 16:03:32','2025-05-18 16:03:32',0,NULL),
(505,'action_scheduler/migration_hook','complete','2025-05-18 16:19:09','2025-05-18 16:19:09',10,'[]','O:30:\"ActionScheduler_SimpleSchedule\":2:{s:22:\"\0*\0scheduled_timestamp\";i:1747585149;s:41:\"\0ActionScheduler_SimpleSchedule\0timestamp\";i:1747585149;}',1,1,'2025-05-18 16:20:00','2025-05-18 16:20:00',0,NULL),
(506,'action_scheduler/migration_hook','complete','2025-05-18 16:27:29','2025-05-18 16:27:29',10,'[]','O:30:\"ActionScheduler_SimpleSchedule\":2:{s:22:\"\0*\0scheduled_timestamp\";i:1747585649;s:41:\"\0ActionScheduler_SimpleSchedule\0timestamp\";i:1747585649;}',1,1,'2025-05-18 16:27:38','2025-05-18 16:27:38',0,NULL),
(507,'action_scheduler/migration_hook','complete','2025-05-18 21:42:00','2025-05-18 21:42:00',10,'[]','O:30:\"ActionScheduler_SimpleSchedule\":2:{s:22:\"\0*\0scheduled_timestamp\";i:1747604520;s:41:\"\0ActionScheduler_SimpleSchedule\0timestamp\";i:1747604520;}',1,1,'2025-05-18 21:42:47','2025-05-18 21:42:47',0,NULL),
(508,'action_scheduler/migration_hook','complete','2025-05-18 21:46:35','2025-05-18 21:46:35',10,'[]','O:30:\"ActionScheduler_SimpleSchedule\":2:{s:22:\"\0*\0scheduled_timestamp\";i:1747604795;s:41:\"\0ActionScheduler_SimpleSchedule\0timestamp\";i:1747604795;}',1,1,'2025-05-18 21:47:21','2025-05-18 21:47:21',0,NULL),
(509,'action_scheduler/migration_hook','failed','2025-05-18 21:48:21','2025-05-18 21:48:21',10,'[]','O:30:\"ActionScheduler_SimpleSchedule\":2:{s:22:\"\0*\0scheduled_timestamp\";i:1747604901;s:41:\"\0ActionScheduler_SimpleSchedule\0timestamp\";i:1747604901;}',1,1,'2025-05-18 21:48:23','2025-05-18 21:48:23',0,NULL),
(510,'action_scheduler/migration_hook','complete','2025-05-18 22:13:37','2025-05-18 22:13:37',10,'[]','O:30:\"ActionScheduler_SimpleSchedule\":2:{s:22:\"\0*\0scheduled_timestamp\";i:1747606417;s:41:\"\0ActionScheduler_SimpleSchedule\0timestamp\";i:1747606417;}',1,1,'2025-05-18 22:14:19','2025-05-18 22:14:19',0,NULL),
(511,'action_scheduler/migration_hook','complete','2025-05-18 22:31:15','2025-05-18 22:31:15',10,'[]','O:30:\"ActionScheduler_SimpleSchedule\":2:{s:22:\"\0*\0scheduled_timestamp\";i:1747607475;s:41:\"\0ActionScheduler_SimpleSchedule\0timestamp\";i:1747607475;}',1,1,'2025-05-18 22:31:46','2025-05-18 22:31:46',0,NULL),
(512,'action_scheduler/migration_hook','failed','2025-05-18 22:32:46','2025-05-18 22:32:46',10,'[]','O:30:\"ActionScheduler_SimpleSchedule\":2:{s:22:\"\0*\0scheduled_timestamp\";i:1747607566;s:41:\"\0ActionScheduler_SimpleSchedule\0timestamp\";i:1747607566;}',1,1,'2025-05-18 22:32:47','2025-05-18 22:32:47',0,NULL),
(513,'action_scheduler/migration_hook','complete','2025-05-26 20:17:43','2025-05-26 20:17:43',10,'[]','O:30:\"ActionScheduler_SimpleSchedule\":2:{s:22:\"\0*\0scheduled_timestamp\";i:1748290663;s:41:\"\0ActionScheduler_SimpleSchedule\0timestamp\";i:1748290663;}',1,1,'2025-05-26 20:18:41','2025-05-26 20:18:41',0,NULL),
(514,'action_scheduler/migration_hook','complete','2025-05-28 20:56:24','2025-05-28 20:56:24',10,'[]','O:30:\"ActionScheduler_SimpleSchedule\":2:{s:22:\"\0*\0scheduled_timestamp\";i:1748465784;s:41:\"\0ActionScheduler_SimpleSchedule\0timestamp\";i:1748465784;}',1,1,'2025-05-28 20:56:59','2025-05-28 20:56:59',0,NULL);

--
-- Table structure for table `wp7s_actionscheduler_claims`
--

CREATE TABLE `wp7s_actionscheduler_claims` (
  `claim_id` bigint(20) unsigned NOT NULL AUTO_INCREMENT,
  `date_created_gmt` datetime DEFAULT '0000-00-00 00:00:00',
  PRIMARY KEY (`claim_id`),
  KEY `date_created_gmt` (`date_created_gmt`)
) ENGINE=InnoDB AUTO_INCREMENT=546 DEFAULT CHARSET=utf8mb4 COLLATE=utf8mb4_unicode_520_ci;

--
-- Dumping data for table `wp7s_actionscheduler_claims`
--


--
-- Table structure for table `wp7s_actionscheduler_groups`
--

CREATE TABLE `wp7s_actionscheduler_groups` (
  `group_id` bigint(20) unsigned NOT NULL AUTO_INCREMENT,
  `slug` varchar(255) NOT NULL,
  PRIMARY KEY (`group_id`),
  KEY `slug` (`slug`(191))
) ENGINE=InnoDB AUTO_INCREMENT=2 DEFAULT CHARSET=utf8mb4 COLLATE=utf8mb4_unicode_520_ci;

--
-- Dumping data for table `wp7s_actionscheduler_groups`
--

INSERT INTO `wp7s_actionscheduler_groups` (`group_id`, `slug`) VALUES (1,'action-scheduler-migration');

--
-- Table structure for table `wp7s_actionscheduler_logs`
--

CREATE TABLE `wp7s_actionscheduler_logs` (
  `log_id` bigint(20) unsigned NOT NULL AUTO_INCREMENT,
  `action_id` bigint(20) unsigned NOT NULL,
  `message` text NOT NULL,
  `log_date_gmt` datetime DEFAULT '0000-00-00 00:00:00',
  `log_date_local` datetime DEFAULT '0000-00-00 00:00:00',
  PRIMARY KEY (`log_id`),
  KEY `action_id` (`action_id`),
  KEY `log_date_gmt` (`log_date_gmt`)
) ENGINE=InnoDB AUTO_INCREMENT=58 DEFAULT CHARSET=utf8mb4 COLLATE=utf8mb4_unicode_520_ci;

--
-- Dumping data for table `wp7s_actionscheduler_logs`
--

INSERT INTO `wp7s_actionscheduler_logs` (`log_id`, `action_id`, `message`, `log_date_gmt`, `log_date_local`) VALUES (4,497,'action created','2025-04-24 08:29:40','2025-04-24 08:29:40'),
(5,497,'action started via WP Cron','2025-04-24 08:30:40','2025-04-24 08:30:40'),
(6,497,'action failed via WP Cron: Scheduled action for action_scheduler/migration_hook will not be executed as no callbacks are registered.','2025-04-24 08:30:40','2025-04-24 08:30:40'),
(7,498,'action created','2025-05-14 20:51:57','2025-05-14 20:51:57'),
(8,498,'action started via Async Request','2025-05-14 20:52:59','2025-05-14 20:52:59'),
(9,498,'action complete via Async Request','2025-05-14 20:52:59','2025-05-14 20:52:59'),
(10,499,'action created','2025-05-14 20:54:45','2025-05-14 20:54:45'),
(11,499,'action started via Async Request','2025-05-15 08:49:31','2025-05-15 08:49:31'),
(12,499,'action complete via Async Request','2025-05-15 08:49:31','2025-05-15 08:49:31'),
(13,500,'action created','2025-05-15 10:58:55','2025-05-15 10:58:55'),
(14,500,'action started via Async Request','2025-05-15 11:00:08','2025-05-15 11:00:08'),
(15,500,'action complete via Async Request','2025-05-15 11:00:08','2025-05-15 11:00:08'),
(16,501,'action created','2025-05-15 11:00:18','2025-05-15 11:00:18'),
(17,501,'action started via Async Request','2025-05-15 11:01:37','2025-05-15 11:01:37'),
(18,501,'action complete via Async Request','2025-05-15 11:01:37','2025-05-15 11:01:37'),
(19,502,'action created','2025-05-15 11:08:19','2025-05-15 11:08:19'),
(20,502,'action started via Async Request','2025-05-15 11:09:49','2025-05-15 11:09:49'),
(21,502,'action complete via Async Request','2025-05-15 11:09:49','2025-05-15 11:09:49'),
(22,503,'action created','2025-05-16 19:20:19','2025-05-16 19:20:19'),
(23,503,'action started via Async Request','2025-05-16 19:21:40','2025-05-16 19:21:40'),
(24,503,'action complete via Async Request','2025-05-16 19:21:40','2025-05-16 19:21:40'),
(25,504,'action created','2025-05-18 16:01:53','2025-05-18 16:01:53'),
(26,504,'action started via Async Request','2025-05-18 16:03:32','2025-05-18 16:03:32'),
(27,504,'action complete via Async Request','2025-05-18 16:03:32','2025-05-18 16:03:32'),
(28,505,'action created','2025-05-18 16:18:09','2025-05-18 16:18:09'),
(29,505,'action started via Async Request','2025-05-18 16:20:00','2025-05-18 16:20:00'),
(30,505,'action complete via Async Request','2025-05-18 16:20:00','2025-05-18 16:20:00'),
(31,506,'action created','2025-05-18 16:26:29','2025-05-18 16:26:29'),
(32,506,'action started via Async Request','2025-05-18 16:27:38','2025-05-18 16:27:38'),
(33,506,'action complete via Async Request','2025-05-18 16:27:38','2025-05-18 16:27:38'),
(34,507,'action created','2025-05-18 21:41:00','2025-05-18 21:41:00'),
(35,507,'action started via Async Request','2025-05-18 21:42:47','2025-05-18 21:42:47'),
(36,507,'action complete via Async Request','2025-05-18 21:42:47','2025-05-18 21:42:47'),
(37,508,'action created','2025-05-18 21:45:35','2025-05-18 21:45:35'),
(38,508,'action started via Async Request','2025-05-18 21:47:21','2025-05-18 21:47:21'),
(39,508,'action complete via Async Request','2025-05-18 21:47:21','2025-05-18 21:47:21'),
(40,509,'action created','2025-05-18 21:47:21','2025-05-18 21:47:21'),
(41,509,'action started via Async Request','2025-05-18 21:48:23','2025-05-18 21:48:23'),
(42,509,'action failed via Async Request: Scheduled action for action_scheduler/migration_hook will not be executed as no callbacks are registered.','2025-05-18 21:48:23','2025-05-18 21:48:23'),
(43,510,'action created','2025-05-18 22:12:37','2025-05-18 22:12:37'),
(44,510,'action started via Async Request','2025-05-18 22:14:19','2025-05-18 22:14:19'),
(45,510,'action complete via Async Request','2025-05-18 22:14:19','2025-05-18 22:14:19'),
(46,511,'action created','2025-05-18 22:30:15','2025-05-18 22:30:15'),
(47,511,'action started via Async Request','2025-05-18 22:31:46','2025-05-18 22:31:46'),
(48,511,'action complete via Async Request','2025-05-18 22:31:46','2025-05-18 22:31:46'),
(49,512,'action created','2025-05-18 22:31:46','2025-05-18 22:31:46'),
(50,512,'action started via Async Request','2025-05-18 22:32:47','2025-05-18 22:32:47'),
(51,512,'action failed via Async Request: Scheduled action for action_scheduler/migration_hook will not be executed as no callbacks are registered.','2025-05-18 22:32:47','2025-05-18 22:32:47'),
(52,513,'action created','2025-05-26 20:16:43','2025-05-26 20:16:43'),
(53,513,'action started via Async Request','2025-05-26 20:18:41','2025-05-26 20:18:41'),
(54,513,'action complete via Async Request','2025-05-26 20:18:41','2025-05-26 20:18:41'),
(55,514,'action created','2025-05-28 20:55:24','2025-05-28 20:55:24'),
(56,514,'action started via Async Request','2025-05-28 20:56:59','2025-05-28 20:56:59'),
(57,514,'action complete via Async Request','2025-05-28 20:56:59','2025-05-28 20:56:59');

--
-- Table structure for table `wp7s_commentmeta`
--

CREATE TABLE `wp7s_commentmeta` (
  `meta_id` bigint(20) unsigned NOT NULL AUTO_INCREMENT,
  `comment_id` bigint(20) unsigned NOT NULL DEFAULT 0,
  `meta_key` varchar(255) DEFAULT NULL,
  `meta_value` longtext DEFAULT NULL,
  PRIMARY KEY (`meta_id`),
  KEY `comment_id` (`comment_id`),
  KEY `meta_key` (`meta_key`(191))
) ENGINE=InnoDB DEFAULT CHARSET=utf8mb4 COLLATE=utf8mb4_unicode_520_ci;

--
-- Dumping data for table `wp7s_commentmeta`
--


--
-- Table structure for table `wp7s_comments`
--

CREATE TABLE `wp7s_comments` (
  `comment_ID` bigint(20) unsigned NOT NULL AUTO_INCREMENT,
  `comment_post_ID` bigint(20) unsigned NOT NULL DEFAULT 0,
  `comment_author` tinytext NOT NULL,
  `comment_author_email` varchar(100) NOT NULL DEFAULT '',
  `comment_author_url` varchar(200) NOT NULL DEFAULT '',
  `comment_author_IP` varchar(100) NOT NULL DEFAULT '',
  `comment_date` datetime NOT NULL DEFAULT '0000-00-00 00:00:00',
  `comment_date_gmt` datetime NOT NULL DEFAULT '0000-00-00 00:00:00',
  `comment_content` text NOT NULL,
  `comment_karma` int(11) NOT NULL DEFAULT 0,
  `comment_approved` varchar(20) NOT NULL DEFAULT '1',
  `comment_agent` varchar(255) NOT NULL DEFAULT '',
  `comment_type` varchar(20) NOT NULL DEFAULT 'comment',
  `comment_parent` bigint(20) unsigned NOT NULL DEFAULT 0,
  `user_id` bigint(20) unsigned NOT NULL DEFAULT 0,
  PRIMARY KEY (`comment_ID`),
  KEY `comment_post_ID` (`comment_post_ID`),
  KEY `comment_approved_date_gmt` (`comment_approved`,`comment_date_gmt`),
  KEY `comment_date_gmt` (`comment_date_gmt`),
  KEY `comment_parent` (`comment_parent`),
  KEY `comment_author_email` (`comment_author_email`(10))
) ENGINE=InnoDB AUTO_INCREMENT=2 DEFAULT CHARSET=utf8mb4 COLLATE=utf8mb4_unicode_520_ci;

--
-- Dumping data for table `wp7s_comments`
--


--
-- Table structure for table `wp7s_e_events`
--

CREATE TABLE `wp7s_e_events` (
  `id` bigint(20) unsigned NOT NULL AUTO_INCREMENT,
  `event_data` text DEFAULT NULL,
  `created_at` datetime NOT NULL,
  PRIMARY KEY (`id`),
  KEY `created_at_index` (`created_at`)
) ENGINE=InnoDB AUTO_INCREMENT=2 DEFAULT CHARSET=utf8mb4 COLLATE=utf8mb4_unicode_520_ci;

--
-- Dumping data for table `wp7s_e_events`
--

INSERT INTO `wp7s_e_events` (`id`, `event_data`, `created_at`) VALUES (1,'{\"event\":\"modal load\",\"version\":\"\",\"details\":\"{\\\"placement\\\":\\\"Onboarding wizard\\\",\\\"step\\\":\\\"account\\\",\\\"user_state\\\":\\\"anon\\\"}\",\"ts\":\"2025-04-21T12:38:20.227-01:00\"}','2025-04-21 12:38:20');

--
-- Table structure for table `wp7s_icl_background_task`
--

CREATE TABLE `wp7s_icl_background_task` (
  `task_id` bigint(20) unsigned NOT NULL AUTO_INCREMENT,
  `task_type` varchar(500) NOT NULL,
  `task_status` smallint(5) unsigned NOT NULL DEFAULT 0,
  `starting_date` datetime DEFAULT NULL,
  `total_count` int(10) unsigned NOT NULL DEFAULT 0,
  `completed_count` int(10) unsigned NOT NULL DEFAULT 0,
  `completed_ids` text DEFAULT NULL,
  `payload` text DEFAULT NULL,
  `retry_count` smallint(5) unsigned NOT NULL DEFAULT 0,
  PRIMARY KEY (`task_id`)
) ENGINE=InnoDB AUTO_INCREMENT=87 DEFAULT CHARSET=utf8mb4 COLLATE=utf8mb4_unicode_520_ci;

--
-- Dumping data for table `wp7s_icl_background_task`
--

INSERT INTO `wp7s_icl_background_task` (`task_id`, `task_type`, `task_status`, `starting_date`, `total_count`, `completed_count`, `completed_ids`, `payload`, `retry_count`) VALUES (1,'WPML\\TM\\ATE\\Sitekey\\Endpoint',3,'2025-05-15 11:12:38',1,1,NULL,'a:0:{}',0),
(2,'WPML\\TM\\ATE\\Sitekey\\Endpoint',3,'2025-05-15 11:13:48',1,1,NULL,'a:0:{}',0),
(3,'WPML\\TM\\ATE\\Sitekey\\Endpoint',3,'2025-05-15 11:16:17',1,1,NULL,'a:0:{}',0),
(4,'WPML\\TM\\ATE\\Sitekey\\Endpoint',3,'2025-05-15 11:17:13',1,1,NULL,'a:0:{}',0),
(5,'WPML\\TM\\ATE\\Sitekey\\Endpoint',3,'2025-05-15 11:19:22',1,1,NULL,'a:0:{}',0),
(6,'WPML\\TM\\ATE\\Sitekey\\Endpoint',3,'2025-05-15 11:39:49',1,1,NULL,'a:0:{}',0),
(7,'WPML\\TM\\ATE\\Sitekey\\Endpoint',3,'2025-05-15 11:40:52',1,1,NULL,'a:0:{}',0),
(8,'WPML\\TM\\ATE\\Sitekey\\Endpoint',3,'2025-05-15 11:45:21',1,1,NULL,'a:0:{}',0),
(9,'WPML\\TM\\ATE\\Sitekey\\Endpoint',3,'2025-05-15 11:52:41',1,1,NULL,'a:0:{}',0),
(10,'WPML\\TM\\ATE\\Sitekey\\Endpoint',3,'2025-05-15 11:56:32',1,1,NULL,'a:0:{}',0),
(11,'WPML\\TM\\ATE\\Sitekey\\Endpoint',3,'2025-05-16 18:51:50',1,1,NULL,'a:0:{}',0),
(12,'WPML\\TM\\ATE\\Sitekey\\Endpoint',3,'2025-05-16 18:52:24',1,1,NULL,'a:0:{}',0),
(13,'WPML\\TM\\ATE\\Sitekey\\Endpoint',3,'2025-05-16 18:58:00',1,1,NULL,'a:0:{}',0),
(14,'WPML\\TM\\ATE\\Sitekey\\Endpoint',3,'2025-05-16 18:58:39',1,1,NULL,'a:0:{}',0),
(15,'WPML\\TM\\ATE\\Sitekey\\Endpoint',3,'2025-05-16 19:14:13',1,1,NULL,'a:0:{}',0),
(16,'WPML\\TM\\ATE\\Sitekey\\Endpoint',3,'2025-05-17 20:46:00',1,1,NULL,'a:0:{}',0),
(17,'WPML\\TM\\ATE\\Sitekey\\Endpoint',3,'2025-05-18 15:00:33',1,1,NULL,'a:0:{}',0),
(18,'WPML\\TM\\ATE\\Sitekey\\Endpoint',3,'2025-05-18 15:01:35',1,1,NULL,'a:0:{}',0),
(19,'WPML\\TM\\ATE\\Sitekey\\Endpoint',3,'2025-05-18 15:06:31',1,1,NULL,'a:0:{}',0),
(20,'WPML\\TM\\Settings\\ProcessNewTranslatableFields',3,'2025-05-18 15:06:31',12,12,NULL,'a:2:{s:9:\"newFields\";a:4:{i:0;s:9:\"full_name\";i:1;s:12:\"icon_service\";i:2;s:17:\"short_description\";i:3;s:9:\"_position\";}s:4:\"page\";i:3;}',0),
(21,'WPML\\TM\\ATE\\Sitekey\\Endpoint',3,'2025-05-18 15:24:44',1,1,NULL,'a:0:{}',0),
(22,'WPML\\TM\\ATE\\Sitekey\\Endpoint',3,'2025-05-18 15:27:24',1,1,NULL,'a:0:{}',0),
(23,'WPML\\TM\\ATE\\Sitekey\\Endpoint',3,'2025-05-18 15:27:57',1,1,NULL,'a:0:{}',0),
(24,'WPML\\TM\\ATE\\Sitekey\\Endpoint',3,'2025-05-18 15:29:56',1,1,NULL,'a:0:{}',0),
(25,'WPML\\TM\\ATE\\Sitekey\\Endpoint',3,'2025-05-18 15:30:38',1,1,NULL,'a:0:{}',0),
(26,'WPML\\TM\\ATE\\Sitekey\\Endpoint',3,'2025-05-18 15:31:14',1,1,NULL,'a:0:{}',0),
(27,'WPML\\TM\\ATE\\Sitekey\\Endpoint',3,'2025-05-18 15:33:11',1,1,NULL,'a:0:{}',0),
(28,'WPML\\TM\\ATE\\Sitekey\\Endpoint',3,'2025-05-18 15:35:07',1,1,NULL,'a:0:{}',0),
(29,'WPML\\TM\\ATE\\Sitekey\\Endpoint',3,'2025-05-18 15:36:01',1,1,NULL,'a:0:{}',0),
(30,'WPML\\TM\\ATE\\Sitekey\\Endpoint',3,'2025-05-18 15:36:43',1,1,NULL,'a:0:{}',0),
(31,'WPML\\TM\\ATE\\Sitekey\\Endpoint',3,'2025-05-18 15:38:38',1,1,NULL,'a:0:{}',0),
(32,'WPML\\TM\\ATE\\Sitekey\\Endpoint',3,'2025-05-18 15:39:18',1,1,NULL,'a:0:{}',0),
(33,'WPML\\TM\\ATE\\Sitekey\\Endpoint',3,'2025-05-18 15:40:25',1,1,NULL,'a:0:{}',0),
(34,'WPML\\TM\\ATE\\Sitekey\\Endpoint',3,'2025-05-18 15:41:16',1,1,NULL,'a:0:{}',0),
(35,'WPML\\TM\\ATE\\Sitekey\\Endpoint',3,'2025-05-18 15:42:43',1,1,NULL,'a:0:{}',0),
(36,'WPML\\TM\\ATE\\Sitekey\\Endpoint',3,'2025-05-18 15:44:51',1,1,NULL,'a:0:{}',0),
(37,'WPML\\TM\\Settings\\ProcessNewTranslatableFields',3,'2025-05-18 15:43:08',1,1,NULL,'a:2:{s:9:\"newFields\";a:1:{i:0;s:20:\"_query_builder_query\";}s:4:\"page\";i:2;}',0),
(38,'WPML\\TM\\Settings\\ProcessNewTranslatableFields',3,'2025-05-18 15:43:37',1,1,NULL,'a:2:{s:9:\"newFields\";a:1:{i:0;s:25:\"_query_builder_label_prop\";}s:4:\"page\";i:2;}',0),
(39,'WPML\\TM\\ATE\\Sitekey\\Endpoint',3,'2025-05-18 15:45:31',1,1,NULL,'a:0:{}',0),
(40,'WPML\\TM\\ATE\\Sitekey\\Endpoint',3,'2025-05-18 15:47:56',1,1,NULL,'a:0:{}',0),
(41,'WPML\\TM\\Settings\\ProcessNewTranslatableFields',3,'2025-05-18 15:46:26',1,1,NULL,'a:2:{s:9:\"newFields\";a:2:{i:0;s:25:\"_query_builder_label_prop\";i:1;s:20:\"_query_builder_query\";}s:4:\"page\";i:2;}',0),
(42,'WPML\\TM\\ATE\\Sitekey\\Endpoint',3,'2025-05-18 15:50:08',1,1,NULL,'a:0:{}',0),
(43,'WPML\\TM\\Settings\\ProcessNewTranslatableFields',3,'2025-05-18 15:49:13',1,1,NULL,'a:2:{s:9:\"newFields\";a:1:{i:0;s:32:\"_query_builder_queries_to_switch\";}s:4:\"page\";i:2;}',0),
(44,'WPML\\TM\\ATE\\Sitekey\\Endpoint',3,'2025-05-18 15:56:14',1,1,NULL,'a:0:{}',0),
(45,'WPML\\TM\\ATE\\Sitekey\\Endpoint',3,'2025-05-18 16:01:23',1,1,NULL,'a:0:{}',0),
(46,'WPML\\TM\\ATE\\Sitekey\\Endpoint',3,'2025-05-18 16:01:54',1,1,NULL,'a:0:{}',0),
(47,'WPML\\TM\\ATE\\Sitekey\\Endpoint',3,'2025-05-18 16:07:39',1,1,NULL,'a:0:{}',0),
(48,'WPML\\TM\\ATE\\Sitekey\\Endpoint',3,'2025-05-18 16:08:11',1,1,NULL,'a:0:{}',0),
(49,'WPML\\TM\\ATE\\Sitekey\\Endpoint',3,'2025-05-18 16:09:33',1,1,NULL,'a:0:{}',0),
(50,'WPML\\TM\\ATE\\Sitekey\\Endpoint',3,'2025-05-18 16:10:49',1,1,NULL,'a:0:{}',0),
(51,'WPML\\TM\\ATE\\Sitekey\\Endpoint',3,'2025-05-18 16:16:14',1,1,NULL,'a:0:{}',0),
(52,'WPML\\TM\\ATE\\Sitekey\\Endpoint',3,'2025-05-18 16:16:46',1,1,NULL,'a:0:{}',0),
(53,'WPML\\TM\\ATE\\Sitekey\\Endpoint',3,'2025-05-18 16:24:03',1,1,NULL,'a:0:{}',0),
(54,'WPML\\TM\\ATE\\Sitekey\\Endpoint',3,'2025-05-18 16:24:42',1,1,NULL,'a:0:{}',0),
(55,'WPML\\TM\\ATE\\Sitekey\\Endpoint',3,'2025-05-18 21:36:45',1,1,NULL,'a:0:{}',0),
(56,'WPML\\TM\\ATE\\Sitekey\\Endpoint',3,'2025-05-18 21:37:30',1,1,NULL,'a:0:{}',0),
(57,'WPML\\TM\\ATE\\Sitekey\\Endpoint',3,'2025-05-18 21:39:29',1,1,NULL,'a:0:{}',0),
(58,'WPML\\TM\\ATE\\Sitekey\\Endpoint',3,'2025-05-18 21:41:53',1,1,NULL,'a:0:{}',0),
(59,'WPML\\TM\\ATE\\Sitekey\\Endpoint',3,'2025-05-18 21:47:22',1,1,NULL,'a:0:{}',0),
(60,'WPML\\TM\\ATE\\Sitekey\\Endpoint',3,'2025-05-18 21:49:19',1,1,NULL,'a:0:{}',0),
(61,'WPML\\TM\\ATE\\Sitekey\\Endpoint',3,'2025-05-18 21:58:22',1,1,NULL,'a:0:{}',0),
(62,'WPML\\TM\\ATE\\Sitekey\\Endpoint',3,'2025-05-18 21:59:56',1,1,NULL,'a:0:{}',0),
(63,'WPML\\TM\\ATE\\Sitekey\\Endpoint',3,'2025-05-18 22:04:29',1,1,NULL,'a:0:{}',0),
(64,'WPML\\TM\\ATE\\Sitekey\\Endpoint',3,'2025-05-18 22:05:12',1,1,NULL,'a:0:{}',0),
(65,'WPML\\TM\\ATE\\Sitekey\\Endpoint',3,'2025-05-18 22:06:20',1,1,NULL,'a:0:{}',0),
(66,'WPML\\TM\\ATE\\Sitekey\\Endpoint',3,'2025-05-18 22:10:36',1,1,NULL,'a:0:{}',0),
(67,'WPML\\TM\\Settings\\ProcessNewTranslatableFields',3,'2025-05-18 22:08:00',2,2,NULL,'a:2:{s:9:\"newFields\";a:2:{i:0;s:17:\"_custom_query_var\";i:1;s:20:\"_is_custom_query_var\";}s:4:\"page\";i:2;}',0),
(68,'WPML\\TM\\ATE\\Sitekey\\Endpoint',3,'2025-05-18 22:20:05',1,1,NULL,'a:0:{}',0),
(69,'WPML\\TM\\ATE\\Sitekey\\Endpoint',3,'2025-05-18 22:21:27',1,1,NULL,'a:0:{}',0),
(70,'WPML\\TM\\ATE\\Sitekey\\Endpoint',3,'2025-05-18 22:25:21',1,1,NULL,'a:0:{}',0),
(71,'WPML\\TM\\ATE\\Sitekey\\Endpoint',3,'2025-05-18 22:28:06',1,1,NULL,'a:0:{}',0),
(72,'WPML\\TM\\ATE\\Sitekey\\Endpoint',3,'2025-05-18 22:29:07',1,1,NULL,'a:0:{}',0),
(73,'WPML\\TM\\ATE\\Sitekey\\Endpoint',3,'2025-05-18 22:29:39',1,1,NULL,'a:0:{}',0),
(74,'WPML\\TM\\ATE\\Sitekey\\Endpoint',3,'2025-05-18 22:31:12',1,1,NULL,'a:0:{}',0),
(75,'WPML\\TM\\ATE\\Sitekey\\Endpoint',3,'2025-05-18 22:32:48',1,1,NULL,'a:0:{}',0),
(76,'WPML\\TM\\ATE\\Sitekey\\Endpoint',3,'2025-05-18 22:34:47',1,1,NULL,'a:0:{}',0),
(77,'WPML\\TM\\ATE\\Sitekey\\Endpoint',3,'2025-05-26 20:15:14',1,1,NULL,'a:0:{}',0),
(78,'WPML\\TM\\ATE\\Sitekey\\Endpoint',3,'2025-05-26 20:15:47',1,1,NULL,'a:0:{}',0),
(79,'WPML\\TM\\ATE\\Sitekey\\Endpoint',3,'2025-05-26 20:27:03',1,1,NULL,'a:0:{}',0),
(80,'WPML\\TM\\ATE\\Sitekey\\Endpoint',3,'2025-05-28 20:53:36',1,1,NULL,'a:0:{}',0),
(81,'WPML\\TM\\ATE\\Sitekey\\Endpoint',3,'2025-05-28 20:59:10',1,1,NULL,'a:0:{}',0),
(82,'WPML\\TM\\ATE\\Sitekey\\Endpoint',3,'2025-06-17 17:38:39',1,1,NULL,'a:0:{}',0),
(83,'WPML\\TM\\ATE\\Sitekey\\Endpoint',3,'2025-06-17 17:39:40',1,1,NULL,'a:0:{}',0),
(84,'WPML\\TM\\ATE\\Sitekey\\Endpoint',3,'2025-06-17 17:45:50',1,1,NULL,'a:0:{}',0),
(85,'WPML\\TM\\ATE\\Sitekey\\Endpoint',3,'2025-06-20 21:27:52',1,1,NULL,'a:0:{}',0),
(86,'WPML\\TM\\ATE\\Sitekey\\Endpoint',0,NULL,1,0,NULL,'a:0:{}',0);

--
-- Table structure for table `wp7s_icl_content_status`
--

CREATE TABLE `wp7s_icl_content_status` (
  `rid` bigint(20) NOT NULL,
  `nid` bigint(20) NOT NULL,
  `timestamp` datetime NOT NULL,
  `md5` varchar(32) NOT NULL,
  PRIMARY KEY (`rid`),
  KEY `nid` (`nid`)
) ENGINE=InnoDB DEFAULT CHARSET=utf8mb4 COLLATE=utf8mb4_unicode_520_ci;

--
-- Dumping data for table `wp7s_icl_content_status`
--


--
-- Table structure for table `wp7s_icl_core_status`
--

CREATE TABLE `wp7s_icl_core_status` (
  `id` bigint(20) NOT NULL AUTO_INCREMENT,
  `rid` bigint(20) NOT NULL,
  `module` varchar(16) NOT NULL,
  `origin` varchar(64) NOT NULL,
  `target` varchar(64) NOT NULL,
  `status` smallint(6) NOT NULL,
  `tp_revision` int(11) NOT NULL DEFAULT 1,
  `ts_status` text DEFAULT NULL,
  PRIMARY KEY (`id`),
  KEY `rid` (`rid`)
) ENGINE=InnoDB DEFAULT CHARSET=utf8mb4 COLLATE=utf8mb4_unicode_520_ci;

--
-- Dumping data for table `wp7s_icl_core_status`
--


--
-- Table structure for table `wp7s_icl_flags`
--

CREATE TABLE `wp7s_icl_flags` (
  `id` int(11) NOT NULL AUTO_INCREMENT,
  `lang_code` varchar(10) NOT NULL,
  `flag` varchar(32) NOT NULL,
  `from_template` tinyint(4) NOT NULL DEFAULT 0,
  PRIMARY KEY (`id`),
  UNIQUE KEY `lang_code` (`lang_code`)
) ENGINE=InnoDB AUTO_INCREMENT=66 DEFAULT CHARSET=utf8mb4 COLLATE=utf8mb4_unicode_520_ci;

--
-- Dumping data for table `wp7s_icl_flags`
--

INSERT INTO `wp7s_icl_flags` (`id`, `lang_code`, `flag`, `from_template`) VALUES (1,'ar','ar.svg',0),
(2,'az','az.svg',0),
(3,'bg','bg.svg',0),
(4,'bn','bn.svg',0),
(5,'bs','bs.svg',0),
(6,'ca','ca.svg',0),
(7,'cs','cs.svg',0),
(8,'cy','cy.svg',0),
(9,'da','da.svg',0),
(10,'de','de.svg',0),
(11,'el','el.svg',0),
(12,'en','en.svg',0),
(13,'eo','eo.svg',0),
(14,'es','es.svg',0),
(15,'et','et.svg',0),
(16,'eu','eu.svg',0),
(17,'fa','fa.svg',0),
(18,'fi','fi.svg',0),
(19,'fr','fr.svg',0),
(20,'ga','ga.svg',0),
(21,'gl','gl.svg',0),
(22,'he','he.svg',0),
(23,'hi','hi.svg',0),
(24,'hr','hr.svg',0),
(25,'hu','hu.svg',0),
(26,'hy','hy.svg',0),
(27,'id','id.svg',0),
(28,'is','is.svg',0),
(29,'it','it.svg',0),
(30,'ja','ja.svg',0),
(31,'ko','ko.svg',0),
(32,'ku','ku.svg',0),
(33,'lt','lt.svg',0),
(34,'lv','lv.svg',0),
(35,'mk','mk.svg',0),
(36,'mn','mn.svg',0),
(37,'ms','ms.svg',0),
(38,'mt','mt.svg',0),
(39,'ne','ne.svg',0),
(40,'nl','nl.svg',0),
(41,'no','no.svg',0),
(42,'pa','pa.svg',0),
(43,'pl','pl.svg',0),
(44,'pt-br','pt-br.svg',0),
(45,'pt-pt','pt-pt.svg',0),
(46,'qu','qu.svg',0),
(47,'ro','ro.svg',0),
(48,'ru','ru.svg',0),
(49,'sk','sk.svg',0),
(50,'sl','sl.svg',0),
(51,'so','so.svg',0),
(52,'sq','sq.svg',0),
(53,'sr','sr.svg',0),
(54,'sv','sv.svg',0),
(55,'ta','ta.svg',0),
(56,'th','th.svg',0),
(57,'tr','tr.svg',0),
(58,'uk','uk.svg',0),
(59,'ur','ur.svg',0),
(60,'uz','uz.svg',0),
(61,'vi','vi.svg',0),
(62,'yi','yi.svg',0),
(63,'zh-hans','zh-hans.svg',0),
(64,'zh-hant','zh-hant.svg',0),
(65,'zu','zu.svg',0);

--
-- Table structure for table `wp7s_icl_languages`
--

CREATE TABLE `wp7s_icl_languages` (
  `id` int(11) NOT NULL AUTO_INCREMENT,
  `code` varchar(7) NOT NULL,
  `english_name` varchar(128) NOT NULL,
  `major` tinyint(4) NOT NULL DEFAULT 0,
  `active` tinyint(4) NOT NULL,
  `default_locale` varchar(35) DEFAULT NULL,
  `tag` varchar(35) DEFAULT NULL,
  `encode_url` tinyint(1) NOT NULL DEFAULT 0,
  `country` varchar(10) DEFAULT NULL,
  PRIMARY KEY (`id`),
  UNIQUE KEY `code` (`code`),
  UNIQUE KEY `english_name` (`english_name`)
) ENGINE=InnoDB AUTO_INCREMENT=66 DEFAULT CHARSET=utf8mb4 COLLATE=utf8mb4_unicode_520_ci;

--
-- Dumping data for table `wp7s_icl_languages`
--

INSERT INTO `wp7s_icl_languages` (`id`, `code`, `english_name`, `major`, `active`, `default_locale`, `tag`, `encode_url`, `country`) VALUES (1,'en','English',1,1,'en_US','en',0,NULL),
(2,'es','Spanish',1,0,'es_ES','es',0,NULL),
(3,'de','German',1,0,'de_DE','de',0,NULL),
(4,'fr','French',1,0,'fr_FR','fr',0,NULL),
(5,'ar','Arabic',0,1,'ar','ar',0,NULL),
(6,'bs','Bosnian',0,0,'bs_BA','bs',0,NULL),
(7,'bg','Bulgarian',0,0,'bg_BG','bg',0,NULL),
(8,'ca','Catalan',0,0,'ca','ca',0,NULL),
(9,'cs','Czech',0,0,'cs_CZ','cs',0,NULL),
(10,'sk','Slovak',0,0,'sk_SK','sk',0,NULL),
(11,'cy','Welsh',0,0,'cy_GB','cy',0,NULL),
(12,'da','Danish',1,0,'da_DK','da',0,NULL),
(13,'el','Greek',0,0,'el','el',0,NULL),
(14,'eo','Esperanto',0,0,'eo_UY','eo',0,NULL),
(15,'et','Estonian',0,0,'et','et',0,NULL),
(16,'eu','Basque',0,0,'eu_ES','eu',0,NULL),
(17,'fa','Persian',0,0,'fa_IR','fa',0,NULL),
(18,'fi','Finnish',0,0,'fi','fi',0,NULL),
(19,'ga','Irish',0,0,'ga_IE','ga',0,NULL),
(20,'he','Hebrew',0,0,'he_IL','he',0,NULL),
(21,'hi','Hindi',0,0,'hi_IN','hi',0,NULL),
(22,'hr','Croatian',0,0,'hr','hr',0,NULL),
(23,'hu','Hungarian',0,0,'hu_HU','hu',0,NULL),
(24,'hy','Armenian',0,0,'hy_AM','hy',0,NULL),
(25,'id','Indonesian',0,0,'id_ID','id',0,NULL),
(26,'is','Icelandic',0,0,'is_IS','is',0,NULL),
(27,'it','Italian',1,0,'it_IT','it',0,NULL),
(28,'ja','Japanese',1,0,'ja','ja',0,NULL),
(29,'ko','Korean',0,0,'ko_KR','ko',0,NULL),
(30,'ku','Kurdish',0,0,'ckb','ku',0,NULL),
(31,'lv','Latvian',0,0,'lv_LV','lv',0,NULL),
(32,'lt','Lithuanian',0,0,'lt_LT','lt',0,NULL),
(33,'mk','Macedonian',0,0,'mk_MK','mk',0,NULL),
(34,'mt','Maltese',0,0,'mt_MT','mt',0,NULL),
(35,'mn','Mongolian',0,0,'mn_MN','mn',0,NULL),
(36,'ne','Nepali',0,0,'ne','ne',0,NULL),
(37,'nl','Dutch',1,0,'nl_NL','nl',0,NULL),
(38,'no','Norwegian Bokmål',0,0,'nb_NO','no',0,NULL),
(39,'pa','Punjabi',0,0,'pa_IN','pa',0,NULL),
(40,'pl','Polish',0,0,'pl_PL','pl',0,NULL),
(41,'pt-pt','Portuguese, Portugal',0,0,'pt_PT','pt-pt',0,NULL),
(42,'pt-br','Portuguese, Brazil',0,0,'pt_BR','pt-br',0,NULL),
(43,'qu','Quechua',0,0,'quz_PE','qu',0,NULL),
(44,'ro','Romanian',0,0,'ro_RO','ro',0,NULL),
(45,'ru','Russian',1,0,'ru_RU','ru',0,NULL),
(46,'sl','Slovenian',0,0,'sl_SI','sl',0,NULL),
(47,'so','Somali',0,0,'so_SO','so',0,NULL),
(48,'sq','Albanian',0,0,'sq_AL','sq',0,NULL),
(49,'sr','Serbian',0,0,'sr_RS','sr',0,NULL),
(50,'sv','Swedish',0,0,'sv_SE','sv',0,NULL),
(51,'ta','Tamil',0,0,'ta_IN','ta',0,NULL),
(52,'th','Thai',0,0,'th','th',0,NULL),
(53,'tr','Turkish',0,0,'tr_TR','tr',0,NULL),
(54,'uk','Ukrainian',0,0,'uk','uk',0,NULL),
(55,'ur','Urdu',0,0,'ur','ur',0,NULL),
(56,'uz','Uzbek',0,0,'uz_UZ','uz',0,NULL),
(57,'vi','Vietnamese',0,0,'vi_VN','vi',0,NULL),
(58,'yi','Yiddish',0,0,'','yi',0,NULL),
(59,'zh-hans','Chinese (Simplified)',1,0,'zh_CN','zh-hans',0,NULL),
(60,'zu','Zulu',0,0,'','zu',0,NULL),
(61,'zh-hant','Chinese (Traditional)',1,0,'zh_TW','zh-hant',0,NULL),
(62,'ms','Malay',0,0,'ms_MY','ms',0,NULL),
(63,'gl','Galician',0,0,'gl_ES','gl',0,NULL),
(64,'bn','Bengali',0,0,'bn_BD','bn',0,NULL),
(65,'az','Azerbaijani',0,0,'az','az',0,NULL);

--
-- Table structure for table `wp7s_icl_languages_translations`
--

CREATE TABLE `wp7s_icl_languages_translations` (
  `id` int(11) NOT NULL AUTO_INCREMENT,
  `language_code` varchar(7) NOT NULL,
  `display_language_code` varchar(7) NOT NULL,
  `name` varchar(255) NOT NULL,
  PRIMARY KEY (`id`),
  UNIQUE KEY `language_code` (`language_code`,`display_language_code`)
) ENGINE=InnoDB AUTO_INCREMENT=4226 DEFAULT CHARSET=utf8mb4 COLLATE=utf8mb4_unicode_520_ci;

--
-- Dumping data for table `wp7s_icl_languages_translations`
--

INSERT INTO `wp7s_icl_languages_translations` (`id`, `language_code`, `display_language_code`, `name`) VALUES (1,'en','en','English'),
(2,'en','es','Inglés'),
(3,'en','de','Englisch'),
(4,'en','fr','Anglais'),
(5,'en','ar','الإنجليزية'),
(6,'en','bs','English'),
(7,'en','bg','Английски'),
(8,'en','ca','English'),
(9,'en','cs','Angličtina'),
(10,'en','sk','Angličtina'),
(11,'en','cy','English'),
(12,'en','da','English'),
(13,'en','el','Αγγλικά'),
(14,'en','eo','English'),
(15,'en','et','English'),
(16,'en','eu','English'),
(17,'en','fa','English'),
(18,'en','fi','Englanti'),
(19,'en','ga','English'),
(20,'en','he','אנגלית'),
(21,'en','hi','English'),
(22,'en','hr','Engleski'),
(23,'en','hu','Angol'),
(24,'en','hy','English'),
(25,'en','id','English'),
(26,'en','is','English'),
(27,'en','it','Inglese'),
(28,'en','ja','英語'),
(29,'en','ko','영어'),
(30,'en','ku','English'),
(31,'en','lv','English'),
(32,'en','lt','English'),
(33,'en','mk','English'),
(34,'en','mt','English'),
(35,'en','mn','English'),
(36,'en','ne','English'),
(37,'en','nl','Engels'),
(38,'en','no','Engelsk'),
(39,'en','pa','English'),
(40,'en','pl','Angielski'),
(41,'en','pt-pt','Inglês'),
(42,'en','pt-br','Inglês'),
(43,'en','qu','English'),
(44,'en','ro','Engleză'),
(45,'en','ru','Английский'),
(46,'en','sl','Angleščina'),
(47,'en','so','English'),
(48,'en','sq','English'),
(49,'en','sr','енглески'),
(50,'en','sv','Engelska'),
(51,'en','ta','English'),
(52,'en','th','อังกฤษ'),
(53,'en','tr','İngilizce'),
(54,'en','uk','English'),
(55,'en','ur','English'),
(56,'en','uz','English'),
(57,'en','vi','English'),
(58,'en','yi','English'),
(59,'en','zh-hans','英语'),
(60,'en','zu','English'),
(61,'en','zh-hant','英語'),
(62,'en','ms','English'),
(63,'en','gl','English'),
(64,'en','bn','English'),
(65,'en','az','Ingilis'),
(66,'es','en','Spanish'),
(67,'es','es','Español'),
(68,'es','de','Spanisch'),
(69,'es','fr','Espagnol'),
(70,'es','ar','الأسبانية'),
(71,'es','bs','Spanish'),
(72,'es','bg','Испански'),
(73,'es','ca','Spanish'),
(74,'es','cs','Španělský'),
(75,'es','sk','Španielčina'),
(76,'es','cy','Spanish'),
(77,'es','da','Spanish'),
(78,'es','el','Ισπανικά'),
(79,'es','eo','Spanish'),
(80,'es','et','Spanish'),
(81,'es','eu','Spanish'),
(82,'es','fa','Spanish'),
(83,'es','fi','Espanja'),
(84,'es','ga','Spanish'),
(85,'es','he','ספרדית'),
(86,'es','hi','Spanish'),
(87,'es','hr','španjolski'),
(88,'es','hu','Spanyol'),
(89,'es','hy','Spanish'),
(90,'es','id','Spanish'),
(91,'es','is','Spanish'),
(92,'es','it','Spagnolo'),
(93,'es','ja','スペイン語'),
(94,'es','ko','스페인어'),
(95,'es','ku','Spanish'),
(96,'es','lv','Spanish'),
(97,'es','lt','Spanish'),
(98,'es','mk','Spanish'),
(99,'es','mt','Spanish'),
(100,'es','mn','Spanish'),
(101,'es','ne','Spanish'),
(102,'es','nl','Spaans'),
(103,'es','no','Spansk'),
(104,'es','pa','Spanish'),
(105,'es','pl','Hiszpański'),
(106,'es','pt-pt','Espanhol'),
(107,'es','pt-br','Espanhol'),
(108,'es','qu','Spanish'),
(109,'es','ro','Spaniolă'),
(110,'es','ru','Испанский'),
(111,'es','sl','Španščina'),
(112,'es','so','Spanish'),
(113,'es','sq','Spanish'),
(114,'es','sr','шпански'),
(115,'es','sv','Spanska'),
(116,'es','ta','Spanish'),
(117,'es','th','สเปน'),
(118,'es','tr','İspanyolca'),
(119,'es','uk','Spanish'),
(120,'es','ur','Spanish'),
(121,'es','uz','Spanish'),
(122,'es','vi','Spanish'),
(123,'es','yi','Spanish'),
(124,'es','zh-hans','西班牙语'),
(125,'es','zu','Spanish'),
(126,'es','zh-hant','西班牙語'),
(127,'es','ms','Spanish'),
(128,'es','gl','Spanish'),
(129,'es','bn','Spanish'),
(130,'es','az','Spanish'),
(131,'de','en','German'),
(132,'de','es','Alemán'),
(133,'de','de','Deutsch'),
(134,'de','fr','Allemand'),
(135,'de','ar','الألمانية'),
(136,'de','bs','German'),
(137,'de','bg','Немски'),
(138,'de','ca','German'),
(139,'de','cs','Němec'),
(140,'de','sk','Nemčina'),
(141,'de','cy','German'),
(142,'de','da','German'),
(143,'de','el','Γερμανικά'),
(144,'de','eo','German'),
(145,'de','et','German'),
(146,'de','eu','German'),
(147,'de','fa','German'),
(148,'de','fi','Saksa'),
(149,'de','ga','German'),
(150,'de','he','גרמנית'),
(151,'de','hi','German'),
(152,'de','hr','Njemački'),
(153,'de','hu','Német'),
(154,'de','hy','German'),
(155,'de','id','German'),
(156,'de','is','German'),
(157,'de','it','Tedesco'),
(158,'de','ja','ドイツ語'),
(159,'de','ko','독어'),
(160,'de','ku','German'),
(161,'de','lv','German'),
(162,'de','lt','German'),
(163,'de','mk','German'),
(164,'de','mt','German'),
(165,'de','mn','German'),
(166,'de','ne','German'),
(167,'de','nl','Duits'),
(168,'de','no','Tysk'),
(169,'de','pa','German'),
(170,'de','pl','Niemiecki'),
(171,'de','pt-pt','Alemão'),
(172,'de','pt-br','Alemão'),
(173,'de','qu','German'),
(174,'de','ro','Germană'),
(175,'de','ru','Немецкий'),
(176,'de','sl','Nemščina'),
(177,'de','so','German'),
(178,'de','sq','German'),
(179,'de','sr','немачки'),
(180,'de','sv','Tyska'),
(181,'de','ta','German'),
(182,'de','th','เยอรมัน'),
(183,'de','tr','Almanca'),
(184,'de','uk','German'),
(185,'de','ur','German'),
(186,'de','uz','German'),
(187,'de','vi','German'),
(188,'de','yi','German'),
(189,'de','zh-hans','德语'),
(190,'de','zu','German'),
(191,'de','zh-hant','德語'),
(192,'de','ms','German'),
(193,'de','gl','German'),
(194,'de','bn','German'),
(195,'de','az','German'),
(196,'fr','en','French'),
(197,'fr','es','Francés'),
(198,'fr','de','Französisch'),
(199,'fr','fr','Français'),
(200,'fr','ar','الفرنسية'),
(201,'fr','bs','French'),
(202,'fr','bg','Френски'),
(203,'fr','ca','French'),
(204,'fr','cs','Francouzština'),
(205,'fr','sk','Francúzština'),
(206,'fr','cy','French'),
(207,'fr','da','French'),
(208,'fr','el','Γαλλικά'),
(209,'fr','eo','French'),
(210,'fr','et','French'),
(211,'fr','eu','French'),
(212,'fr','fa','French'),
(213,'fr','fi','Ranska'),
(214,'fr','ga','French'),
(215,'fr','he','צרפתית'),
(216,'fr','hi','French'),
(217,'fr','hr','Francuski'),
(218,'fr','hu','Francia'),
(219,'fr','hy','French'),
(220,'fr','id','French'),
(221,'fr','is','French'),
(222,'fr','it','Francese'),
(223,'fr','ja','フランス語'),
(224,'fr','ko','불어'),
(225,'fr','ku','French'),
(226,'fr','lv','French'),
(227,'fr','lt','French'),
(228,'fr','mk','French'),
(229,'fr','mt','French'),
(230,'fr','mn','French'),
(231,'fr','ne','French'),
(232,'fr','nl','Frans'),
(233,'fr','no','Fransk'),
(234,'fr','pa','French'),
(235,'fr','pl','Francuski'),
(236,'fr','pt-pt','Francês'),
(237,'fr','pt-br','Francês'),
(238,'fr','qu','French'),
(239,'fr','ro','Franceză'),
(240,'fr','ru','Французский'),
(241,'fr','sl','Francoščina'),
(242,'fr','so','French'),
(243,'fr','sq','French'),
(244,'fr','sr','француски'),
(245,'fr','sv','Franska'),
(246,'fr','ta','French'),
(247,'fr','th','ฝรั่งเศส'),
(248,'fr','tr','Fransızca'),
(249,'fr','uk','French'),
(250,'fr','ur','French'),
(251,'fr','uz','French'),
(252,'fr','vi','French'),
(253,'fr','yi','French'),
(254,'fr','zh-hans','法语'),
(255,'fr','zu','French'),
(256,'fr','zh-hant','法語'),
(257,'fr','ms','French'),
(258,'fr','gl','French'),
(259,'fr','bn','French'),
(260,'fr','az','French'),
(261,'ar','en','Arabic'),
(262,'ar','es','Árabe'),
(263,'ar','de','Arabisch'),
(264,'ar','fr','Arabe'),
(265,'ar','ar','العربية'),
(266,'ar','bs','Arabic'),
(267,'ar','bg','Арабски'),
(268,'ar','ca','Arabic'),
(269,'ar','cs','Arabština'),
(270,'ar','sk','Arabčina'),
(271,'ar','cy','Arabic'),
(272,'ar','da','Arabic'),
(273,'ar','el','Αραβικά'),
(274,'ar','eo','Arabic'),
(275,'ar','et','Arabic'),
(276,'ar','eu','Arabic'),
(277,'ar','fa','Arabic'),
(278,'ar','fi','Arabia'),
(279,'ar','ga','Arabic'),
(280,'ar','he','ערבית'),
(281,'ar','hi','Arabic'),
(282,'ar','hr','Arapski'),
(283,'ar','hu','Arab'),
(284,'ar','hy','Arabic'),
(285,'ar','id','Arabic'),
(286,'ar','is','Arabic'),
(287,'ar','it','Arabo'),
(288,'ar','ja','アラビア語'),
(289,'ar','ko','아랍어'),
(290,'ar','ku','Arabic'),
(291,'ar','lv','Arabic'),
(292,'ar','lt','Arabic'),
(293,'ar','mk','Arabic'),
(294,'ar','mt','Arabic'),
(295,'ar','mn','Arabic'),
(296,'ar','ne','Arabic'),
(297,'ar','nl','Arabisch'),
(298,'ar','no','Arabisk'),
(299,'ar','pa','Arabic'),
(300,'ar','pl','Arabski'),
(301,'ar','pt-pt','Árabe'),
(302,'ar','pt-br','Árabe'),
(303,'ar','qu','Arabic'),
(304,'ar','ro','Arabică'),
(305,'ar','ru','Арабский'),
(306,'ar','sl','Arabščina'),
(307,'ar','so','Arabic'),
(308,'ar','sq','Arabic'),
(309,'ar','sr','арапски'),
(310,'ar','sv','Arabiska'),
(311,'ar','ta','Arabic'),
(312,'ar','th','อารบิก'),
(313,'ar','tr','Arapça'),
(314,'ar','uk','Arabic'),
(315,'ar','ur','Arabic'),
(316,'ar','uz','Arabic'),
(317,'ar','vi','Arabic'),
(318,'ar','yi','Arabic'),
(319,'ar','zh-hans','阿拉伯语'),
(320,'ar','zu','Arabic'),
(321,'ar','zh-hant','阿拉伯語'),
(322,'ar','ms','Arabic'),
(323,'ar','gl','Arabic'),
(324,'ar','bn','Arabic'),
(325,'ar','az','Arabic'),
(326,'bs','en','Bosnian'),
(327,'bs','es','Bosnio'),
(328,'bs','de','Bosnisch'),
(329,'bs','fr','Bosnien'),
(330,'bs','ar','البوسنية'),
(331,'bs','bs','Bosnian'),
(332,'bs','bg','Босненски'),
(333,'bs','ca','Bosnian'),
(334,'bs','cs','Bosenština'),
(335,'bs','sk','Bosniačtina'),
(336,'bs','cy','Bosnian'),
(337,'bs','da','Bosnian'),
(338,'bs','el','Βοσνιακά'),
(339,'bs','eo','Bosnian'),
(340,'bs','et','Bosnian'),
(341,'bs','eu','Bosnian'),
(342,'bs','fa','Bosnian'),
(343,'bs','fi','Bosnia'),
(344,'bs','ga','Bosnian'),
(345,'bs','he','בוסנית'),
(346,'bs','hi','Bosnian'),
(347,'bs','hr','Bosanski'),
(348,'bs','hu','Bosnyák'),
(349,'bs','hy','Bosnian'),
(350,'bs','id','Bosnian'),
(351,'bs','is','Bosnian'),
(352,'bs','it','Bosniaco'),
(353,'bs','ja','ボスニア語'),
(354,'bs','ko','보즈니아어'),
(355,'bs','ku','Bosnian'),
(356,'bs','lv','Bosnian'),
(357,'bs','lt','Bosnian'),
(358,'bs','mk','Bosnian'),
(359,'bs','mt','Bosnian'),
(360,'bs','mn','Bosnian'),
(361,'bs','ne','Bosnian'),
(362,'bs','nl','Bosnisch'),
(363,'bs','no','Bosnisk'),
(364,'bs','pa','Bosnian'),
(365,'bs','pl','Bośniacki'),
(366,'bs','pt-pt','Bósnio'),
(367,'bs','pt-br','Bósnio'),
(368,'bs','qu','Bosnian'),
(369,'bs','ro','Bosniacă'),
(370,'bs','ru','Боснийский'),
(371,'bs','sl','Bosanski'),
(372,'bs','so','Bosnian'),
(373,'bs','sq','Bosnian'),
(374,'bs','sr','босански'),
(375,'bs','sv','Bosniska'),
(376,'bs','ta','Bosnian'),
(377,'bs','th','บอสเนียน'),
(378,'bs','tr','Boşnakça'),
(379,'bs','uk','Bosnian'),
(380,'bs','ur','Bosnian'),
(381,'bs','uz','Bosnian'),
(382,'bs','vi','Bosnian'),
(383,'bs','yi','Bosnian'),
(384,'bs','zh-hans','波斯尼亚语'),
(385,'bs','zu','Bosnian'),
(386,'bs','zh-hant','波士尼亞語'),
(387,'bs','ms','Bosnian'),
(388,'bs','gl','Bosnian'),
(389,'bs','bn','Bosnian'),
(390,'bs','az','Bosnian'),
(391,'bg','en','Bulgarian'),
(392,'bg','es','Búlgaro'),
(393,'bg','de','Bulgarisch'),
(394,'bg','fr','Bulgare'),
(395,'bg','ar','البلغارية'),
(396,'bg','bs','Bulgarian'),
(397,'bg','bg','Български'),
(398,'bg','ca','Bulgarian'),
(399,'bg','cs','Bulharština'),
(400,'bg','sk','Bulharčina'),
(401,'bg','cy','Bulgarian'),
(402,'bg','da','Bulgarian'),
(403,'bg','el','Βουλγαρικά'),
(404,'bg','eo','Bulgarian'),
(405,'bg','et','Bulgarian'),
(406,'bg','eu','Bulgarian'),
(407,'bg','fa','Bulgarian'),
(408,'bg','fi','Bulgaria'),
(409,'bg','ga','Bulgarian'),
(410,'bg','he','בולגרית'),
(411,'bg','hi','Bulgarian'),
(412,'bg','hr','Bugarski'),
(413,'bg','hu','Bolgár'),
(414,'bg','hy','Bulgarian'),
(415,'bg','id','Bulgarian'),
(416,'bg','is','Bulgarian'),
(417,'bg','it','Bulgaro'),
(418,'bg','ja','ブルガリア語'),
(419,'bg','ko','불가리아어'),
(420,'bg','ku','Bulgarian'),
(421,'bg','lv','Bulgarian'),
(422,'bg','lt','Bulgarian'),
(423,'bg','mk','Bulgarian'),
(424,'bg','mt','Bulgarian'),
(425,'bg','mn','Bulgarian'),
(426,'bg','ne','Bulgarian'),
(427,'bg','nl','Bulgaars'),
(428,'bg','no','Bulgarian'),
(429,'bg','pa','Bulgarian'),
(430,'bg','pl','Bułgarski'),
(431,'bg','pt-pt','Búlgaro'),
(432,'bg','pt-br','Búlgaro'),
(433,'bg','qu','Bulgarian'),
(434,'bg','ro','Bulgară'),
(435,'bg','ru','Болгарский'),
(436,'bg','sl','Bolgarščina'),
(437,'bg','so','Bulgarian'),
(438,'bg','sq','Bulgarian'),
(439,'bg','sr','бугарски'),
(440,'bg','sv','Bulgariska'),
(441,'bg','ta','Bulgarian'),
(442,'bg','th','บัลแกเรียน'),
(443,'bg','tr','Bulgarca'),
(444,'bg','uk','Bulgarian'),
(445,'bg','ur','Bulgarian'),
(446,'bg','uz','Bulgarian'),
(447,'bg','vi','Bulgarian'),
(448,'bg','yi','Bulgarian'),
(449,'bg','zh-hans','保加利亚语'),
(450,'bg','zu','Bulgarian'),
(451,'bg','zh-hant','保加利亞語'),
(452,'bg','ms','Bulgarian'),
(453,'bg','gl','Bulgarian'),
(454,'bg','bn','Bulgarian'),
(455,'bg','az','Bulgarian'),
(456,'ca','en','Catalan'),
(457,'ca','es','Catalán'),
(458,'ca','de','Katalanisch'),
(459,'ca','fr','Catalan'),
(460,'ca','ar','الكاتالوينية'),
(461,'ca','bs','Catalan'),
(462,'ca','bg','Каталонски'),
(463,'ca','ca','Català'),
(464,'ca','cs','Katalánština'),
(465,'ca','sk','Katalánčina'),
(466,'ca','cy','Catalan'),
(467,'ca','da','Catalan'),
(468,'ca','el','Καταλανικά'),
(469,'ca','eo','Catalan'),
(470,'ca','et','Catalan'),
(471,'ca','eu','Catalan'),
(472,'ca','fa','Catalan'),
(473,'ca','fi','Katalaani'),
(474,'ca','ga','Catalan'),
(475,'ca','he','קטלאנית'),
(476,'ca','hi','Catalan'),
(477,'ca','hr','Katalonski'),
(478,'ca','hu','Katalán'),
(479,'ca','hy','Catalan'),
(480,'ca','id','Catalan'),
(481,'ca','is','Catalan'),
(482,'ca','it','Catalano'),
(483,'ca','ja','カタルーニャ語'),
(484,'ca','ko','카탈로니아어'),
(485,'ca','ku','Catalan'),
(486,'ca','lv','Catalan'),
(487,'ca','lt','Catalan'),
(488,'ca','mk','Catalan'),
(489,'ca','mt','Catalan'),
(490,'ca','mn','Catalan'),
(491,'ca','ne','Catalan'),
(492,'ca','nl','Catalaans'),
(493,'ca','no','catalan'),
(494,'ca','pa','Catalan'),
(495,'ca','pl','Kataloński'),
(496,'ca','pt-pt','Catalão'),
(497,'ca','pt-br','Catalão'),
(498,'ca','qu','Catalan'),
(499,'ca','ro','Catalană'),
(500,'ca','ru','Каталанский'),
(501,'ca','sl','Katalonščina'),
(502,'ca','so','Catalan'),
(503,'ca','sq','Catalan'),
(504,'ca','sr','каталонски'),
(505,'ca','sv','Katalanska'),
(506,'ca','ta','Catalan'),
(507,'ca','th','คะตะลาน'),
(508,'ca','tr','Katalan dili'),
(509,'ca','uk','Catalan'),
(510,'ca','ur','Catalan'),
(511,'ca','uz','Catalan'),
(512,'ca','vi','Catalan'),
(513,'ca','yi','Catalan'),
(514,'ca','zh-hans','加泰罗尼亚语'),
(515,'ca','zu','Catalan'),
(516,'ca','zh-hant','加泰羅尼亞語'),
(517,'ca','ms','Catalan'),
(518,'ca','gl','Catalan'),
(519,'ca','bn','Catalan'),
(520,'ca','az','Catalan'),
(521,'cs','en','Czech'),
(522,'cs','es','Checo'),
(523,'cs','de','Tschechisch'),
(524,'cs','fr','Tchèque'),
(525,'cs','ar','التشيكية'),
(526,'cs','bs','Czech'),
(527,'cs','bg','Чешки'),
(528,'cs','ca','Czech'),
(529,'cs','cs','Čeština'),
(530,'cs','sk','Čeština'),
(531,'cs','cy','Czech'),
(532,'cs','da','Czech'),
(533,'cs','el','Τσεχικά'),
(534,'cs','eo','Czech'),
(535,'cs','et','Czech'),
(536,'cs','eu','Czech'),
(537,'cs','fa','Czech'),
(538,'cs','fi','Tsekki'),
(539,'cs','ga','Czech'),
(540,'cs','he','צ\'כית'),
(541,'cs','hi','Czech'),
(542,'cs','hr','češki'),
(543,'cs','hu','Cseh'),
(544,'cs','hy','Czech'),
(545,'cs','id','Czech'),
(546,'cs','is','Czech'),
(547,'cs','it','Ceco'),
(548,'cs','ja','チェコ語'),
(549,'cs','ko','체코슬로바키아어'),
(550,'cs','ku','Czech'),
(551,'cs','lv','Czech'),
(552,'cs','lt','Czech'),
(553,'cs','mk','Czech'),
(554,'cs','mt','Czech'),
(555,'cs','mn','Czech'),
(556,'cs','ne','Czech'),
(557,'cs','nl','Tsjechisch'),
(558,'cs','no','Czech'),
(559,'cs','pa','Czech'),
(560,'cs','pl','Czeski'),
(561,'cs','pt-pt','Tcheco'),
(562,'cs','pt-br','Tcheco'),
(563,'cs','qu','Czech'),
(564,'cs','ro','Cehă'),
(565,'cs','ru','Чешский'),
(566,'cs','sl','Češčina'),
(567,'cs','so','Czech'),
(568,'cs','sq','Czech'),
(569,'cs','sr','чешки'),
(570,'cs','sv','Tjeckiska'),
(571,'cs','ta','Czech'),
(572,'cs','th','เช็ก'),
(573,'cs','tr','Çekçe'),
(574,'cs','uk','Czech'),
(575,'cs','ur','Czech'),
(576,'cs','uz','Czech'),
(577,'cs','vi','Czech'),
(578,'cs','yi','Czech'),
(579,'cs','zh-hans','捷克语'),
(580,'cs','zu','Czech'),
(581,'cs','zh-hant','捷克語'),
(582,'cs','ms','Czech'),
(583,'cs','gl','Czech'),
(584,'cs','bn','Czech'),
(585,'cs','az','Czech'),
(586,'sk','en','Slovak'),
(587,'sk','es','Eslavo'),
(588,'sk','de','Slowakisch'),
(589,'sk','fr','Slave'),
(590,'sk','ar','السلافية'),
(591,'sk','bs','Slovak'),
(592,'sk','bg','Словашки'),
(593,'sk','ca','Slovak'),
(594,'sk','cs','Slovenština'),
(595,'sk','sk','Slovenčina'),
(596,'sk','cy','Slovak'),
(597,'sk','da','Slovak'),
(598,'sk','el','Σλαβική'),
(599,'sk','eo','Slovak'),
(600,'sk','et','Slovak'),
(601,'sk','eu','Slovak'),
(602,'sk','fa','Slovak'),
(603,'sk','fi','Slaavi'),
(604,'sk','ga','Slovak'),
(605,'sk','he','סלאבית'),
(606,'sk','hi','Slovak'),
(607,'sk','hr','Slovački'),
(608,'sk','hu','Szlovák'),
(609,'sk','hy','Slovak'),
(610,'sk','id','Slovak'),
(611,'sk','is','Slovak'),
(612,'sk','it','Slavo'),
(613,'sk','ja','スラヴ語派'),
(614,'sk','ko','슬라브어'),
(615,'sk','ku','Slovak'),
(616,'sk','lv','Slovak'),
(617,'sk','lt','Slovak'),
(618,'sk','mk','Slovak'),
(619,'sk','mt','Slovak'),
(620,'sk','mn','Slovak'),
(621,'sk','ne','Slovak'),
(622,'sk','nl','Slavisch'),
(623,'sk','no','Slovak'),
(624,'sk','pa','Slovak'),
(625,'sk','pl','Słowacki'),
(626,'sk','pt-pt','Eslavo'),
(627,'sk','pt-br','Eslavo'),
(628,'sk','qu','Slovak'),
(629,'sk','ro','Slavă'),
(630,'sk','ru','Славянский'),
(631,'sk','sl','Slovaščina'),
(632,'sk','so','Slovak'),
(633,'sk','sq','Slovak'),
(634,'sk','sr','словачки'),
(635,'sk','sv','Slavisk'),
(636,'sk','ta','Slovak'),
(637,'sk','th','สลาวิก'),
(638,'sk','tr','Slav dili'),
(639,'sk','uk','Slovak'),
(640,'sk','ur','Slovak'),
(641,'sk','uz','Slovak'),
(642,'sk','vi','Slovak'),
(643,'sk','yi','Slovak'),
(644,'sk','zh-hans','斯拉夫语'),
(645,'sk','zu','Slovak'),
(646,'sk','zh-hant','斯拉夫語'),
(647,'sk','ms','Slovak'),
(648,'sk','gl','Slovak'),
(649,'sk','bn','Slovak'),
(650,'sk','az','Slovak'),
(651,'cy','en','Welsh'),
(652,'cy','es','Galés'),
(653,'cy','de','Walisisch'),
(654,'cy','fr','Gallois'),
(655,'cy','ar','الولزية'),
(656,'cy','bs','Welsh'),
(657,'cy','bg','Уелски'),
(658,'cy','ca','Welsh'),
(659,'cy','cs','Velšský'),
(660,'cy','sk','Welština'),
(661,'cy','cy','Cymraeg'),
(662,'cy','da','Welsh'),
(663,'cy','el','Oυαλικά'),
(664,'cy','eo','Welsh'),
(665,'cy','et','Welsh'),
(666,'cy','eu','Welsh'),
(667,'cy','fa','Welsh'),
(668,'cy','fi','Kymri'),
(669,'cy','ga','Welsh'),
(670,'cy','he','וולשית'),
(671,'cy','hi','Welsh'),
(672,'cy','hr','Velški'),
(673,'cy','hu','Vels'),
(674,'cy','hy','Welsh'),
(675,'cy','id','Welsh'),
(676,'cy','is','Welsh'),
(677,'cy','it','Gallese'),
(678,'cy','ja','ウェールズ語'),
(679,'cy','ko','웨일즈어'),
(680,'cy','ku','Welsh'),
(681,'cy','lv','Welsh'),
(682,'cy','lt','Welsh'),
(683,'cy','mk','Welsh'),
(684,'cy','mt','Welsh'),
(685,'cy','mn','Welsh'),
(686,'cy','ne','Welsh'),
(687,'cy','nl','Welsh'),
(688,'cy','no','Welsh'),
(689,'cy','pa','Welsh'),
(690,'cy','pl','Walijski'),
(691,'cy','pt-pt','Galês'),
(692,'cy','pt-br','Galês'),
(693,'cy','qu','Welsh'),
(694,'cy','ro','Galeză'),
(695,'cy','ru','Валлийский'),
(696,'cy','sl','Welsh'),
(697,'cy','so','Welsh'),
(698,'cy','sq','Welsh'),
(699,'cy','sr','велшки'),
(700,'cy','sv','Walesiska'),
(701,'cy','ta','Welsh'),
(702,'cy','th','เวลช์'),
(703,'cy','tr','Galce'),
(704,'cy','uk','Welsh'),
(705,'cy','ur','Welsh'),
(706,'cy','uz','Welsh'),
(707,'cy','vi','Welsh'),
(708,'cy','yi','Welsh'),
(709,'cy','zh-hans','威尔士语'),
(710,'cy','zu','Welsh'),
(711,'cy','zh-hant','威爾士語'),
(712,'cy','ms','Welsh'),
(713,'cy','gl','Welsh'),
(714,'cy','bn','Welsh'),
(715,'cy','az','Welsh'),
(716,'da','en','Danish'),
(717,'da','es','Danés'),
(718,'da','de','Dänisch'),
(719,'da','fr','Danois'),
(720,'da','ar','الدانماركية'),
(721,'da','bs','Danish'),
(722,'da','bg','Датски'),
(723,'da','ca','Danish'),
(724,'da','cs','Dánský'),
(725,'da','sk','Dánčina'),
(726,'da','cy','Danish'),
(727,'da','da','Dansk'),
(728,'da','el','Δανέζικα'),
(729,'da','eo','Danish'),
(730,'da','et','Danish'),
(731,'da','eu','Danish'),
(732,'da','fa','Danish'),
(733,'da','fi','Tanska'),
(734,'da','ga','Danish'),
(735,'da','he','דנית'),
(736,'da','hi','Danish'),
(737,'da','hr','Danski'),
(738,'da','hu','Dán'),
(739,'da','hy','Danish'),
(740,'da','id','Danish'),
(741,'da','is','Danish'),
(742,'da','it','Danese'),
(743,'da','ja','デンマーク語'),
(744,'da','ko','덴마크어'),
(745,'da','ku','Danish'),
(746,'da','lv','Danish'),
(747,'da','lt','Danish'),
(748,'da','mk','Danish'),
(749,'da','mt','Danish'),
(750,'da','mn','Danish'),
(751,'da','ne','Danish'),
(752,'da','nl','Deens'),
(753,'da','no','Danish'),
(754,'da','pa','Danish'),
(755,'da','pl','Duński'),
(756,'da','pt-pt','Dinamarquês'),
(757,'da','pt-br','Dinamarquês'),
(758,'da','qu','Danish'),
(759,'da','ro','Daneză'),
(760,'da','ru','Датский'),
(761,'da','sl','Danščina'),
(762,'da','so','Danish'),
(763,'da','sq','Danish'),
(764,'da','sr','дански'),
(765,'da','sv','Danska'),
(766,'da','ta','Danish'),
(767,'da','th','เดนมาร์ก'),
(768,'da','tr','Danca'),
(769,'da','uk','Danish'),
(770,'da','ur','Danish'),
(771,'da','uz','Danish'),
(772,'da','vi','Danish'),
(773,'da','yi','Danish'),
(774,'da','zh-hans','丹麦语'),
(775,'da','zu','Danish'),
(776,'da','zh-hant','丹麥語'),
(777,'da','ms','Danish'),
(778,'da','gl','Danish'),
(779,'da','bn','Danish'),
(780,'da','az','Danish'),
(781,'el','en','Greek'),
(782,'el','es','Griego'),
(783,'el','de','Griechisch'),
(784,'el','fr','Grec moderne'),
(785,'el','ar','اليونانية'),
(786,'el','bs','Greek'),
(787,'el','bg','Гръцки'),
(788,'el','ca','Greek'),
(789,'el','cs','Řečtina'),
(790,'el','sk','Gréčtina'),
(791,'el','cy','Greek'),
(792,'el','da','Greek'),
(793,'el','el','Ελληνικά'),
(794,'el','eo','Greek'),
(795,'el','et','Greek'),
(796,'el','eu','Greek'),
(797,'el','fa','Greek'),
(798,'el','fi','Kreikka'),
(799,'el','ga','Greek'),
(800,'el','he','יוונית'),
(801,'el','hi','Greek'),
(802,'el','hr','Grčki'),
(803,'el','hu','Görög'),
(804,'el','hy','Greek'),
(805,'el','id','Greek'),
(806,'el','is','Greek'),
(807,'el','it','Greco'),
(808,'el','ja','ギリシア語'),
(809,'el','ko','그리스어'),
(810,'el','ku','Greek'),
(811,'el','lv','Greek'),
(812,'el','lt','Greek'),
(813,'el','mk','Greek'),
(814,'el','mt','Greek'),
(815,'el','mn','Greek'),
(816,'el','ne','Greek'),
(817,'el','nl','Grieks'),
(818,'el','no','Gresk'),
(819,'el','pa','Greek'),
(820,'el','pl','Grecki'),
(821,'el','pt-pt','Grego'),
(822,'el','pt-br','Grego'),
(823,'el','qu','Greek'),
(824,'el','ro','Greacă'),
(825,'el','ru','Греческий'),
(826,'el','sl','Greek'),
(827,'el','so','Greek'),
(828,'el','sq','Greek'),
(829,'el','sr','грчки'),
(830,'el','sv','Grekiska'),
(831,'el','ta','Greek'),
(832,'el','th','กรีก'),
(833,'el','tr','Yunanca'),
(834,'el','uk','Greek'),
(835,'el','ur','Greek'),
(836,'el','uz','Greek'),
(837,'el','vi','Greek'),
(838,'el','yi','Greek'),
(839,'el','zh-hans','希腊语'),
(840,'el','zu','Greek'),
(841,'el','zh-hant','希臘語'),
(842,'el','ms','Greek'),
(843,'el','gl','Greek'),
(844,'el','bn','Greek'),
(845,'el','az','Greek'),
(846,'eo','en','Esperanto'),
(847,'eo','es','Esperanto'),
(848,'eo','de','Esperanto'),
(849,'eo','fr','Espéranto'),
(850,'eo','ar','الاسبرانتو'),
(851,'eo','bs','Esperanto'),
(852,'eo','bg','Есперанто'),
(853,'eo','ca','Esperanto'),
(854,'eo','cs','Esperanto'),
(855,'eo','sk','Esperanto'),
(856,'eo','cy','Esperanto'),
(857,'eo','da','Esperanto'),
(858,'eo','el','Εσπεράντο'),
(859,'eo','eo','Esperanta'),
(860,'eo','et','Esperanto'),
(861,'eo','eu','Esperanto'),
(862,'eo','fa','Esperanto'),
(863,'eo','fi','Esperanto'),
(864,'eo','ga','Esperanto'),
(865,'eo','he','אספרנטו'),
(866,'eo','hi','Esperanto'),
(867,'eo','hr','Esperanto'),
(868,'eo','hu','Eszperantó'),
(869,'eo','hy','Esperanto'),
(870,'eo','id','Esperanto'),
(871,'eo','is','Esperanto'),
(872,'eo','it','Esperanto'),
(873,'eo','ja','エスペラント語'),
(874,'eo','ko','에스페란토어'),
(875,'eo','ku','Esperanto'),
(876,'eo','lv','Esperanto'),
(877,'eo','lt','Esperanto'),
(878,'eo','mk','Esperanto'),
(879,'eo','mt','Esperanto'),
(880,'eo','mn','Esperanto'),
(881,'eo','ne','Esperanto'),
(882,'eo','nl','Esperanto'),
(883,'eo','no','Esperanto'),
(884,'eo','pa','Esperanto'),
(885,'eo','pl','Esperanto'),
(886,'eo','pt-pt','Esperanto'),
(887,'eo','pt-br','Esperanto'),
(888,'eo','qu','Esperanto'),
(889,'eo','ro','Esperanto'),
(890,'eo','ru','Эсперанто'),
(891,'eo','sl','Esperanto'),
(892,'eo','so','Esperanto'),
(893,'eo','sq','Esperanto'),
(894,'eo','sr','есперанто'),
(895,'eo','sv','Esperanto'),
(896,'eo','ta','Esperanto'),
(897,'eo','th','เอสเปอรันโต'),
(898,'eo','tr','Esperanto'),
(899,'eo','uk','Esperanto'),
(900,'eo','ur','Esperanto'),
(901,'eo','uz','Esperanto'),
(902,'eo','vi','Esperanto'),
(903,'eo','yi','Esperanto'),
(904,'eo','zh-hans','世界语'),
(905,'eo','zu','Esperanto'),
(906,'eo','zh-hant','世界語'),
(907,'eo','ms','Esperanto'),
(908,'eo','gl','Esperanto'),
(909,'eo','bn','Esperanto'),
(910,'eo','az','Esperanto'),
(911,'et','en','Estonian'),
(912,'et','es','Estonio'),
(913,'et','de','Estnisch'),
(914,'et','fr','Estonien'),
(915,'et','ar','الأستونية'),
(916,'et','bs','Estonian'),
(917,'et','bg','Естонски'),
(918,'et','ca','Estonian'),
(919,'et','cs','Estonština'),
(920,'et','sk','Estónčina'),
(921,'et','cy','Estonian'),
(922,'et','da','Estonian'),
(923,'et','el','Εσθονικά'),
(924,'et','eo','Estonian'),
(925,'et','et','Eesti'),
(926,'et','eu','Estonian'),
(927,'et','fa','Estonian'),
(928,'et','fi','Eesti'),
(929,'et','ga','Estonian'),
(930,'et','he','אסטונית'),
(931,'et','hi','Estonian'),
(932,'et','hr','Estonski'),
(933,'et','hu','észt'),
(934,'et','hy','Estonian'),
(935,'et','id','Estonian'),
(936,'et','is','Estonian'),
(937,'et','it','Estone'),
(938,'et','ja','エストニア語'),
(939,'et','ko','에스토니아어'),
(940,'et','ku','Estonian'),
(941,'et','lv','Estonian'),
(942,'et','lt','Estonian'),
(943,'et','mk','Estonian'),
(944,'et','mt','Estonian'),
(945,'et','mn','Estonian'),
(946,'et','ne','Estonian'),
(947,'et','nl','Ests'),
(948,'et','no','Estonian'),
(949,'et','pa','Estonian'),
(950,'et','pl','Estoński'),
(951,'et','pt-pt','Estoniano'),
(952,'et','pt-br','Estoniano'),
(953,'et','qu','Estonian'),
(954,'et','ro','Estoniană'),
(955,'et','ru','Эстонский'),
(956,'et','sl','Estonščina'),
(957,'et','so','Estonian'),
(958,'et','sq','Estonian'),
(959,'et','sr','естонски'),
(960,'et','sv','Estniska'),
(961,'et','ta','Estonian'),
(962,'et','th','เอสโตเนียน'),
(963,'et','tr','Estonya dili'),
(964,'et','uk','Estonian'),
(965,'et','ur','Estonian'),
(966,'et','uz','Estonian'),
(967,'et','vi','Estonian'),
(968,'et','yi','Estonian'),
(969,'et','zh-hans','爱沙尼亚语'),
(970,'et','zu','Estonian'),
(971,'et','zh-hant','愛沙尼亞語'),
(972,'et','ms','Estonian'),
(973,'et','gl','Estonian'),
(974,'et','bn','Estonian'),
(975,'et','az','Estonian'),
(976,'eu','en','Basque'),
(977,'eu','es','Euskera'),
(978,'eu','de','Baskisch'),
(979,'eu','fr','Basque'),
(980,'eu','ar','لغة الباسك'),
(981,'eu','bs','Basque'),
(982,'eu','bg','Баски'),
(983,'eu','ca','Basque'),
(984,'eu','cs','Basque'),
(985,'eu','sk','Baskičtina'),
(986,'eu','cy','Basque'),
(987,'eu','da','Basque'),
(988,'eu','el','Βασκικά'),
(989,'eu','eo','Basque'),
(990,'eu','et','Basque'),
(991,'eu','eu','Euskara'),
(992,'eu','fa','Basque'),
(993,'eu','fi','Baski'),
(994,'eu','ga','Basque'),
(995,'eu','he','בסקית'),
(996,'eu','hi','Basque'),
(997,'eu','hr','Baskijski'),
(998,'eu','hu','Baszk'),
(999,'eu','hy','Basque'),
(1000,'eu','id','Basque'),
(1001,'eu','is','Basque'),
(1002,'eu','it','Basco'),
(1003,'eu','ja','バスク語'),
(1004,'eu','ko','바스크어'),
(1005,'eu','ku','Basque'),
(1006,'eu','lv','Basque'),
(1007,'eu','lt','Basque'),
(1008,'eu','mk','Basque'),
(1009,'eu','mt','Basque'),
(1010,'eu','mn','Basque'),
(1011,'eu','ne','Basque'),
(1012,'eu','nl','Baskisch'),
(1013,'eu','no','Basque'),
(1014,'eu','pa','Basque'),
(1015,'eu','pl','Baskijski'),
(1016,'eu','pt-pt','Basco'),
(1017,'eu','pt-br','Basco'),
(1018,'eu','qu','Basque'),
(1019,'eu','ro','Bască'),
(1020,'eu','ru','Баскский'),
(1021,'eu','sl','Baskovščina'),
(1022,'eu','so','Basque'),
(1023,'eu','sq','Basque'),
(1024,'eu','sr','баскијски'),
(1025,'eu','sv','Baskiska'),
(1026,'eu','ta','Basque'),
(1027,'eu','th','บาสค์'),
(1028,'eu','tr','Bask dili'),
(1029,'eu','uk','Basque'),
(1030,'eu','ur','Basque'),
(1031,'eu','uz','Basque'),
(1032,'eu','vi','Basque'),
(1033,'eu','yi','Basque'),
(1034,'eu','zh-hans','巴斯克语'),
(1035,'eu','zu','Basque'),
(1036,'eu','zh-hant','巴斯克語'),
(1037,'eu','ms','Basque'),
(1038,'eu','gl','Basque'),
(1039,'eu','bn','Basque'),
(1040,'eu','az','Basque'),
(1041,'fa','en','Persian'),
(1042,'fa','es','Persa'),
(1043,'fa','de','Persisch'),
(1044,'fa','fr','Perse'),
(1045,'fa','ar','الفارسية'),
(1046,'fa','bs','Persian'),
(1047,'fa','bg','Персийски'),
(1048,'fa','ca','Persian'),
(1049,'fa','cs','Perský'),
(1050,'fa','sk','Perzština'),
(1051,'fa','cy','Persian'),
(1052,'fa','da','Persian'),
(1053,'fa','el','Περσικά'),
(1054,'fa','eo','Persian'),
(1055,'fa','et','Persian'),
(1056,'fa','eu','Persian'),
(1057,'fa','fa','فارسی'),
(1058,'fa','fi','Persia'),
(1059,'fa','ga','Persian'),
(1060,'fa','he','פרסית'),
(1061,'fa','hi','Persian'),
(1062,'fa','hr','Perzijski'),
(1063,'fa','hu','Perzsa'),
(1064,'fa','hy','Persian'),
(1065,'fa','id','Persian'),
(1066,'fa','is','Persian'),
(1067,'fa','it','Persiano'),
(1068,'fa','ja','ペルシア語'),
(1069,'fa','ko','페르시아어'),
(1070,'fa','ku','Persian'),
(1071,'fa','lv','Persian'),
(1072,'fa','lt','Persian'),
(1073,'fa','mk','Persian'),
(1074,'fa','mt','Persian'),
(1075,'fa','mn','Persian'),
(1076,'fa','ne','Persian'),
(1077,'fa','nl','Perzisch'),
(1078,'fa','no','Persisk'),
(1079,'fa','pa','Persian'),
(1080,'fa','pl','Perski'),
(1081,'fa','pt-pt','Persa'),
(1082,'fa','pt-br','Persa'),
(1083,'fa','qu','Persian'),
(1084,'fa','ro','Persană'),
(1085,'fa','ru','Персидский'),
(1086,'fa','sl','Perzijski'),
(1087,'fa','so','Persian'),
(1088,'fa','sq','Persian'),
(1089,'fa','sr','персијски'),
(1090,'fa','sv','Persiska'),
(1091,'fa','ta','Persian'),
(1092,'fa','th','เปอร์เซียน'),
(1093,'fa','tr','Farsça'),
(1094,'fa','uk','Persian'),
(1095,'fa','ur','Persian'),
(1096,'fa','uz','Persian'),
(1097,'fa','vi','Persian'),
(1098,'fa','yi','Persian'),
(1099,'fa','zh-hans','波斯语'),
(1100,'fa','zu','Persian'),
(1101,'fa','zh-hant','波斯語'),
(1102,'fa','ms','Persian'),
(1103,'fa','gl','Persian'),
(1104,'fa','bn','Persian'),
(1105,'fa','az','Persian'),
(1106,'fi','en','Finnish'),
(1107,'fi','es','Finlandés'),
(1108,'fi','de','Finnisch'),
(1109,'fi','fr','Finnois'),
(1110,'fi','ar','الفنلندية'),
(1111,'fi','bs','Finnish'),
(1112,'fi','bg','Фински'),
(1113,'fi','ca','Finnish'),
(1114,'fi','cs','Finský'),
(1115,'fi','sk','Fínština'),
(1116,'fi','cy','Finnish'),
(1117,'fi','da','Finnish'),
(1118,'fi','el','Φινλανδικά'),
(1119,'fi','eo','Finnish'),
(1120,'fi','et','Finnish'),
(1121,'fi','eu','Finnish'),
(1122,'fi','fa','Finnish'),
(1123,'fi','fi','Suomi'),
(1124,'fi','ga','Finnish'),
(1125,'fi','he','פינית'),
(1126,'fi','hi','Finnish'),
(1127,'fi','hr','Finski'),
(1128,'fi','hu','Finn'),
(1129,'fi','hy','Finnish'),
(1130,'fi','id','Finnish'),
(1131,'fi','is','Finnish'),
(1132,'fi','it','Finlandese'),
(1133,'fi','ja','フィンランド語'),
(1134,'fi','ko','핀란드어'),
(1135,'fi','ku','Finnish'),
(1136,'fi','lv','Finnish'),
(1137,'fi','lt','Finnish'),
(1138,'fi','mk','Finnish'),
(1139,'fi','mt','Finnish'),
(1140,'fi','mn','Finnish'),
(1141,'fi','ne','Finnish'),
(1142,'fi','nl','Fins'),
(1143,'fi','no','Finsk'),
(1144,'fi','pa','Finnish'),
(1145,'fi','pl','Fiński'),
(1146,'fi','pt-pt','Finlandês'),
(1147,'fi','pt-br','Finlandês'),
(1148,'fi','qu','Finnish'),
(1149,'fi','ro','Finlandeză'),
(1150,'fi','ru','Финский'),
(1151,'fi','sl','Finski'),
(1152,'fi','so','Finnish'),
(1153,'fi','sq','Finnish'),
(1154,'fi','sr','фински'),
(1155,'fi','sv','Finska'),
(1156,'fi','ta','Finnish'),
(1157,'fi','th','ฟินนิช'),
(1158,'fi','tr','Fince'),
(1159,'fi','uk','Finnish'),
(1160,'fi','ur','Finnish'),
(1161,'fi','uz','Finnish'),
(1162,'fi','vi','Finnish'),
(1163,'fi','yi','Finnish'),
(1164,'fi','zh-hans','芬兰语'),
(1165,'fi','zu','Finnish'),
(1166,'fi','zh-hant','芬蘭語'),
(1167,'fi','ms','Finnish'),
(1168,'fi','gl','Finnish'),
(1169,'fi','bn','Finnish'),
(1170,'fi','az','Finnish'),
(1171,'ga','en','Irish'),
(1172,'ga','es','Irlandés'),
(1173,'ga','de','Irisch'),
(1174,'ga','fr','Irlandais'),
(1175,'ga','ar','الأيرلندية'),
(1176,'ga','bs','Irish'),
(1177,'ga','bg','Ирландски'),
(1178,'ga','ca','Irish'),
(1179,'ga','cs','Irský'),
(1180,'ga','sk','Írština'),
(1181,'ga','cy','Irish'),
(1182,'ga','da','Irish'),
(1183,'ga','el','Ιρλανδικά'),
(1184,'ga','eo','Irish'),
(1185,'ga','et','Irish'),
(1186,'ga','eu','Irish'),
(1187,'ga','fa','Irish'),
(1188,'ga','fi','Iiri'),
(1189,'ga','ga','Gaeilge'),
(1190,'ga','he','אירית'),
(1191,'ga','hi','Irish'),
(1192,'ga','hr','Irski'),
(1193,'ga','hu','ír'),
(1194,'ga','hy','Irish'),
(1195,'ga','id','Irish'),
(1196,'ga','is','Irish'),
(1197,'ga','it','Irlandese'),
(1198,'ga','ja','アイルランド語'),
(1199,'ga','ko','아일랜드어'),
(1200,'ga','ku','Irish'),
(1201,'ga','lv','Irish'),
(1202,'ga','lt','Irish'),
(1203,'ga','mk','Irish'),
(1204,'ga','mt','Irish'),
(1205,'ga','mn','Irish'),
(1206,'ga','ne','Irish'),
(1207,'ga','nl','Iers'),
(1208,'ga','no','Irish'),
(1209,'ga','pa','Irish'),
(1210,'ga','pl','Irlandzki'),
(1211,'ga','pt-pt','Irlandês'),
(1212,'ga','pt-br','Irlandês'),
(1213,'ga','qu','Irish'),
(1214,'ga','ro','Irlandeză'),
(1215,'ga','ru','Ирландский'),
(1216,'ga','sl','Irski'),
(1217,'ga','so','Irish'),
(1218,'ga','sq','Irish'),
(1219,'ga','sr','ирски'),
(1220,'ga','sv','Irländska'),
(1221,'ga','ta','Irish'),
(1222,'ga','th','ไอริช'),
(1223,'ga','tr','İrlanda dili'),
(1224,'ga','uk','Irish'),
(1225,'ga','ur','Irish'),
(1226,'ga','uz','Irish'),
(1227,'ga','vi','Irish'),
(1228,'ga','yi','Irish'),
(1229,'ga','zh-hans','爱尔兰语'),
(1230,'ga','zu','Irish'),
(1231,'ga','zh-hant','愛爾蘭語'),
(1232,'ga','ms','Irish'),
(1233,'ga','gl','Irish'),
(1234,'ga','bn','Irish'),
(1235,'ga','az','Irish'),
(1236,'he','en','Hebrew'),
(1237,'he','es','Hebreo'),
(1238,'he','de','Hebräisch'),
(1239,'he','fr','Hébreu'),
(1240,'he','ar','العبرية'),
(1241,'he','bs','Hebrew'),
(1242,'he','bg','Иврит'),
(1243,'he','ca','Hebrew'),
(1244,'he','cs','Hebrejština'),
(1245,'he','sk','Hebrejčina'),
(1246,'he','cy','Hebrew'),
(1247,'he','da','Hebrew'),
(1248,'he','el','Εβραϊκά'),
(1249,'he','eo','Hebrew'),
(1250,'he','et','Hebrew'),
(1251,'he','eu','Hebrew'),
(1252,'he','fa','Hebrew'),
(1253,'he','fi','Heprea'),
(1254,'he','ga','Hebrew'),
(1255,'he','he','עברית'),
(1256,'he','hi','Hebrew'),
(1257,'he','hr','Hebrejski'),
(1258,'he','hu','Héber'),
(1259,'he','hy','Hebrew'),
(1260,'he','id','Hebrew'),
(1261,'he','is','Hebrew'),
(1262,'he','it','Ebraico'),
(1263,'he','ja','ヘブライ語'),
(1264,'he','ko','히브리어'),
(1265,'he','ku','Hebrew'),
(1266,'he','lv','Hebrew'),
(1267,'he','lt','Hebrew'),
(1268,'he','mk','Hebrew'),
(1269,'he','mt','Hebrew'),
(1270,'he','mn','Hebrew'),
(1271,'he','ne','Hebrew'),
(1272,'he','nl','Hebreeuws'),
(1273,'he','no','Hebraisk'),
(1274,'he','pa','Hebrew'),
(1275,'he','pl','Hebrajski'),
(1276,'he','pt-pt','Hebraico'),
(1277,'he','pt-br','Hebraico'),
(1278,'he','qu','Hebrew'),
(1279,'he','ro','Ebraică'),
(1280,'he','ru','Иврит'),
(1281,'he','sl','Hebrejščina'),
(1282,'he','so','Hebrew'),
(1283,'he','sq','Hebrew'),
(1284,'he','sr','Хебрејски'),
(1285,'he','sv','Hebreiska'),
(1286,'he','ta','Hebrew'),
(1287,'he','th','ฮิบรู'),
(1288,'he','tr','İbranice'),
(1289,'he','uk','Hebrew'),
(1290,'he','ur','Hebrew'),
(1291,'he','uz','Hebrew'),
(1292,'he','vi','Hebrew'),
(1293,'he','yi','Hebrew'),
(1294,'he','zh-hans','希伯来语'),
(1295,'he','zu','Hebrew'),
(1296,'he','zh-hant','希伯來語'),
(1297,'he','ms','Hebrew'),
(1298,'he','gl','Hebrew'),
(1299,'he','bn','Hebrew'),
(1300,'he','az','Hebrew'),
(1301,'hi','en','Hindi'),
(1302,'hi','es','Hindi'),
(1303,'hi','de','Hindi'),
(1304,'hi','fr','Hindi'),
(1305,'hi','ar','الهندية'),
(1306,'hi','bs','Hindi'),
(1307,'hi','bg','Хинди'),
(1308,'hi','ca','Hindi'),
(1309,'hi','cs','Hindština'),
(1310,'hi','sk','Hindčina'),
(1311,'hi','cy','Hindi'),
(1312,'hi','da','Hindi'),
(1313,'hi','el','Ινδικά'),
(1314,'hi','eo','Hindi'),
(1315,'hi','et','Hindi'),
(1316,'hi','eu','Hindi'),
(1317,'hi','fa','Hindi'),
(1318,'hi','fi','Hindi'),
(1319,'hi','ga','Hindi'),
(1320,'hi','he','הודית'),
(1321,'hi','hi','हिन्दी'),
(1322,'hi','hr','Hindski'),
(1323,'hi','hu','Hindi'),
(1324,'hi','hy','Hindi'),
(1325,'hi','id','Hindi'),
(1326,'hi','is','Hindi'),
(1327,'hi','it','Hindi'),
(1328,'hi','ja','ヒンディー語'),
(1329,'hi','ko','힌두어'),
(1330,'hi','ku','Hindi'),
(1331,'hi','lv','Hindi'),
(1332,'hi','lt','Hindi'),
(1333,'hi','mk','Hindi'),
(1334,'hi','mt','Hindi'),
(1335,'hi','mn','Hindi'),
(1336,'hi','ne','Hindi'),
(1337,'hi','nl','Hindi'),
(1338,'hi','no','Hindi'),
(1339,'hi','pa','Hindi'),
(1340,'hi','pl','Hindi'),
(1341,'hi','pt-pt','Hindi'),
(1342,'hi','pt-br','Hindi'),
(1343,'hi','qu','Hindi'),
(1344,'hi','ro','Hindi'),
(1345,'hi','ru','Хинди'),
(1346,'hi','sl','Hindi'),
(1347,'hi','so','Hindi'),
(1348,'hi','sq','Hindi'),
(1349,'hi','sr','хинди'),
(1350,'hi','sv','Hindi'),
(1351,'hi','ta','Hindi'),
(1352,'hi','th','ฮินดิ'),
(1353,'hi','tr','Hintçe'),
(1354,'hi','uk','Hindi'),
(1355,'hi','ur','Hindi'),
(1356,'hi','uz','Hindi'),
(1357,'hi','vi','Hindi'),
(1358,'hi','yi','Hindi'),
(1359,'hi','zh-hans','印地语'),
(1360,'hi','zu','Hindi'),
(1361,'hi','zh-hant','印地語'),
(1362,'hi','ms','Hindi'),
(1363,'hi','gl','Hindi'),
(1364,'hi','bn','Hindi'),
(1365,'hi','az','Hindi'),
(1366,'hr','en','Croatian'),
(1367,'hr','es','Croata'),
(1368,'hr','de','Kroatisch'),
(1369,'hr','fr','Croate'),
(1370,'hr','ar','الكرواتية'),
(1371,'hr','bs','Croatian'),
(1372,'hr','bg','Хърватски'),
(1373,'hr','ca','Croatian'),
(1374,'hr','cs','Chorvatský'),
(1375,'hr','sk','Chorvátština'),
(1376,'hr','cy','Croatian'),
(1377,'hr','da','Croatian'),
(1378,'hr','el','Κροατικά'),
(1379,'hr','eo','Croatian'),
(1380,'hr','et','Croatian'),
(1381,'hr','eu','Croatian'),
(1382,'hr','fa','Croatian'),
(1383,'hr','fi','Kroatia'),
(1384,'hr','ga','Croatian'),
(1385,'hr','he','קרוטאית'),
(1386,'hr','hi','Croatian'),
(1387,'hr','hr','Hrvatski'),
(1388,'hr','hu','Horvát'),
(1389,'hr','hy','Croatian'),
(1390,'hr','id','Croatian'),
(1391,'hr','is','Croatian'),
(1392,'hr','it','Croato'),
(1393,'hr','ja','クロアチア語'),
(1394,'hr','ko','크로아시아어'),
(1395,'hr','ku','Croatian'),
(1396,'hr','lv','Croatian'),
(1397,'hr','lt','Croatian'),
(1398,'hr','mk','Croatian'),
(1399,'hr','mt','Croatian'),
(1400,'hr','mn','Croatian'),
(1401,'hr','ne','Croatian'),
(1402,'hr','nl','Kroatisch'),
(1403,'hr','no','Kroatisk'),
(1404,'hr','pa','Croatian'),
(1405,'hr','pl','Chorwacki'),
(1406,'hr','pt-pt','Croata'),
(1407,'hr','pt-br','Croata'),
(1408,'hr','qu','Croatian'),
(1409,'hr','ro','Croată'),
(1410,'hr','ru','Хорватский'),
(1411,'hr','sl','Hrvaški'),
(1412,'hr','so','Croatian'),
(1413,'hr','sq','Croatian'),
(1414,'hr','sr','хрватски'),
(1415,'hr','sv','Kroatiska'),
(1416,'hr','ta','Croatian'),
(1417,'hr','th','โครเอเชีย'),
(1418,'hr','tr','Hırvatça'),
(1419,'hr','uk','Croatian'),
(1420,'hr','ur','Croatian'),
(1421,'hr','uz','Croatian'),
(1422,'hr','vi','Croatian'),
(1423,'hr','yi','Croatian'),
(1424,'hr','zh-hans','克罗地亚语'),
(1425,'hr','zu','Croatian'),
(1426,'hr','zh-hant','克羅地亞語'),
(1427,'hr','ms','Croatian'),
(1428,'hr','gl','Croatian'),
(1429,'hr','bn','Croatian'),
(1430,'hr','az','Croatian'),
(1431,'hu','en','Hungarian'),
(1432,'hu','es','Húngaro'),
(1433,'hu','de','Ungarisch'),
(1434,'hu','fr','Hongrois'),
(1435,'hu','ar','الهنغارية'),
(1436,'hu','bs','Hungarian'),
(1437,'hu','bg','Унгарски'),
(1438,'hu','ca','Hungarian'),
(1439,'hu','cs','Maďarština'),
(1440,'hu','sk','Maďarčina'),
(1441,'hu','cy','Hungarian'),
(1442,'hu','da','Hungarian'),
(1443,'hu','el','Ουγγρικά'),
(1444,'hu','eo','Hungarian'),
(1445,'hu','et','Hungarian'),
(1446,'hu','eu','Hungarian'),
(1447,'hu','fa','Hungarian'),
(1448,'hu','fi','Unkari'),
(1449,'hu','ga','Hungarian'),
(1450,'hu','he','הונגרית'),
(1451,'hu','hi','Hungarian'),
(1452,'hu','hr','Mađarski'),
(1453,'hu','hu','Magyar'),
(1454,'hu','hy','Hungarian'),
(1455,'hu','id','Hungarian'),
(1456,'hu','is','Hungarian'),
(1457,'hu','it','Ungherese'),
(1458,'hu','ja','ハンガリー語'),
(1459,'hu','ko','헝가리어'),
(1460,'hu','ku','Hungarian'),
(1461,'hu','lv','Hungarian'),
(1462,'hu','lt','Hungarian'),
(1463,'hu','mk','Hungarian'),
(1464,'hu','mt','Hungarian'),
(1465,'hu','mn','Hungarian'),
(1466,'hu','ne','Hungarian'),
(1467,'hu','nl','Hongaars'),
(1468,'hu','no','Ungarsk'),
(1469,'hu','pa','Hungarian'),
(1470,'hu','pl','Węgierski'),
(1471,'hu','pt-pt','Húngaro'),
(1472,'hu','pt-br','Húngaro'),
(1473,'hu','qu','Hungarian'),
(1474,'hu','ro','Ungară'),
(1475,'hu','ru','Венгерский'),
(1476,'hu','sl','Madžarski'),
(1477,'hu','so','Hungarian'),
(1478,'hu','sq','Hungarian'),
(1479,'hu','sr','мађарски'),
(1480,'hu','sv','Ungerska'),
(1481,'hu','ta','Hungarian'),
(1482,'hu','th','ฮังการี'),
(1483,'hu','tr','Macarca'),
(1484,'hu','uk','Hungarian'),
(1485,'hu','ur','Hungarian'),
(1486,'hu','uz','Hungarian'),
(1487,'hu','vi','Hungarian'),
(1488,'hu','yi','Hungarian'),
(1489,'hu','zh-hans','匈牙利语'),
(1490,'hu','zu','Hungarian'),
(1491,'hu','zh-hant','匈牙利語'),
(1492,'hu','ms','Hungarian'),
(1493,'hu','gl','Hungarian'),
(1494,'hu','bn','Hungarian'),
(1495,'hu','az','Hungarian'),
(1496,'hy','en','Armenian'),
(1497,'hy','es','Armenio'),
(1498,'hy','de','Armenisch'),
(1499,'hy','fr','Arménien'),
(1500,'hy','ar','الأرمينية'),
(1501,'hy','bs','Armenian'),
(1502,'hy','bg','Арменски'),
(1503,'hy','ca','Armenian'),
(1504,'hy','cs','Arménský'),
(1505,'hy','sk','Arménčina'),
(1506,'hy','cy','Armenian'),
(1507,'hy','da','Armenian'),
(1508,'hy','el','Αρμένικα'),
(1509,'hy','eo','Armenian'),
(1510,'hy','et','Armenian'),
(1511,'hy','eu','Armenian'),
(1512,'hy','fa','Armenian'),
(1513,'hy','fi','Armenia'),
(1514,'hy','ga','Armenian'),
(1515,'hy','he','ארמנית'),
(1516,'hy','hi','Armenian'),
(1517,'hy','hr','Armenski'),
(1518,'hy','hu','örmény'),
(1519,'hy','hy','Հայերեն'),
(1520,'hy','id','Armenian'),
(1521,'hy','is','Armenian'),
(1522,'hy','it','Armeno'),
(1523,'hy','ja','アルメニア語'),
(1524,'hy','ko','아르메니아어'),
(1525,'hy','ku','Armenian'),
(1526,'hy','lv','Armenian'),
(1527,'hy','lt','Armenian'),
(1528,'hy','mk','Armenian'),
(1529,'hy','mt','Armenian'),
(1530,'hy','mn','Armenian'),
(1531,'hy','ne','Armenian'),
(1532,'hy','nl','Armeens'),
(1533,'hy','no','Armensk'),
(1534,'hy','pa','Armenian'),
(1535,'hy','pl','Ormiański'),
(1536,'hy','pt-pt','Arménio'),
(1537,'hy','pt-br','Arménio'),
(1538,'hy','qu','Armenian'),
(1539,'hy','ro','Armeană'),
(1540,'hy','ru','Армянский'),
(1541,'hy','sl','Armenski'),
(1542,'hy','so','Armenian'),
(1543,'hy','sq','Armenian'),
(1544,'hy','sr','јерменски'),
(1545,'hy','sv','Armeniska'),
(1546,'hy','ta','Armenian'),
(1547,'hy','th','อาร์เมเนีย'),
(1548,'hy','tr','Ermenice'),
(1549,'hy','uk','Armenian'),
(1550,'hy','ur','Armenian'),
(1551,'hy','uz','Armenian'),
(1552,'hy','vi','Armenian'),
(1553,'hy','yi','Armenian'),
(1554,'hy','zh-hans','亚美尼亚语'),
(1555,'hy','zu','Armenian'),
(1556,'hy','zh-hant','亞美尼亞語'),
(1557,'hy','ms','Armenian'),
(1558,'hy','gl','Armenian'),
(1559,'hy','bn','Armenian'),
(1560,'hy','az','Armenian'),
(1561,'id','en','Indonesian'),
(1562,'id','es','Indonesio'),
(1563,'id','de','Indonesisch'),
(1564,'id','fr','Indonésien'),
(1565,'id','ar','الأندونيسية'),
(1566,'id','bs','Indonesian'),
(1567,'id','bg','Индонезийски'),
(1568,'id','ca','Indonesian'),
(1569,'id','cs','Indonéský'),
(1570,'id','sk','Indonézčina'),
(1571,'id','cy','Indonesian'),
(1572,'id','da','Indonesian'),
(1573,'id','el','Ινδονησιακά'),
(1574,'id','eo','Indonesian'),
(1575,'id','et','Indonesian'),
(1576,'id','eu','Indonesian'),
(1577,'id','fa','Indonesian'),
(1578,'id','fi','Indonesia'),
(1579,'id','ga','Indonesian'),
(1580,'id','he','אינדונזית'),
(1581,'id','hi','Indonesian'),
(1582,'id','hr','Indonezijski'),
(1583,'id','hu','Indonéz'),
(1584,'id','hy','Indonesian'),
(1585,'id','id','Indonesia'),
(1586,'id','is','Indonesian'),
(1587,'id','it','Indonesiano'),
(1588,'id','ja','インドネシア語'),
(1589,'id','ko','인도네시아어'),
(1590,'id','ku','Indonesian'),
(1591,'id','lv','Indonesian'),
(1592,'id','lt','Indonesian'),
(1593,'id','mk','Indonesian'),
(1594,'id','mt','Indonesian'),
(1595,'id','mn','Indonesian'),
(1596,'id','ne','Indonesian'),
(1597,'id','nl','Indonesisch'),
(1598,'id','no','Indonesian'),
(1599,'id','pa','Indonesian'),
(1600,'id','pl','Indonezyjski'),
(1601,'id','pt-pt','Indonésio'),
(1602,'id','pt-br','Indonésio'),
(1603,'id','qu','Indonesian'),
(1604,'id','ro','Indoneziană'),
(1605,'id','ru','Индонезийский'),
(1606,'id','sl','Indonezijski'),
(1607,'id','so','Indonesian'),
(1608,'id','sq','Indonesian'),
(1609,'id','sr','индонезијски'),
(1610,'id','sv','Indonesiska'),
(1611,'id','ta','Indonesian'),
(1612,'id','th','อินโดนีเซีย'),
(1613,'id','tr','Endonezya dili'),
(1614,'id','uk','Indonesian'),
(1615,'id','ur','Indonesian'),
(1616,'id','uz','Indonesian'),
(1617,'id','vi','Indonesian'),
(1618,'id','yi','Indonesian'),
(1619,'id','zh-hans','印度尼西亚语'),
(1620,'id','zu','Indonesian'),
(1621,'id','zh-hant','印尼語'),
(1622,'id','ms','Indonesian'),
(1623,'id','gl','Indonesian'),
(1624,'id','bn','Indonesian'),
(1625,'id','az','Indonesian'),
(1626,'is','en','Icelandic'),
(1627,'is','es','Islandés'),
(1628,'is','de','Isländisch'),
(1629,'is','fr','Islandais'),
(1630,'is','ar','الأيسلاندية'),
(1631,'is','bs','Icelandic'),
(1632,'is','bg','Исландски'),
(1633,'is','ca','Icelandic'),
(1634,'is','cs','Islandský'),
(1635,'is','sk','Islančina'),
(1636,'is','cy','Icelandic'),
(1637,'is','da','Icelandic'),
(1638,'is','el','Ισλανδικά'),
(1639,'is','eo','Icelandic'),
(1640,'is','et','Icelandic'),
(1641,'is','eu','Icelandic'),
(1642,'is','fa','Icelandic'),
(1643,'is','fi','Islanti'),
(1644,'is','ga','Icelandic'),
(1645,'is','he','איסלנדית'),
(1646,'is','hi','Icelandic'),
(1647,'is','hr','Islandski'),
(1648,'is','hu','Izlandi'),
(1649,'is','hy','Icelandic'),
(1650,'is','id','Icelandic'),
(1651,'is','is','Íslenska'),
(1652,'is','it','Islandese'),
(1653,'is','ja','アイスランド語'),
(1654,'is','ko','아이슬랜드어'),
(1655,'is','ku','Icelandic'),
(1656,'is','lv','Icelandic'),
(1657,'is','lt','Icelandic'),
(1658,'is','mk','Icelandic'),
(1659,'is','mt','Icelandic'),
(1660,'is','mn','Icelandic'),
(1661,'is','ne','Icelandic'),
(1662,'is','nl','Ijslands'),
(1663,'is','no','Islandsk'),
(1664,'is','pa','Icelandic'),
(1665,'is','pl','Islandzki'),
(1666,'is','pt-pt','Islandês'),
(1667,'is','pt-br','Islandês'),
(1668,'is','qu','Icelandic'),
(1669,'is','ro','Islandeză'),
(1670,'is','ru','Исландский'),
(1671,'is','sl','Islandski'),
(1672,'is','so','Icelandic'),
(1673,'is','sq','Icelandic'),
(1674,'is','sr','исландски'),
(1675,'is','sv','Isländska'),
(1676,'is','ta','Icelandic'),
(1677,'is','th','ไอซ์แลนด์'),
(1678,'is','tr','İzlandaca'),
(1679,'is','uk','Icelandic'),
(1680,'is','ur','Icelandic'),
(1681,'is','uz','Icelandic'),
(1682,'is','vi','Icelandic'),
(1683,'is','yi','Icelandic'),
(1684,'is','zh-hans','冰岛语'),
(1685,'is','zu','Icelandic'),
(1686,'is','zh-hant','冰島語'),
(1687,'is','ms','Icelandic'),
(1688,'is','gl','Icelandic'),
(1689,'is','bn','Icelandic'),
(1690,'is','az','Icelandic'),
(1691,'it','en','Italian'),
(1692,'it','es','Italiano'),
(1693,'it','de','Italienisch'),
(1694,'it','fr','Italien'),
(1695,'it','ar','الإيطالية'),
(1696,'it','bs','Italian'),
(1697,'it','bg','Италиански'),
(1698,'it','ca','Italian'),
(1699,'it','cs','Ital'),
(1700,'it','sk','Taliančina'),
(1701,'it','cy','Italian'),
(1702,'it','da','Italian'),
(1703,'it','el','Ιταλικά'),
(1704,'it','eo','Italian'),
(1705,'it','et','Italian'),
(1706,'it','eu','Italian'),
(1707,'it','fa','Italian'),
(1708,'it','fi','Italia'),
(1709,'it','ga','Italian'),
(1710,'it','he','איטלקית'),
(1711,'it','hi','Italian'),
(1712,'it','hr','Talijanski'),
(1713,'it','hu','Olasz'),
(1714,'it','hy','Italian'),
(1715,'it','id','Italian'),
(1716,'it','is','Italian'),
(1717,'it','it','Italiano'),
(1718,'it','ja','イタリア語'),
(1719,'it','ko','이태리어'),
(1720,'it','ku','Italian'),
(1721,'it','lv','Italian'),
(1722,'it','lt','Italian'),
(1723,'it','mk','Italian'),
(1724,'it','mt','Italian'),
(1725,'it','mn','Italian'),
(1726,'it','ne','Italian'),
(1727,'it','nl','Italiaans'),
(1728,'it','no','Italiensk'),
(1729,'it','pa','Italian'),
(1730,'it','pl','Włoski'),
(1731,'it','pt-pt','Italiano'),
(1732,'it','pt-br','Italiano'),
(1733,'it','qu','Italian'),
(1734,'it','ro','Italiană'),
(1735,'it','ru','Итальянский'),
(1736,'it','sl','Italijanski'),
(1737,'it','so','Italian'),
(1738,'it','sq','Italian'),
(1739,'it','sr','италијански'),
(1740,'it','sv','Italienska'),
(1741,'it','ta','Italian'),
(1742,'it','th','อิตาลี'),
(1743,'it','tr','İtalyanca'),
(1744,'it','uk','Italian'),
(1745,'it','ur','Italian'),
(1746,'it','uz','Italian'),
(1747,'it','vi','Italian'),
(1748,'it','yi','Italian'),
(1749,'it','zh-hans','意大利语'),
(1750,'it','zu','Italian'),
(1751,'it','zh-hant','義大利語'),
(1752,'it','ms','Italian'),
(1753,'it','gl','Italian'),
(1754,'it','bn','Italian'),
(1755,'it','az','Italian'),
(1756,'ja','en','Japanese'),
(1757,'ja','es','Japonés'),
(1758,'ja','de','Japanisch'),
(1759,'ja','fr','Japonais'),
(1760,'ja','ar','اليابانية'),
(1761,'ja','bs','Japanese'),
(1762,'ja','bg','Японски'),
(1763,'ja','ca','Japanese'),
(1764,'ja','cs','Japonský'),
(1765,'ja','sk','Japonština'),
(1766,'ja','cy','Japanese'),
(1767,'ja','da','Japanese'),
(1768,'ja','el','Ιαπωνικά'),
(1769,'ja','eo','Japanese'),
(1770,'ja','et','Japanese'),
(1771,'ja','eu','Japanese'),
(1772,'ja','fa','Japanese'),
(1773,'ja','fi','Japani'),
(1774,'ja','ga','Japanese'),
(1775,'ja','he','יפנית'),
(1776,'ja','hi','Japanese'),
(1777,'ja','hr','Japanski'),
(1778,'ja','hu','Japán'),
(1779,'ja','hy','Japanese'),
(1780,'ja','id','Japanese'),
(1781,'ja','is','Japanese'),
(1782,'ja','it','Giapponese'),
(1783,'ja','ja','日本語'),
(1784,'ja','ko','일어'),
(1785,'ja','ku','Japanese'),
(1786,'ja','lv','Japanese'),
(1787,'ja','lt','Japanese'),
(1788,'ja','mk','Japanese'),
(1789,'ja','mt','Japanese'),
(1790,'ja','mn','Japanese'),
(1791,'ja','ne','Japanese'),
(1792,'ja','nl','Japans'),
(1793,'ja','no','Japansk'),
(1794,'ja','pa','Japanese'),
(1795,'ja','pl','Japoński'),
(1796,'ja','pt-pt','Japonês'),
(1797,'ja','pt-br','Japonês'),
(1798,'ja','qu','Japanese'),
(1799,'ja','ro','Japoneză'),
(1800,'ja','ru','Японский'),
(1801,'ja','sl','Japonski'),
(1802,'ja','so','Japanese'),
(1803,'ja','sq','Japanese'),
(1804,'ja','sr','јапански'),
(1805,'ja','sv','Japanska'),
(1806,'ja','ta','Japanese'),
(1807,'ja','th','ญี่ปุ่น'),
(1808,'ja','tr','Japonca'),
(1809,'ja','uk','Japanese'),
(1810,'ja','ur','Japanese'),
(1811,'ja','uz','Japanese'),
(1812,'ja','vi','Japanese'),
(1813,'ja','yi','Japanese'),
(1814,'ja','zh-hans','日语'),
(1815,'ja','zu','Japanese'),
(1816,'ja','zh-hant','日語'),
(1817,'ja','ms','Japanese'),
(1818,'ja','gl','Japanese'),
(1819,'ja','bn','Japanese'),
(1820,'ja','az','Japanese'),
(1821,'ko','en','Korean'),
(1822,'ko','es','Coreano'),
(1823,'ko','de','Koreanisch'),
(1824,'ko','fr','Coréen'),
(1825,'ko','ar','الكورية'),
(1826,'ko','bs','Korean'),
(1827,'ko','bg','Корейски'),
(1828,'ko','ca','Korean'),
(1829,'ko','cs','Korejský'),
(1830,'ko','sk','Kórejčina'),
(1831,'ko','cy','Korean'),
(1832,'ko','da','Korean'),
(1833,'ko','el','Κορεάτικα'),
(1834,'ko','eo','Korean'),
(1835,'ko','et','Korean'),
(1836,'ko','eu','Korean'),
(1837,'ko','fa','Korean'),
(1838,'ko','fi','Korea'),
(1839,'ko','ga','Korean'),
(1840,'ko','he','קוראנית'),
(1841,'ko','hi','Korean'),
(1842,'ko','hr','Korejski'),
(1843,'ko','hu','Koreai'),
(1844,'ko','hy','Korean'),
(1845,'ko','id','Korean'),
(1846,'ko','is','Korean'),
(1847,'ko','it','Coreano'),
(1848,'ko','ja','韓国語'),
(1849,'ko','ko','한국어'),
(1850,'ko','ku','Korean'),
(1851,'ko','lv','Korean'),
(1852,'ko','lt','Korean'),
(1853,'ko','mk','Korean'),
(1854,'ko','mt','Korean'),
(1855,'ko','mn','Korean'),
(1856,'ko','ne','Korean'),
(1857,'ko','nl','Koreaans'),
(1858,'ko','no','Koreanske'),
(1859,'ko','pa','Korean'),
(1860,'ko','pl','Koreański'),
(1861,'ko','pt-pt','Coreano'),
(1862,'ko','pt-br','Coreano'),
(1863,'ko','qu','Korean'),
(1864,'ko','ro','Coreană'),
(1865,'ko','ru','Корейский'),
(1866,'ko','sl','Korejski'),
(1867,'ko','so','Korean'),
(1868,'ko','sq','Korean'),
(1869,'ko','sr','корејски'),
(1870,'ko','sv','Koreanska'),
(1871,'ko','ta','Korean'),
(1872,'ko','th','เกาหลี'),
(1873,'ko','tr','Kore dili'),
(1874,'ko','uk','Korean'),
(1875,'ko','ur','Korean'),
(1876,'ko','uz','Korean'),
(1877,'ko','vi','Korean'),
(1878,'ko','yi','Korean'),
(1879,'ko','zh-hans','韩语'),
(1880,'ko','zu','Korean'),
(1881,'ko','zh-hant','韓語'),
(1882,'ko','ms','Korean'),
(1883,'ko','gl','Korean'),
(1884,'ko','bn','Korean'),
(1885,'ko','az','Korean'),
(1886,'ku','en','Kurdish'),
(1887,'ku','es','Kurdo'),
(1888,'ku','de','Kurdisch'),
(1889,'ku','fr','Kurde'),
(1890,'ku','ar','الكردية'),
(1891,'ku','bs','Kurdish'),
(1892,'ku','bg','Кюрдски'),
(1893,'ku','ca','Kurdish'),
(1894,'ku','cs','Kurdský'),
(1895,'ku','sk','Kurdština'),
(1896,'ku','cy','Kurdish'),
(1897,'ku','da','Kurdish'),
(1898,'ku','el','Κουρδικά'),
(1899,'ku','eo','Kurdish'),
(1900,'ku','et','Kurdish'),
(1901,'ku','eu','Kurdish'),
(1902,'ku','fa','Kurdish'),
(1903,'ku','fi','Kurdi'),
(1904,'ku','ga','Kurdish'),
(1905,'ku','he','כורדית'),
(1906,'ku','hi','Kurdish'),
(1907,'ku','hr','Kurdski'),
(1908,'ku','hu','Kurd'),
(1909,'ku','hy','Kurdish'),
(1910,'ku','id','Kurdish'),
(1911,'ku','is','Kurdish'),
(1912,'ku','it','Curdo'),
(1913,'ku','ja','クルド語'),
(1914,'ku','ko','쿠르드어'),
(1915,'ku','ku','Kurdish'),
(1916,'ku','lv','Kurdish'),
(1917,'ku','lt','Kurdish'),
(1918,'ku','mk','Kurdish'),
(1919,'ku','mt','Kurdish'),
(1920,'ku','mn','Kurdish'),
(1921,'ku','ne','Kurdish'),
(1922,'ku','nl','Koerdish'),
(1923,'ku','no','Kurdisk'),
(1924,'ku','pa','Kurdish'),
(1925,'ku','pl','Kurdyjski'),
(1926,'ku','pt-pt','Curdo'),
(1927,'ku','pt-br','Curdo'),
(1928,'ku','qu','Kurdish'),
(1929,'ku','ro','Kurdă'),
(1930,'ku','ru','Курдский'),
(1931,'ku','sl','Kurdščina'),
(1932,'ku','so','Kurdish'),
(1933,'ku','sq','Kurdish'),
(1934,'ku','sr','курдски'),
(1935,'ku','sv','Kurdiska'),
(1936,'ku','ta','Kurdish'),
(1937,'ku','th','เคอร์ดิช'),
(1938,'ku','tr','Kürtçe'),
(1939,'ku','uk','Kurdish'),
(1940,'ku','ur','Kurdish'),
(1941,'ku','uz','Kurdish'),
(1942,'ku','vi','Kurdish'),
(1943,'ku','yi','Kurdish'),
(1944,'ku','zh-hans','库尔德语'),
(1945,'ku','zu','Kurdish'),
(1946,'ku','zh-hant','庫爾德語'),
(1947,'ku','ms','Kurdish'),
(1948,'ku','gl','Kurdish'),
(1949,'ku','bn','Kurdish'),
(1950,'ku','az','Kurdish'),
(1951,'lv','en','Latvian'),
(1952,'lv','es','Letón'),
(1953,'lv','de','Lettisch'),
(1954,'lv','fr','Letton'),
(1955,'lv','ar','اللاتفية'),
(1956,'lv','bs','Latvian'),
(1957,'lv','bg','Латвийски'),
(1958,'lv','ca','Latvian'),
(1959,'lv','cs','Lotyština'),
(1960,'lv','sk','Lotyština'),
(1961,'lv','cy','Latvian'),
(1962,'lv','da','Latvian'),
(1963,'lv','el','Λετονικά'),
(1964,'lv','eo','Latvian'),
(1965,'lv','et','Latvian'),
(1966,'lv','eu','Latvian'),
(1967,'lv','fa','Latvian'),
(1968,'lv','fi','Latvia'),
(1969,'lv','ga','Latvian'),
(1970,'lv','he','לטבית'),
(1971,'lv','hi','Latvian'),
(1972,'lv','hr','Latvijski'),
(1973,'lv','hu','Lett'),
(1974,'lv','hy','Latvian'),
(1975,'lv','id','Latvian'),
(1976,'lv','is','Latvian'),
(1977,'lv','it','Lettone'),
(1978,'lv','ja','ラトビア語'),
(1979,'lv','ko','라트비아어'),
(1980,'lv','ku','Latvian'),
(1981,'lv','lv','Latviešu'),
(1982,'lv','lt','Latvian'),
(1983,'lv','mk','Latvian'),
(1984,'lv','mt','Latvian'),
(1985,'lv','mn','Latvian'),
(1986,'lv','ne','Latvian'),
(1987,'lv','nl','Lets'),
(1988,'lv','no','Latvisk'),
(1989,'lv','pa','Latvian'),
(1990,'lv','pl','łotewski'),
(1991,'lv','pt-pt','Letão'),
(1992,'lv','pt-br','Letão'),
(1993,'lv','qu','Latvian'),
(1994,'lv','ro','Letoniană'),
(1995,'lv','ru','латышский'),
(1996,'lv','sl','Latvijščina'),
(1997,'lv','so','Latvian'),
(1998,'lv','sq','Latvian'),
(1999,'lv','sr','летонски'),
(2000,'lv','sv','Lettiska'),
(2001,'lv','ta','Latvian'),
(2002,'lv','th','ลัตเวีย'),
(2003,'lv','tr','Letonca'),
(2004,'lv','uk','Latvian'),
(2005,'lv','ur','Latvian'),
(2006,'lv','uz','Latvian'),
(2007,'lv','vi','Latvian'),
(2008,'lv','yi','Latvian'),
(2009,'lv','zh-hans','拉脱维亚语'),
(2010,'lv','zu','Latvian'),
(2011,'lv','zh-hant','拉脫維亞語'),
(2012,'lv','ms','Latvian'),
(2013,'lv','gl','Latvian'),
(2014,'lv','bn','Latvian'),
(2015,'lv','az','Latvian'),
(2016,'lt','en','Lithuanian'),
(2017,'lt','es','Lituano'),
(2018,'lt','de','Litauisch'),
(2019,'lt','fr','Lituanien'),
(2020,'lt','ar','اللتوانية'),
(2021,'lt','bs','Lithuanian'),
(2022,'lt','bg','Литовски'),
(2023,'lt','ca','Lithuanian'),
(2024,'lt','cs','Litevský'),
(2025,'lt','sk','Litovčina'),
(2026,'lt','cy','Lithuanian'),
(2027,'lt','da','Lithuanian'),
(2028,'lt','el','Λιθουανικά'),
(2029,'lt','eo','Lithuanian'),
(2030,'lt','et','Lithuanian'),
(2031,'lt','eu','Lithuanian'),
(2032,'lt','fa','Lithuanian'),
(2033,'lt','fi','Liettua'),
(2034,'lt','ga','Lithuanian'),
(2035,'lt','he','ליטאית'),
(2036,'lt','hi','Lithuanian'),
(2037,'lt','hr','Litavski'),
(2038,'lt','hu','Litván'),
(2039,'lt','hy','Lithuanian'),
(2040,'lt','id','Lithuanian'),
(2041,'lt','is','Lithuanian'),
(2042,'lt','it','Lituano'),
(2043,'lt','ja','リトアニア語'),
(2044,'lt','ko','리투아니아어'),
(2045,'lt','ku','Lithuanian'),
(2046,'lt','lv','Lithuanian'),
(2047,'lt','lt','Lietuvių'),
(2048,'lt','mk','Lithuanian'),
(2049,'lt','mt','Lithuanian'),
(2050,'lt','mn','Lithuanian'),
(2051,'lt','ne','Lithuanian'),
(2052,'lt','nl','Litouws'),
(2053,'lt','no','Litauisk'),
(2054,'lt','pa','Lithuanian'),
(2055,'lt','pl','Litewski'),
(2056,'lt','pt-pt','Lituano'),
(2057,'lt','pt-br','Lituano'),
(2058,'lt','qu','Lithuanian'),
(2059,'lt','ro','Lituaniană'),
(2060,'lt','ru','Литовский'),
(2061,'lt','sl','Litovščina'),
(2062,'lt','so','Lithuanian'),
(2063,'lt','sq','Lithuanian'),
(2064,'lt','sr','литвански'),
(2065,'lt','sv','Litauiska'),
(2066,'lt','ta','Lithuanian'),
(2067,'lt','th','ลิธัวเนีย'),
(2068,'lt','tr','Litvanyaca'),
(2069,'lt','uk','Lithuanian'),
(2070,'lt','ur','Lithuanian'),
(2071,'lt','uz','Lithuanian'),
(2072,'lt','vi','Lithuanian'),
(2073,'lt','yi','Lithuanian'),
(2074,'lt','zh-hans','立陶宛语'),
(2075,'lt','zu','Lithuanian'),
(2076,'lt','zh-hant','立陶宛語'),
(2077,'lt','ms','Lithuanian'),
(2078,'lt','gl','Lithuanian'),
(2079,'lt','bn','Lithuanian'),
(2080,'lt','az','Lithuanian'),
(2081,'mk','en','Macedonian'),
(2082,'mk','es','Macedonio'),
(2083,'mk','de','Mazedonisch'),
(2084,'mk','fr','Macédonien'),
(2085,'mk','ar','المقدونية'),
(2086,'mk','bs','Macedonian'),
(2087,'mk','bg','Македонски'),
(2088,'mk','ca','Macedonian'),
(2089,'mk','cs','Makedonský'),
(2090,'mk','sk','Macedónština'),
(2091,'mk','cy','Macedonian'),
(2092,'mk','da','Macedonian'),
(2093,'mk','el','Μακεδονικά'),
(2094,'mk','eo','Macedonian'),
(2095,'mk','et','Macedonian'),
(2096,'mk','eu','Macedonian'),
(2097,'mk','fa','Macedonian'),
(2098,'mk','fi','Makedonia'),
(2099,'mk','ga','Macedonian'),
(2100,'mk','he','מקדונית'),
(2101,'mk','hi','Macedonian'),
(2102,'mk','hr','Makedonski'),
(2103,'mk','hu','Macedón'),
(2104,'mk','hy','Macedonian'),
(2105,'mk','id','Macedonian'),
(2106,'mk','is','Macedonian'),
(2107,'mk','it','Macedone'),
(2108,'mk','ja','マケドニア語'),
(2109,'mk','ko','마케도니아어'),
(2110,'mk','ku','Macedonian'),
(2111,'mk','lv','Macedonian'),
(2112,'mk','lt','Macedonian'),
(2113,'mk','mk','македонски'),
(2114,'mk','mt','Macedonian'),
(2115,'mk','mn','Macedonian'),
(2116,'mk','ne','Macedonian'),
(2117,'mk','nl','Macedonisch'),
(2118,'mk','no','Makedonsk'),
(2119,'mk','pa','Macedonian'),
(2120,'mk','pl','Macedoński'),
(2121,'mk','pt-pt','Macedônio'),
(2122,'mk','pt-br','Macedônio'),
(2123,'mk','qu','Macedonian'),
(2124,'mk','ro','Macedoniană'),
(2125,'mk','ru','Македонский'),
(2126,'mk','sl','Makedonski'),
(2127,'mk','so','Macedonian'),
(2128,'mk','sq','Macedonian'),
(2129,'mk','sr','македонски'),
(2130,'mk','sv','Makedonska'),
(2131,'mk','ta','Macedonian'),
(2132,'mk','th','มาซิโดเนีย'),
(2133,'mk','tr','Makedonyaca'),
(2134,'mk','uk','Macedonian'),
(2135,'mk','ur','Macedonian'),
(2136,'mk','uz','Macedonian'),
(2137,'mk','vi','Macedonian'),
(2138,'mk','yi','Macedonian'),
(2139,'mk','zh-hans','马其顿语'),
(2140,'mk','zu','Macedonian'),
(2141,'mk','zh-hant','馬其頓語'),
(2142,'mk','ms','Macedonian'),
(2143,'mk','gl','Macedonian'),
(2144,'mk','bn','Macedonian'),
(2145,'mk','az','Macedonian'),
(2146,'mt','en','Maltese'),
(2147,'mt','es','Maltés'),
(2148,'mt','de','Maltesisch'),
(2149,'mt','fr','Maltais'),
(2150,'mt','ar','المالطية'),
(2151,'mt','bs','Maltese'),
(2152,'mt','bg','Малтийски'),
(2153,'mt','ca','Maltese'),
(2154,'mt','cs','Maltština'),
(2155,'mt','sk','Maltézština'),
(2156,'mt','cy','Maltese'),
(2157,'mt','da','Maltese'),
(2158,'mt','el','Μαλτέζικα'),
(2159,'mt','eo','Maltese'),
(2160,'mt','et','Maltese'),
(2161,'mt','eu','Maltese'),
(2162,'mt','fa','Maltese'),
(2163,'mt','fi','Malta'),
(2164,'mt','ga','Maltese'),
(2165,'mt','he','מלטזית'),
(2166,'mt','hi','Maltese'),
(2167,'mt','hr','Malteški'),
(2168,'mt','hu','Máltai'),
(2169,'mt','hy','Maltese'),
(2170,'mt','id','Maltese'),
(2171,'mt','is','Maltese'),
(2172,'mt','it','Maltese'),
(2173,'mt','ja','マルタ語'),
(2174,'mt','ko','몰타어'),
(2175,'mt','ku','Maltese'),
(2176,'mt','lv','Maltese'),
(2177,'mt','lt','Maltese'),
(2178,'mt','mk','Maltese'),
(2179,'mt','mt','Malti'),
(2180,'mt','mn','Maltese'),
(2181,'mt','ne','Maltese'),
(2182,'mt','nl','Maltees'),
(2183,'mt','no','Maltese'),
(2184,'mt','pa','Maltese'),
(2185,'mt','pl','Maltański'),
(2186,'mt','pt-pt','Maltês'),
(2187,'mt','pt-br','Maltês'),
(2188,'mt','qu','Maltese'),
(2189,'mt','ro','Malteză'),
(2190,'mt','ru','Мальтийский'),
(2191,'mt','sl','Malteški'),
(2192,'mt','so','Maltese'),
(2193,'mt','sq','Maltese'),
(2194,'mt','sr','малтешки'),
(2195,'mt','sv','Maltesiska'),
(2196,'mt','ta','Maltese'),
(2197,'mt','th','มอลทีส'),
(2198,'mt','tr','Malta dili'),
(2199,'mt','uk','Maltese'),
(2200,'mt','ur','Maltese'),
(2201,'mt','uz','Maltese'),
(2202,'mt','vi','Maltese'),
(2203,'mt','yi','Maltese'),
(2204,'mt','zh-hans','马耳他语'),
(2205,'mt','zu','Maltese'),
(2206,'mt','zh-hant','馬爾他語'),
(2207,'mt','ms','Maltese'),
(2208,'mt','gl','Maltese'),
(2209,'mt','bn','Maltese'),
(2210,'mt','az','Maltese'),
(2211,'mn','en','Mongolian'),
(2212,'mn','es','Mongol'),
(2213,'mn','de','Mongolisch'),
(2214,'mn','fr','Mongol'),
(2215,'mn','ar','المنغولية'),
(2216,'mn','bs','Mongolian'),
(2217,'mn','bg','Монголски'),
(2218,'mn','ca','Mongolian'),
(2219,'mn','cs','Mongolský'),
(2220,'mn','sk','Mongolština'),
(2221,'mn','cy','Mongolian'),
(2222,'mn','da','Mongolian'),
(2223,'mn','el','Μογγολικά'),
(2224,'mn','eo','Mongolian'),
(2225,'mn','et','Mongolian'),
(2226,'mn','eu','Mongolian'),
(2227,'mn','fa','Mongolian'),
(2228,'mn','fi','Mongoli'),
(2229,'mn','ga','Mongolian'),
(2230,'mn','he','מונגולית'),
(2231,'mn','hi','Mongolian'),
(2232,'mn','hr','Mongolski'),
(2233,'mn','hu','Mongol'),
(2234,'mn','hy','Mongolian'),
(2235,'mn','id','Mongolian'),
(2236,'mn','is','Mongolian'),
(2237,'mn','it','Mongolo'),
(2238,'mn','ja','モンゴル語'),
(2239,'mn','ko','몽골어'),
(2240,'mn','ku','Mongolian'),
(2241,'mn','lv','Mongolian'),
(2242,'mn','lt','Mongolian'),
(2243,'mn','mk','Mongolian'),
(2244,'mn','mt','Mongolian'),
(2245,'mn','mn','Mongolian'),
(2246,'mn','ne','Mongolian'),
(2247,'mn','nl','Mongools'),
(2248,'mn','no','Mongolsk'),
(2249,'mn','pa','Mongolian'),
(2250,'mn','pl','Mongolski'),
(2251,'mn','pt-pt','Mongolian'),
(2252,'mn','pt-br','Mongolian'),
(2253,'mn','qu','Mongolian'),
(2254,'mn','ro','Mongoleză'),
(2255,'mn','ru','Монгольский'),
(2256,'mn','sl','Mongolski'),
(2257,'mn','so','Mongolian'),
(2258,'mn','sq','Mongolian'),
(2259,'mn','sr','монголски'),
(2260,'mn','sv','Mongoliska'),
(2261,'mn','ta','Mongolian'),
(2262,'mn','th','มองโกเลีย'),
(2263,'mn','tr','Mongolca'),
(2264,'mn','uk','Mongolian'),
(2265,'mn','ur','Mongolian'),
(2266,'mn','uz','Mongolian'),
(2267,'mn','vi','Mongolian'),
(2268,'mn','yi','Mongolian'),
(2269,'mn','zh-hans','蒙古语'),
(2270,'mn','zu','Mongolian'),
(2271,'mn','zh-hant','蒙古語'),
(2272,'mn','ms','Mongolian'),
(2273,'mn','gl','Mongolian'),
(2274,'mn','bn','Mongolian'),
(2275,'mn','az','Mongolian'),
(2276,'ne','en','Nepali'),
(2277,'ne','es','Nepalí'),
(2278,'ne','de','Nepali'),
(2279,'ne','fr','Népalais'),
(2280,'ne','ar','النيبالية'),
(2281,'ne','bs','Nepali'),
(2282,'ne','bg','Непалски'),
(2283,'ne','ca','Nepali'),
(2284,'ne','cs','Nepálský'),
(2285,'ne','sk','Nepálčina'),
(2286,'ne','cy','Nepali'),
(2287,'ne','da','Nepali'),
(2288,'ne','el','Νεπαλικά'),
(2289,'ne','eo','Nepali'),
(2290,'ne','et','Nepali'),
(2291,'ne','eu','Nepali'),
(2292,'ne','fa','Nepali'),
(2293,'ne','fi','Nepali'),
(2294,'ne','ga','Nepali'),
(2295,'ne','he','נפאלית'),
(2296,'ne','hi','Nepali'),
(2297,'ne','hr','Nepali'),
(2298,'ne','hu','Nepáli'),
(2299,'ne','hy','Nepali'),
(2300,'ne','id','Nepali'),
(2301,'ne','is','Nepali'),
(2302,'ne','it','Nepalese'),
(2303,'ne','ja','ネパール語'),
(2304,'ne','ko','네팔어'),
(2305,'ne','ku','Nepali'),
(2306,'ne','lv','Nepali'),
(2307,'ne','lt','Nepali'),
(2308,'ne','mk','Nepali'),
(2309,'ne','mt','Nepali'),
(2310,'ne','mn','Nepali'),
(2311,'ne','ne','Nepali'),
(2312,'ne','nl','Nepalees'),
(2313,'ne','no','Nepali'),
(2314,'ne','pa','Nepali'),
(2315,'ne','pl','Nepalski'),
(2316,'ne','pt-pt','Nepali'),
(2317,'ne','pt-br','Nepali'),
(2318,'ne','qu','Nepali'),
(2319,'ne','ro','Nepaleză'),
(2320,'ne','ru','Непальский'),
(2321,'ne','sl','Nepalščina'),
(2322,'ne','so','Nepali'),
(2323,'ne','sq','Nepali'),
(2324,'ne','sr','непалски'),
(2325,'ne','sv','Nepalesiska'),
(2326,'ne','ta','Nepali'),
(2327,'ne','th','เนปาล'),
(2328,'ne','tr','Nepal dili'),
(2329,'ne','uk','Nepali'),
(2330,'ne','ur','Nepali'),
(2331,'ne','uz','Nepali'),
(2332,'ne','vi','Nepali'),
(2333,'ne','yi','Nepali'),
(2334,'ne','zh-hans','尼泊尔语'),
(2335,'ne','zu','Nepali'),
(2336,'ne','zh-hant','尼泊爾語'),
(2337,'ne','ms','Nepali'),
(2338,'ne','gl','Nepali'),
(2339,'ne','bn','Nepali'),
(2340,'ne','az','Nepali'),
(2341,'nl','en','Dutch'),
(2342,'nl','es','Holandés'),
(2343,'nl','de','Niederländisch'),
(2344,'nl','fr','Néerlandais'),
(2345,'nl','ar','الهولندية'),
(2346,'nl','bs','Dutch'),
(2347,'nl','bg','Холандски'),
(2348,'nl','ca','Dutch'),
(2349,'nl','cs','Holandský'),
(2350,'nl','sk','Holandčina'),
(2351,'nl','cy','Dutch'),
(2352,'nl','da','Dutch'),
(2353,'nl','el','Ολλανδικά'),
(2354,'nl','eo','Dutch'),
(2355,'nl','et','Dutch'),
(2356,'nl','eu','Dutch'),
(2357,'nl','fa','Dutch'),
(2358,'nl','fi','Hollanti'),
(2359,'nl','ga','Dutch'),
(2360,'nl','he','הולנדית'),
(2361,'nl','hi','Dutch'),
(2362,'nl','hr','Nizozemski'),
(2363,'nl','hu','Holland'),
(2364,'nl','hy','Dutch'),
(2365,'nl','id','Dutch'),
(2366,'nl','is','Dutch'),
(2367,'nl','it','Olandese'),
(2368,'nl','ja','オランダ語'),
(2369,'nl','ko','화란어'),
(2370,'nl','ku','Dutch'),
(2371,'nl','lv','Dutch'),
(2372,'nl','lt','Dutch'),
(2373,'nl','mk','Dutch'),
(2374,'nl','mt','Dutch'),
(2375,'nl','mn','Dutch'),
(2376,'nl','ne','Dutch'),
(2377,'nl','nl','Nederlands'),
(2378,'nl','no','Nederlandsk'),
(2379,'nl','pa','Dutch'),
(2380,'nl','pl','Holenderski'),
(2381,'nl','pt-pt','Holandês'),
(2382,'nl','pt-br','Holandês'),
(2383,'nl','qu','Dutch'),
(2384,'nl','ro','Olaneză'),
(2385,'nl','ru','Голландский'),
(2386,'nl','sl','Nizozemščina'),
(2387,'nl','so','Dutch'),
(2388,'nl','sq','Dutch'),
(2389,'nl','sr','холандски'),
(2390,'nl','sv','Nederländska'),
(2391,'nl','ta','Dutch'),
(2392,'nl','th','ดัตช์'),
(2393,'nl','tr','Hollandaca'),
(2394,'nl','uk','Dutch'),
(2395,'nl','ur','Dutch'),
(2396,'nl','uz','Dutch'),
(2397,'nl','vi','Dutch'),
(2398,'nl','yi','Dutch'),
(2399,'nl','zh-hans','荷兰语'),
(2400,'nl','zu','Dutch'),
(2401,'nl','zh-hant','荷蘭語'),
(2402,'nl','ms','Dutch'),
(2403,'nl','gl','Dutch'),
(2404,'nl','bn','Dutch'),
(2405,'nl','az','Dutch'),
(2406,'no','en','Norwegian Bokmål'),
(2407,'no','es','Bokmål'),
(2408,'no','de','Norwegisch (Buchsprache)'),
(2409,'no','fr','Norvégien Bokmål'),
(2410,'no','ar','البوكمالية النرويجية'),
(2411,'no','bs','Norwegian Bokmål'),
(2412,'no','bg','Норвежки книжовен'),
(2413,'no','ca','Norwegian Bokmål'),
(2414,'no','cs','Norwegian bokmål'),
(2415,'no','sk','Nórsky jazyk Bokmål'),
(2416,'no','cy','Norwegian Bokmål'),
(2417,'no','da','Norwegian Bokmål'),
(2418,'no','el','Νορβηγικά'),
(2419,'no','eo','Norwegian Bokmål'),
(2420,'no','et','Norwegian Bokmål'),
(2421,'no','eu','Norwegian Bokmål'),
(2422,'no','fa','Norwegian Bokmål'),
(2423,'no','fi','Kirjanorja'),
(2424,'no','ga','Norwegian Bokmål'),
(2425,'no','he','נורווגית'),
(2426,'no','hi','Norwegian Bokmål'),
(2427,'no','hr','Književni norveški'),
(2428,'no','hu','Norvég bokmål'),
(2429,'no','hy','Norwegian Bokmål'),
(2430,'no','id','Norwegian Bokmål'),
(2431,'no','is','Norwegian Bokmål'),
(2432,'no','it','Norvegese Bokmål'),
(2433,'no','ja','ノルウェー・ブークモール'),
(2434,'no','ko','노르웨이 보크말어'),
(2435,'no','ku','Norwegian Bokmål'),
(2436,'no','lv','Norwegian Bokmål'),
(2437,'no','lt','Norwegian Bokmål'),
(2438,'no','mk','Norwegian Bokmål'),
(2439,'no','mt','Norwegian Bokmål'),
(2440,'no','mn','Norwegian Bokmål'),
(2441,'no','ne','Norwegian Bokmål'),
(2442,'no','nl','Noors Bokmål'),
(2443,'no','no','Norsk bokmål'),
(2444,'no','pa','Norwegian Bokmål'),
(2445,'no','pl','Norweski bokmål'),
(2446,'no','pt-pt','Norueguês'),
(2447,'no','pt-br','Norueguês'),
(2448,'no','qu','Norwegian Bokmål'),
(2449,'no','ro','Bokmål (norvegiană)'),
(2450,'no','ru','Норвежский букмол'),
(2451,'no','sl','Knjižna norveščina'),
(2452,'no','so','Norwegian Bokmål'),
(2453,'no','sq','Norwegian Bokmål'),
(2454,'no','sr','Норвешки бокмал'),
(2455,'no','sv','Norskt Bokmål'),
(2456,'no','ta','Norwegian Bokmål'),
(2457,'no','th','นอร์วิเจียนบอกมาล'),
(2458,'no','tr','Bokmal Norveç dili'),
(2459,'no','uk','Norwegian Bokmål'),
(2460,'no','ur','Norwegian Bokmål'),
(2461,'no','uz','Norwegian Bokmål'),
(2462,'no','vi','Norwegian Bokmål'),
(2463,'no','yi','Norwegian Bokmål'),
(2464,'no','zh-hans','挪威布克莫尔语'),
(2465,'no','zu','Norwegian Bokmål'),
(2466,'no','zh-hant','挪威布克莫爾語'),
(2467,'no','ms','Norwegian Bokmål'),
(2468,'no','gl','Norwegian Bokmål'),
(2469,'no','bn','Norwegian Bokmål'),
(2470,'no','az','Norwegian Bokmål'),
(2471,'pa','en','Punjabi'),
(2472,'pa','es','Panyabí'),
(2473,'pa','de','Pandschabi'),
(2474,'pa','fr','Panjabi'),
(2475,'pa','ar','البنجابية'),
(2476,'pa','bs','Punjabi'),
(2477,'pa','bg','Панджабски'),
(2478,'pa','ca','Punjabi'),
(2479,'pa','cs','Punjabi'),
(2480,'pa','sk','Pandžábčina'),
(2481,'pa','cy','Punjabi'),
(2482,'pa','da','Punjabi'),
(2483,'pa','el','Παντζάμπι'),
(2484,'pa','eo','Punjabi'),
(2485,'pa','et','Punjabi'),
(2486,'pa','eu','Punjabi'),
(2487,'pa','fa','Punjabi'),
(2488,'pa','fi','Pandzabi'),
(2489,'pa','ga','Punjabi'),
(2490,'pa','he','פנג\'אבית'),
(2491,'pa','hi','Punjabi'),
(2492,'pa','hr','Pendžabljanin'),
(2493,'pa','hu','Pandzsábi'),
(2494,'pa','hy','Punjabi'),
(2495,'pa','id','Punjabi'),
(2496,'pa','is','Punjabi'),
(2497,'pa','it','Panjabi'),
(2498,'pa','ja','パンジャーブ語'),
(2499,'pa','ko','펀자브어'),
(2500,'pa','ku','Punjabi'),
(2501,'pa','lv','Punjabi'),
(2502,'pa','lt','Punjabi'),
(2503,'pa','mk','Punjabi'),
(2504,'pa','mt','Punjabi'),
(2505,'pa','mn','Punjabi'),
(2506,'pa','ne','Punjabi'),
(2507,'pa','nl','Punjabi'),
(2508,'pa','no','Punjabi'),
(2509,'pa','pa','Punjabi'),
(2510,'pa','pl','Pendżabi'),
(2511,'pa','pt-pt','Panjabi'),
(2512,'pa','pt-br','Panjabi'),
(2513,'pa','qu','Punjabi'),
(2514,'pa','ro','Punjabi'),
(2515,'pa','ru','Панджаби'),
(2516,'pa','sl','Pandžabščina'),
(2517,'pa','so','Punjabi'),
(2518,'pa','sq','Punjabi'),
(2519,'pa','sr','панџаби'),
(2520,'pa','sv','Punjabi'),
(2521,'pa','ta','Punjabi'),
(2522,'pa','th','ปัญจาบ'),
(2523,'pa','tr','Pencapça'),
(2524,'pa','uk','Punjabi'),
(2525,'pa','ur','Punjabi'),
(2526,'pa','uz','Punjabi'),
(2527,'pa','vi','Punjabi'),
(2528,'pa','yi','Punjabi'),
(2529,'pa','zh-hans','旁遮普语'),
(2530,'pa','zu','Punjabi'),
(2531,'pa','zh-hant','旁遮普語'),
(2532,'pa','ms','Punjabi'),
(2533,'pa','gl','Punjabi'),
(2534,'pa','bn','Punjabi'),
(2535,'pa','az','Punjabi'),
(2536,'pl','en','Polish'),
(2537,'pl','es','Polaco'),
(2538,'pl','de','Polnisch'),
(2539,'pl','fr','Polonais'),
(2540,'pl','ar','البولندية'),
(2541,'pl','bs','Polish'),
(2542,'pl','bg','Полски'),
(2543,'pl','ca','Polish'),
(2544,'pl','cs','Polský'),
(2545,'pl','sk','Polština'),
(2546,'pl','cy','Polish'),
(2547,'pl','da','Polish'),
(2548,'pl','el','Πολωνικά'),
(2549,'pl','eo','Polish'),
(2550,'pl','et','Polish'),
(2551,'pl','eu','Polish'),
(2552,'pl','fa','Polish'),
(2553,'pl','fi','Puola'),
(2554,'pl','ga','Polish'),
(2555,'pl','he','פולנית'),
(2556,'pl','hi','Polish'),
(2557,'pl','hr','Poljski'),
(2558,'pl','hu','Lengyel'),
(2559,'pl','hy','Polish'),
(2560,'pl','id','Polish'),
(2561,'pl','is','Polish'),
(2562,'pl','it','Polacco'),
(2563,'pl','ja','ポーランド語'),
(2564,'pl','ko','폴란드어'),
(2565,'pl','ku','Polish'),
(2566,'pl','lv','Polish'),
(2567,'pl','lt','Polish'),
(2568,'pl','mk','Polish'),
(2569,'pl','mt','Polish'),
(2570,'pl','mn','Polish'),
(2571,'pl','ne','Polish'),
(2572,'pl','nl','Pools'),
(2573,'pl','no','Polsk'),
(2574,'pl','pa','Polish'),
(2575,'pl','pl','Polski'),
(2576,'pl','pt-pt','Polonês'),
(2577,'pl','pt-br','Polonês'),
(2578,'pl','qu','Polish'),
(2579,'pl','ro','Poloneză'),
(2580,'pl','ru','Польский'),
(2581,'pl','sl','Poljski'),
(2582,'pl','so','Polish'),
(2583,'pl','sq','Polish'),
(2584,'pl','sr','пољски'),
(2585,'pl','sv','Polska'),
(2586,'pl','ta','Polish'),
(2587,'pl','th','โปแลนด์'),
(2588,'pl','tr','Polonyaca'),
(2589,'pl','uk','Polish'),
(2590,'pl','ur','Polish'),
(2591,'pl','uz','Polish'),
(2592,'pl','vi','Polish'),
(2593,'pl','yi','Polish'),
(2594,'pl','zh-hans','波兰语'),
(2595,'pl','zu','Polish'),
(2596,'pl','zh-hant','波蘭語'),
(2597,'pl','ms','Polish'),
(2598,'pl','gl','Polish'),
(2599,'pl','bn','Polish'),
(2600,'pl','az','Polish'),
(2601,'pt-pt','en','Portuguese (Portugal)'),
(2602,'pt-pt','es','Portugués, Portugal'),
(2603,'pt-pt','de','Portugiesisch, Portugal'),
(2604,'pt-pt','fr','Portugais - du Portugal'),
(2605,'pt-pt','ar','البرتغالية ، البرتغال'),
(2606,'pt-pt','bs','Portuguese, Portugal'),
(2607,'pt-pt','bg','Португалски (Португалия)'),
(2608,'pt-pt','ca','Portuguese, Portugal'),
(2609,'pt-pt','cs','Portugalština ( Portugalsko)'),
(2610,'pt-pt','sk','Portugalština'),
(2611,'pt-pt','cy','Portuguese, Portugal'),
(2612,'pt-pt','da','Portuguese, Portugal'),
(2613,'pt-pt','el','Πορτογαλικά'),
(2614,'pt-pt','eo','Portuguese, Portugal'),
(2615,'pt-pt','et','Portuguese, Portugal'),
(2616,'pt-pt','eu','Portuguese, Portugal'),
(2617,'pt-pt','fa','Portuguese, Portugal'),
(2618,'pt-pt','fi','Portugali'),
(2619,'pt-pt','ga','Portuguese, Portugal'),
(2620,'pt-pt','he','פורטוגזית'),
(2621,'pt-pt','hi','Portuguese, Portugal'),
(2622,'pt-pt','hr','Portugalski (Portugal)'),
(2623,'pt-pt','hu','Portugál'),
(2624,'pt-pt','hy','Portuguese, Portugal'),
(2625,'pt-pt','id','Portuguese, Portugal'),
(2626,'pt-pt','is','Portuguese, Portugal'),
(2627,'pt-pt','it','Portoghese, Portogallo'),
(2628,'pt-pt','ja','ポルトガル語'),
(2629,'pt-pt','ko','포르투갈 포르투갈어'),
(2630,'pt-pt','ku','Portuguese, Portugal'),
(2631,'pt-pt','lv','Portuguese, Portugal'),
(2632,'pt-pt','lt','Portuguese, Portugal'),
(2633,'pt-pt','mk','Portuguese, Portugal'),
(2634,'pt-pt','mt','Portuguese, Portugal'),
(2635,'pt-pt','mn','Portuguese, Portugal'),
(2636,'pt-pt','ne','Portuguese, Portugal'),
(2637,'pt-pt','nl','Portugees, Portugal'),
(2638,'pt-pt','no','Portugisisk (Portugal)'),
(2639,'pt-pt','pa','Portuguese, Portugal'),
(2640,'pt-pt','pl','Portugalski, Portugalia'),
(2641,'pt-pt','pt-pt','Português'),
(2642,'pt-pt','pt-br','Português'),
(2643,'pt-pt','qu','Portuguese, Portugal'),
(2644,'pt-pt','ro','Portugheză (Portugalia)'),
(2645,'pt-pt','ru','Португальский, Португалия'),
(2646,'pt-pt','sl','Portugalščina ( Portugalska )'),
(2647,'pt-pt','so','Portuguese, Portugal'),
(2648,'pt-pt','sq','Portuguese, Portugal'),
(2649,'pt-pt','sr','Португалски (Португалија)'),
(2650,'pt-pt','sv','Portugisiska, Portugal'),
(2651,'pt-pt','ta','Portuguese, Portugal'),
(2652,'pt-pt','th','โปรตุเกส'),
(2653,'pt-pt','tr','Portekizce, Portekiz'),
(2654,'pt-pt','uk','Portuguese, Portugal'),
(2655,'pt-pt','ur','Portuguese, Portugal'),
(2656,'pt-pt','uz','Portuguese, Portugal'),
(2657,'pt-pt','vi','Portuguese, Portugal'),
(2658,'pt-pt','yi','Portuguese, Portugal'),
(2659,'pt-pt','zh-hans','葡萄牙语（葡萄牙）'),
(2660,'pt-pt','zu','Portuguese, Portugal'),
(2661,'pt-pt','zh-hant','葡萄牙語（葡萄牙）'),
(2662,'pt-pt','ms','Portuguese, Portugal'),
(2663,'pt-pt','gl','Portuguese, Portugal'),
(2664,'pt-pt','bn','Portuguese, Portugal'),
(2665,'pt-pt','az','Portuguese, Portugal'),
(2666,'pt-br','en','Portuguese (Brazil)'),
(2667,'pt-br','es','Portugués, Brasil'),
(2668,'pt-br','de','Portugiesisch, Brasilien'),
(2669,'pt-br','fr','Portugais - du Brésil'),
(2670,'pt-br','ar','البرتغالية ،البرازيل'),
(2671,'pt-br','bs','Portuguese, Brazil'),
(2672,'pt-br','bg','Португалски (Бразилия)'),
(2673,'pt-br','ca','Portuguese, Brazil'),
(2674,'pt-br','cs','Portugalština ( Brazílie)'),
(2675,'pt-br','sk','Brazílska Portugalština'),
(2676,'pt-br','cy','Portuguese, Brazil'),
(2677,'pt-br','da','Portuguese, Brazil'),
(2678,'pt-br','el','Πορτογαλικά Βραζιλίας'),
(2679,'pt-br','eo','Portuguese, Brazil'),
(2680,'pt-br','et','Portuguese, Brazil'),
(2681,'pt-br','eu','Portuguese, Brazil'),
(2682,'pt-br','fa','Portuguese, Brazil'),
(2683,'pt-br','fi','Brasilian portugali'),
(2684,'pt-br','ga','Portuguese, Brazil'),
(2685,'pt-br','he','פורטוגזית - ברזיל'),
(2686,'pt-br','hi','Portuguese, Brazil'),
(2687,'pt-br','hr','Portugalski (Brazil)'),
(2688,'pt-br','hu','Brazil'),
(2689,'pt-br','hy','Portuguese, Brazil'),
(2690,'pt-br','id','Portuguese, Brazil'),
(2691,'pt-br','is','Portuguese, Brazil'),
(2692,'pt-br','it','Portoghese, Brasile'),
(2693,'pt-br','ja','ポルトガル語（ブラジル）'),
(2694,'pt-br','ko','브라질 포르투갈어'),
(2695,'pt-br','ku','Portuguese, Brazil'),
(2696,'pt-br','lv','Portuguese, Brazil'),
(2697,'pt-br','lt','Portuguese, Brazil'),
(2698,'pt-br','mk','Portuguese, Brazil'),
(2699,'pt-br','mt','Portuguese, Brazil'),
(2700,'pt-br','mn','Portuguese, Brazil'),
(2701,'pt-br','ne','Portuguese, Brazil'),
(2702,'pt-br','nl','Portugees, Brazilië'),
(2703,'pt-br','no','Portugisisk (Brasil)'),
(2704,'pt-br','pa','Portuguese, Brazil'),
(2705,'pt-br','pl','Portugalski, Brazylia'),
(2706,'pt-br','pt-pt','Português'),
(2707,'pt-br','pt-br','Português'),
(2708,'pt-br','qu','Portuguese, Brazil'),
(2709,'pt-br','ro','Portugheză (Brazilia)'),
(2710,'pt-br','ru','Португальский, Бразилия'),
(2711,'pt-br','sl','Portugalščina ( Brazilija )'),
(2712,'pt-br','so','Portuguese, Brazil'),
(2713,'pt-br','sq','Portuguese, Brazil'),
(2714,'pt-br','sr','Португалски (Бразил)'),
(2715,'pt-br','sv','Portugisiska, Brasilien'),
(2716,'pt-br','ta','Portuguese, Brazil'),
(2717,'pt-br','th','โปรตุเกสบราซิล'),
(2718,'pt-br','tr','Portekizce, Brezilya'),
(2719,'pt-br','uk','Portuguese, Brazil'),
(2720,'pt-br','ur','Portuguese, Brazil'),
(2721,'pt-br','uz','Portuguese, Brazil'),
(2722,'pt-br','vi','Portuguese, Brazil'),
(2723,'pt-br','yi','Portuguese, Brazil'),
(2724,'pt-br','zh-hans','葡萄牙语（巴西）'),
(2725,'pt-br','zu','Portuguese, Brazil'),
(2726,'pt-br','zh-hant','葡萄牙語（巴西）'),
(2727,'pt-br','ms','Portuguese, Brazil'),
(2728,'pt-br','gl','Portuguese, Brazil'),
(2729,'pt-br','bn','Portuguese, Brazil'),
(2730,'pt-br','az','Portuguese, Brazil'),
(2731,'qu','en','Quechua'),
(2732,'qu','es','Quechua'),
(2733,'qu','de','Quechua'),
(2734,'qu','fr','Quechua'),
(2735,'qu','ar','الكويتشوا'),
(2736,'qu','bs','Quechua'),
(2737,'qu','bg','Кечуа'),
(2738,'qu','ca','Quechua'),
(2739,'qu','cs','Quechua'),
(2740,'qu','sk','Jazyk Quechua'),
(2741,'qu','cy','Quechua'),
(2742,'qu','da','Quechua'),
(2743,'qu','el','Κέτσουα'),
(2744,'qu','eo','Quechua'),
(2745,'qu','et','Quechua'),
(2746,'qu','eu','Quechua'),
(2747,'qu','fa','Quechua'),
(2748,'qu','fi','Ketsua'),
(2749,'qu','ga','Quechua'),
(2750,'qu','he','קצ\'ואה'),
(2751,'qu','hi','Quechua'),
(2752,'qu','hr','Quechua'),
(2753,'qu','hu','Quechua'),
(2754,'qu','hy','Quechua'),
(2755,'qu','id','Quechua'),
(2756,'qu','is','Quechua'),
(2757,'qu','it','Quechua'),
(2758,'qu','ja','ケチュア語'),
(2759,'qu','ko','케추아어'),
(2760,'qu','ku','Quechua'),
(2761,'qu','lv','Quechua'),
(2762,'qu','lt','Quechua'),
(2763,'qu','mk','Quechua'),
(2764,'qu','mt','Quechua'),
(2765,'qu','mn','Quechua'),
(2766,'qu','ne','Quechua'),
(2767,'qu','nl','Quechua'),
(2768,'qu','no','Quechua'),
(2769,'qu','pa','Quechua'),
(2770,'qu','pl','Keczua'),
(2771,'qu','pt-pt','Quechua'),
(2772,'qu','pt-br','Quechua'),
(2773,'qu','qu','Quechua'),
(2774,'qu','ro','Quechuană'),
(2775,'qu','ru','Кечуа'),
(2776,'qu','sl','Quechua'),
(2777,'qu','so','Quechua'),
(2778,'qu','sq','Quechua'),
(2779,'qu','sr','Кечуа'),
(2780,'qu','sv','Quechua'),
(2781,'qu','ta','Quechua'),
(2782,'qu','th','คิวชัว'),
(2783,'qu','tr','Quechua dili'),
(2784,'qu','uk','Quechua'),
(2785,'qu','ur','Quechua'),
(2786,'qu','uz','Quechua'),
(2787,'qu','vi','Quechua'),
(2788,'qu','yi','Quechua'),
(2789,'qu','zh-hans','盖丘亚语'),
(2790,'qu','zu','Quechua'),
(2791,'qu','zh-hant','蓋丘亞語'),
(2792,'qu','ms','Quechua'),
(2793,'qu','gl','Quechua'),
(2794,'qu','bn','Quechua'),
(2795,'qu','az','Quechua'),
(2796,'ro','en','Romanian'),
(2797,'ro','es','Rumano'),
(2798,'ro','de','Rumänisch'),
(2799,'ro','fr','Roumain'),
(2800,'ro','ar','الرومانية'),
(2801,'ro','bs','Romanian'),
(2802,'ro','bg','Румънски'),
(2803,'ro','ca','Romanian'),
(2804,'ro','cs','Rumunština'),
(2805,'ro','sk','Rumunčina'),
(2806,'ro','cy','Romanian'),
(2807,'ro','da','Romanian'),
(2808,'ro','el','Ρουμανικά'),
(2809,'ro','eo','Romanian'),
(2810,'ro','et','Romanian'),
(2811,'ro','eu','Romanian'),
(2812,'ro','fa','Romanian'),
(2813,'ro','fi','Romania'),
(2814,'ro','ga','Romanian'),
(2815,'ro','he','רומנית'),
(2816,'ro','hi','Romanian'),
(2817,'ro','hr','Rumunjski'),
(2818,'ro','hu','Román'),
(2819,'ro','hy','Romanian'),
(2820,'ro','id','Romanian'),
(2821,'ro','is','Romanian'),
(2822,'ro','it','Rumeno'),
(2823,'ro','ja','ルーマニア語'),
(2824,'ro','ko','로마니아어'),
(2825,'ro','ku','Romanian'),
(2826,'ro','lv','Romanian'),
(2827,'ro','lt','Romanian'),
(2828,'ro','mk','Romanian'),
(2829,'ro','mt','Romanian'),
(2830,'ro','mn','Romanian'),
(2831,'ro','ne','Romanian'),
(2832,'ro','nl','Roemeens'),
(2833,'ro','no','Rumensk'),
(2834,'ro','pa','Romanian'),
(2835,'ro','pl','Rumuński'),
(2836,'ro','pt-pt','Romeno'),
(2837,'ro','pt-br','Romeno'),
(2838,'ro','qu','Romanian'),
(2839,'ro','ro','Română'),
(2840,'ro','ru','Румынский'),
(2841,'ro','sl','Romunščina'),
(2842,'ro','so','Romanian'),
(2843,'ro','sq','Romanian'),
(2844,'ro','sr','румунски'),
(2845,'ro','sv','Rumänska'),
(2846,'ro','ta','Romanian'),
(2847,'ro','th','โรมาเนีย'),
(2848,'ro','tr','Rumence'),
(2849,'ro','uk','Romanian'),
(2850,'ro','ur','Romanian'),
(2851,'ro','uz','Romanian'),
(2852,'ro','vi','Romanian'),
(2853,'ro','yi','Romanian'),
(2854,'ro','zh-hans','罗马尼亚语'),
(2855,'ro','zu','Romanian'),
(2856,'ro','zh-hant','羅馬尼亞語'),
(2857,'ro','ms','Romanian'),
(2858,'ro','gl','Romanian'),
(2859,'ro','bn','Romanian'),
(2860,'ro','az','Romanian'),
(2861,'ru','en','Russian'),
(2862,'ru','es','Ruso'),
(2863,'ru','de','Russisch'),
(2864,'ru','fr','Russe'),
(2865,'ru','ar','الروسية'),
(2866,'ru','bs','Russian'),
(2867,'ru','bg','Руски'),
(2868,'ru','ca','Russian'),
(2869,'ru','cs','Ruský'),
(2870,'ru','sk','Ruština'),
(2871,'ru','cy','Russian'),
(2872,'ru','da','Russian'),
(2873,'ru','el','Ρωσικά'),
(2874,'ru','eo','Russian'),
(2875,'ru','et','Russian'),
(2876,'ru','eu','Russian'),
(2877,'ru','fa','Russian'),
(2878,'ru','fi','Venäjä'),
(2879,'ru','ga','Russian'),
(2880,'ru','he','רוסית'),
(2881,'ru','hi','Russian'),
(2882,'ru','hr','Ruski'),
(2883,'ru','hu','Orosz'),
(2884,'ru','hy','Russian'),
(2885,'ru','id','Russian'),
(2886,'ru','is','Russian'),
(2887,'ru','it','Russo'),
(2888,'ru','ja','ロシア語'),
(2889,'ru','ko','러시아어'),
(2890,'ru','ku','Russian'),
(2891,'ru','lv','Russian'),
(2892,'ru','lt','Russian'),
(2893,'ru','mk','Russian'),
(2894,'ru','mt','Russian'),
(2895,'ru','mn','Russian'),
(2896,'ru','ne','Russian'),
(2897,'ru','nl','Russisch'),
(2898,'ru','no','Russisk'),
(2899,'ru','pa','Russian'),
(2900,'ru','pl','Rosyjski'),
(2901,'ru','pt-pt','Russo'),
(2902,'ru','pt-br','Russo'),
(2903,'ru','qu','Russian'),
(2904,'ru','ro','Rusă'),
(2905,'ru','ru','Русский'),
(2906,'ru','sl','Ruščina'),
(2907,'ru','so','Russian'),
(2908,'ru','sq','Russian'),
(2909,'ru','sr','руски'),
(2910,'ru','sv','Ryska'),
(2911,'ru','ta','Russian'),
(2912,'ru','th','รัสเซีย'),
(2913,'ru','tr','Rusça'),
(2914,'ru','uk','Russian'),
(2915,'ru','ur','Russian'),
(2916,'ru','uz','Russian'),
(2917,'ru','vi','Russian'),
(2918,'ru','yi','Russian'),
(2919,'ru','zh-hans','俄语'),
(2920,'ru','zu','Russian'),
(2921,'ru','zh-hant','俄語'),
(2922,'ru','ms','Russian'),
(2923,'ru','gl','Russian'),
(2924,'ru','bn','Russian'),
(2925,'ru','az','Russian'),
(2926,'sl','en','Slovenian'),
(2927,'sl','es','Esloveno'),
(2928,'sl','de','Slowenisch'),
(2929,'sl','fr','Slovène'),
(2930,'sl','ar','السلوفانية'),
(2931,'sl','bs','Slovenian'),
(2932,'sl','bg','Словенски'),
(2933,'sl','ca','Slovenian'),
(2934,'sl','cs','Slovinština'),
(2935,'sl','sk','Slovinčina'),
(2936,'sl','cy','Slovenian'),
(2937,'sl','da','Slovenian'),
(2938,'sl','el','Σλοβενικά'),
(2939,'sl','eo','Slovenian'),
(2940,'sl','et','Slovenian'),
(2941,'sl','eu','Slovenian'),
(2942,'sl','fa','Slovenian'),
(2943,'sl','fi','Sloveeni'),
(2944,'sl','ga','Slovenian'),
(2945,'sl','he','סלובנית'),
(2946,'sl','hi','Slovenian'),
(2947,'sl','hr','Slovenski'),
(2948,'sl','hu','Szlovén'),
(2949,'sl','hy','Slovenian'),
(2950,'sl','id','Slovenian'),
(2951,'sl','is','Slovenian'),
(2952,'sl','it','Sloveno'),
(2953,'sl','ja','スロベニア語'),
(2954,'sl','ko','슬로베니아어'),
(2955,'sl','ku','Slovenian'),
(2956,'sl','lv','Slovenian'),
(2957,'sl','lt','Slovenian'),
(2958,'sl','mk','Slovenian'),
(2959,'sl','mt','Slovenian'),
(2960,'sl','mn','Slovenian'),
(2961,'sl','ne','Slovenian'),
(2962,'sl','nl','Sloveens'),
(2963,'sl','no','Slovensk'),
(2964,'sl','pa','Slovenian'),
(2965,'sl','pl','Słoweński'),
(2966,'sl','pt-pt','Esloveno'),
(2967,'sl','pt-br','Esloveno'),
(2968,'sl','qu','Slovenian'),
(2969,'sl','ro','Slovenă'),
(2970,'sl','ru','Словенский'),
(2971,'sl','sl','Slovenščina'),
(2972,'sl','so','Slovenian'),
(2973,'sl','sq','Slovenian'),
(2974,'sl','sr','словеначки'),
(2975,'sl','sv','Slovenska'),
(2976,'sl','ta','Slovenian'),
(2977,'sl','th','สโลวีเนียน'),
(2978,'sl','tr','Sloven dili'),
(2979,'sl','uk','Slovenian'),
(2980,'sl','ur','Slovenian'),
(2981,'sl','uz','Slovenian'),
(2982,'sl','vi','Slovenian'),
(2983,'sl','yi','Slovenian'),
(2984,'sl','zh-hans','斯洛文尼亚语'),
(2985,'sl','zu','Slovenian'),
(2986,'sl','zh-hant','斯洛文尼亞語'),
(2987,'sl','ms','Slovenian'),
(2988,'sl','gl','Slovenian'),
(2989,'sl','bn','Slovenian'),
(2990,'sl','az','Slovenian'),
(2991,'so','en','Somali'),
(2992,'so','es','Somalí'),
(2993,'so','de','Somali'),
(2994,'so','fr','Somali'),
(2995,'so','ar','الصومالية'),
(2996,'so','bs','Somali'),
(2997,'so','bg','Сомалийски'),
(2998,'so','ca','Somali'),
(2999,'so','cs','Somali'),
(3000,'so','sk','Somálčina'),
(3001,'so','cy','Somali'),
(3002,'so','da','Somali'),
(3003,'so','el','Σομαλικά'),
(3004,'so','eo','Somali'),
(3005,'so','et','Somali'),
(3006,'so','eu','Somali'),
(3007,'so','fa','Somali'),
(3008,'so','fi','Somali'),
(3009,'so','ga','Somali'),
(3010,'so','he','סומלית'),
(3011,'so','hi','Somali'),
(3012,'so','hr','Somalski'),
(3013,'so','hu','Szomáli'),
(3014,'so','hy','Somali'),
(3015,'so','id','Somali'),
(3016,'so','is','Somali'),
(3017,'so','it','Somalo'),
(3018,'so','ja','ソマリ語'),
(3019,'so','ko','소말리아어'),
(3020,'so','ku','Somali'),
(3021,'so','lv','Somali'),
(3022,'so','lt','Somali'),
(3023,'so','mk','Somali'),
(3024,'so','mt','Somali'),
(3025,'so','mn','Somali'),
(3026,'so','ne','Somali'),
(3027,'so','nl','Somalisch'),
(3028,'so','no','Somali'),
(3029,'so','pa','Somali'),
(3030,'so','pl','Somalijski'),
(3031,'so','pt-pt','Somali'),
(3032,'so','pt-br','Somali'),
(3033,'so','qu','Somali'),
(3034,'so','ro','Somaleză'),
(3035,'so','ru','Сомалийский'),
(3036,'so','sl','Somalski'),
(3037,'so','so','Somali'),
(3038,'so','sq','Somali'),
(3039,'so','sr','Сомалијски'),
(3040,'so','sv','Somaliska'),
(3041,'so','ta','Somali'),
(3042,'so','th','โซมาลี'),
(3043,'so','tr','Somalice'),
(3044,'so','uk','Somali'),
(3045,'so','ur','Somali'),
(3046,'so','uz','Somali'),
(3047,'so','vi','Somali'),
(3048,'so','yi','Somali'),
(3049,'so','zh-hans','索马里语'),
(3050,'so','zu','Somali'),
(3051,'so','zh-hant','索馬里語'),
(3052,'so','ms','Somali'),
(3053,'so','gl','Somali'),
(3054,'so','bn','Somali'),
(3055,'so','az','Somali'),
(3056,'sq','en','Albanian'),
(3057,'sq','es','Albanés'),
(3058,'sq','de','Albanisch'),
(3059,'sq','fr','Albanais'),
(3060,'sq','ar','الألبانية'),
(3061,'sq','bs','Albanian'),
(3062,'sq','bg','Албански'),
(3063,'sq','ca','Albanian'),
(3064,'sq','cs','Albánský'),
(3065,'sq','sk','Albánčina'),
(3066,'sq','cy','Albanian'),
(3067,'sq','da','Albanian'),
(3068,'sq','el','Αλβανικά'),
(3069,'sq','eo','Albanian'),
(3070,'sq','et','Albanian'),
(3071,'sq','eu','Albanian'),
(3072,'sq','fa','Albanian'),
(3073,'sq','fi','Albania'),
(3074,'sq','ga','Albanian'),
(3075,'sq','he','אלבנית'),
(3076,'sq','hi','Albanian'),
(3077,'sq','hr','Albanski'),
(3078,'sq','hu','Albán'),
(3079,'sq','hy','Albanian'),
(3080,'sq','id','Albanian'),
(3081,'sq','is','Albanian'),
(3082,'sq','it','Albanese'),
(3083,'sq','ja','アルバニア語'),
(3084,'sq','ko','알바니아어'),
(3085,'sq','ku','Albanian'),
(3086,'sq','lv','Albanian'),
(3087,'sq','lt','Albanian'),
(3088,'sq','mk','Albanian'),
(3089,'sq','mt','Albanian'),
(3090,'sq','mn','Albanian'),
(3091,'sq','ne','Albanian'),
(3092,'sq','nl','Albaans'),
(3093,'sq','no','Albansk'),
(3094,'sq','pa','Albanian'),
(3095,'sq','pl','Albański'),
(3096,'sq','pt-pt','Albanês'),
(3097,'sq','pt-br','Albanês'),
(3098,'sq','qu','Albanian'),
(3099,'sq','ro','Albaneză'),
(3100,'sq','ru','Албанский'),
(3101,'sq','sl','Albanski'),
(3102,'sq','so','Albanian'),
(3103,'sq','sq','Albanian'),
(3104,'sq','sr','албански'),
(3105,'sq','sv','Albanska'),
(3106,'sq','ta','Albanian'),
(3107,'sq','th','อัลเบเนีย'),
(3108,'sq','tr','Arnavutça'),
(3109,'sq','uk','Albanian'),
(3110,'sq','ur','Albanian'),
(3111,'sq','uz','Albanian'),
(3112,'sq','vi','Albanian'),
(3113,'sq','yi','Albanian'),
(3114,'sq','zh-hans','阿尔巴尼亚语'),
(3115,'sq','zu','Albanian'),
(3116,'sq','zh-hant','阿爾巴尼亞語'),
(3117,'sq','ms','Albanian'),
(3118,'sq','gl','Albanian'),
(3119,'sq','bn','Albanian'),
(3120,'sq','az','Albanian'),
(3121,'sr','en','Serbian'),
(3122,'sr','es','Serbio'),
(3123,'sr','de','Serbisch'),
(3124,'sr','fr','Serbe'),
(3125,'sr','ar','الصربية'),
(3126,'sr','bs','Serbian'),
(3127,'sr','bg','Сръбски'),
(3128,'sr','ca','Serbian'),
(3129,'sr','cs','Srbský'),
(3130,'sr','sk','Srbština'),
(3131,'sr','cy','Serbian'),
(3132,'sr','da','Serbian'),
(3133,'sr','el','Σερβικά'),
(3134,'sr','eo','Serbian'),
(3135,'sr','et','Serbian'),
(3136,'sr','eu','Serbian'),
(3137,'sr','fa','Serbian'),
(3138,'sr','fi','Serbia'),
(3139,'sr','ga','Serbian'),
(3140,'sr','he','סרבית'),
(3141,'sr','hi','Serbian'),
(3142,'sr','hr','Srpski'),
(3143,'sr','hu','Szerb'),
(3144,'sr','hy','Serbian'),
(3145,'sr','id','Serbian'),
(3146,'sr','is','Serbian'),
(3147,'sr','it','Serbo'),
(3148,'sr','ja','セルビア語'),
(3149,'sr','ko','세르비아어'),
(3150,'sr','ku','Serbian'),
(3151,'sr','lv','Serbian'),
(3152,'sr','lt','Serbian'),
(3153,'sr','mk','Serbian'),
(3154,'sr','mt','Serbian'),
(3155,'sr','mn','Serbian'),
(3156,'sr','ne','Serbian'),
(3157,'sr','nl','Servisch'),
(3158,'sr','no','Serbisk'),
(3159,'sr','pa','Serbian'),
(3160,'sr','pl','Serbski'),
(3161,'sr','pt-pt','Sérvio'),
(3162,'sr','pt-br','Sérvio'),
(3163,'sr','qu','Serbian'),
(3164,'sr','ro','Sârbă'),
(3165,'sr','ru','Сербский'),
(3166,'sr','sl','Srbski'),
(3167,'sr','so','Serbian'),
(3168,'sr','sq','Serbian'),
(3169,'sr','sr','српски'),
(3170,'sr','sv','Serbiska'),
(3171,'sr','ta','Serbian'),
(3172,'sr','th','เซอร์เบีย'),
(3173,'sr','tr','Sırpça'),
(3174,'sr','uk','Serbian'),
(3175,'sr','ur','Serbian'),
(3176,'sr','uz','Serbian'),
(3177,'sr','vi','Serbian'),
(3178,'sr','yi','Serbian'),
(3179,'sr','zh-hans','赛尔维亚语'),
(3180,'sr','zu','Serbian'),
(3181,'sr','zh-hant','賽爾維亞語'),
(3182,'sr','ms','Serbian'),
(3183,'sr','gl','Serbian'),
(3184,'sr','bn','Serbian'),
(3185,'sr','az','Serbian'),
(3186,'sv','en','Swedish'),
(3187,'sv','es','Sueco'),
(3188,'sv','de','Schwedisch'),
(3189,'sv','fr','Suédois'),
(3190,'sv','ar','السويدية'),
(3191,'sv','bs','Swedish'),
(3192,'sv','bg','Шведски'),
(3193,'sv','ca','Swedish'),
(3194,'sv','cs','Švédský'),
(3195,'sv','sk','Švédština'),
(3196,'sv','cy','Swedish'),
(3197,'sv','da','Swedish'),
(3198,'sv','el','Σουηδικά'),
(3199,'sv','eo','Swedish'),
(3200,'sv','et','Swedish'),
(3201,'sv','eu','Swedish'),
(3202,'sv','fa','Swedish'),
(3203,'sv','fi','Ruotsi'),
(3204,'sv','ga','Swedish'),
(3205,'sv','he','שוודית'),
(3206,'sv','hi','Swedish'),
(3207,'sv','hr','švedski'),
(3208,'sv','hu','Svéd'),
(3209,'sv','hy','Swedish'),
(3210,'sv','id','Swedish'),
(3211,'sv','is','Swedish'),
(3212,'sv','it','Svedese'),
(3213,'sv','ja','スウェーデン語'),
(3214,'sv','ko','스웨덴어'),
(3215,'sv','ku','Swedish'),
(3216,'sv','lv','Swedish'),
(3217,'sv','lt','Swedish'),
(3218,'sv','mk','Swedish'),
(3219,'sv','mt','Swedish'),
(3220,'sv','mn','Swedish'),
(3221,'sv','ne','Swedish'),
(3222,'sv','nl','Zweeds'),
(3223,'sv','no','Swedish'),
(3224,'sv','pa','Swedish'),
(3225,'sv','pl','Szwedzki'),
(3226,'sv','pt-pt','Sueco'),
(3227,'sv','pt-br','Sueco'),
(3228,'sv','qu','Swedish'),
(3229,'sv','ro','Suedeză'),
(3230,'sv','ru','Шведский'),
(3231,'sv','sl','Švedščina'),
(3232,'sv','so','Swedish'),
(3233,'sv','sq','Swedish'),
(3234,'sv','sr','шведски'),
(3235,'sv','sv','Svenska'),
(3236,'sv','ta','Swedish'),
(3237,'sv','th','สวีเดน'),
(3238,'sv','tr','İsveççe'),
(3239,'sv','uk','Swedish'),
(3240,'sv','ur','Swedish'),
(3241,'sv','uz','Swedish'),
(3242,'sv','vi','Swedish'),
(3243,'sv','yi','Swedish'),
(3244,'sv','zh-hans','瑞典语'),
(3245,'sv','zu','Swedish'),
(3246,'sv','zh-hant','瑞典語'),
(3247,'sv','ms','Swedish'),
(3248,'sv','gl','Swedish'),
(3249,'sv','bn','Swedish'),
(3250,'sv','az','Swedish'),
(3251,'ta','en','Tamil'),
(3252,'ta','es','Tamil'),
(3253,'ta','de','Tamil'),
(3254,'ta','fr','Tamoul'),
(3255,'ta','ar','التاميلية'),
(3256,'ta','bs','Tamil'),
(3257,'ta','bg','Тамилски'),
(3258,'ta','ca','Tamil'),
(3259,'ta','cs','Tamil'),
(3260,'ta','sk','Tamilčina'),
(3261,'ta','cy','Tamil'),
(3262,'ta','da','Tamil'),
(3263,'ta','el','Ταμίλ'),
(3264,'ta','eo','Tamil'),
(3265,'ta','et','Tamil'),
(3266,'ta','eu','Tamil'),
(3267,'ta','fa','Tamil'),
(3268,'ta','fi','Tamili'),
(3269,'ta','ga','Tamil'),
(3270,'ta','he','טמילית'),
(3271,'ta','hi','Tamil'),
(3272,'ta','hr','Tamil'),
(3273,'ta','hu','Tamil'),
(3274,'ta','hy','Tamil'),
(3275,'ta','id','Tamil'),
(3276,'ta','is','Tamil'),
(3277,'ta','it','Tamil'),
(3278,'ta','ja','タミル語'),
(3279,'ta','ko','타밀어'),
(3280,'ta','ku','Tamil'),
(3281,'ta','lv','Tamil'),
(3282,'ta','lt','Tamil'),
(3283,'ta','mk','Tamil'),
(3284,'ta','mt','Tamil'),
(3285,'ta','mn','Tamil'),
(3286,'ta','ne','Tamil'),
(3287,'ta','nl','Tamil'),
(3288,'ta','no','Tamil'),
(3289,'ta','pa','Tamil'),
(3290,'ta','pl','Tamilski'),
(3291,'ta','pt-pt','Tamil'),
(3292,'ta','pt-br','Tamil'),
(3293,'ta','qu','Tamil'),
(3294,'ta','ro','Tamilă'),
(3295,'ta','ru','Тамильский'),
(3296,'ta','sl','Tamilščina'),
(3297,'ta','so','Tamil'),
(3298,'ta','sq','Tamil'),
(3299,'ta','sr','тамилски'),
(3300,'ta','sv','Tamil'),
(3301,'ta','ta','Tamil'),
(3302,'ta','th','ทมิฬ'),
(3303,'ta','tr','Tamil dili'),
(3304,'ta','uk','Tamil'),
(3305,'ta','ur','Tamil'),
(3306,'ta','uz','Tamil'),
(3307,'ta','vi','Tamil'),
(3308,'ta','yi','Tamil'),
(3309,'ta','zh-hans','泰米尔语'),
(3310,'ta','zu','Tamil'),
(3311,'ta','zh-hant','泰米爾語'),
(3312,'ta','ms','Tamil'),
(3313,'ta','gl','Tamil'),
(3314,'ta','bn','Tamil'),
(3315,'ta','az','Tamil'),
(3316,'th','en','Thai'),
(3317,'th','es','Tailandés'),
(3318,'th','de','Thai'),
(3319,'th','fr','Thaï'),
(3320,'th','ar','التايلندية'),
(3321,'th','bs','Thai'),
(3322,'th','bg','Тайски'),
(3323,'th','ca','Thai'),
(3324,'th','cs','Thai'),
(3325,'th','sk','Thajština'),
(3326,'th','cy','Thai'),
(3327,'th','da','Thai'),
(3328,'th','el','Ταϊλανδέζικα'),
(3329,'th','eo','Thai'),
(3330,'th','et','Thai'),
(3331,'th','eu','Thai'),
(3332,'th','fa','Thai'),
(3333,'th','fi','Thai'),
(3334,'th','ga','Thai'),
(3335,'th','he','תאילנדית'),
(3336,'th','hi','Thai'),
(3337,'th','hr','Thai'),
(3338,'th','hu','Tájföldi'),
(3339,'th','hy','Thai'),
(3340,'th','id','Thai'),
(3341,'th','is','Thai'),
(3342,'th','it','Thai'),
(3343,'th','ja','タイ語'),
(3344,'th','ko','태국어'),
(3345,'th','ku','Thai'),
(3346,'th','lv','Thai'),
(3347,'th','lt','Thai'),
(3348,'th','mk','Thai'),
(3349,'th','mt','Thai'),
(3350,'th','mn','Thai'),
(3351,'th','ne','Thai'),
(3352,'th','nl','Thai'),
(3353,'th','no','Thai'),
(3354,'th','pa','Thai'),
(3355,'th','pl','Tajski'),
(3356,'th','pt-pt','Tailandês'),
(3357,'th','pt-br','Tailandês'),
(3358,'th','qu','Thai'),
(3359,'th','ro','Tailandeză'),
(3360,'th','ru','Тайский'),
(3361,'th','sl','Tajski'),
(3362,'th','so','Thai'),
(3363,'th','sq','Thai'),
(3364,'th','sr','Тајландски'),
(3365,'th','sv','Thailändska'),
(3366,'th','ta','Thai'),
(3367,'th','th','ไทย'),
(3368,'th','tr','Tayca'),
(3369,'th','uk','Thai'),
(3370,'th','ur','Thai'),
(3371,'th','uz','Thai'),
(3372,'th','vi','Thai'),
(3373,'th','yi','Thai'),
(3374,'th','zh-hans','泰语'),
(3375,'th','zu','Thai'),
(3376,'th','zh-hant','泰語'),
(3377,'th','ms','Thai'),
(3378,'th','gl','Thai'),
(3379,'th','bn','Thai'),
(3380,'th','az','Thai'),
(3381,'tr','en','Turkish'),
(3382,'tr','es','Turco'),
(3383,'tr','de','Türkisch'),
(3384,'tr','fr','Turc'),
(3385,'tr','ar','التركية'),
(3386,'tr','bs','Turkish'),
(3387,'tr','bg','Турски'),
(3388,'tr','ca','Turkish'),
(3389,'tr','cs','Turečtina'),
(3390,'tr','sk','Turečtina'),
(3391,'tr','cy','Turkish'),
(3392,'tr','da','Turkish'),
(3393,'tr','el','Τουρκικά'),
(3394,'tr','eo','Turkish'),
(3395,'tr','et','Turkish'),
(3396,'tr','eu','Turkish'),
(3397,'tr','fa','Turkish'),
(3398,'tr','fi','Turkki'),
(3399,'tr','ga','Turkish'),
(3400,'tr','he','תורכית'),
(3401,'tr','hi','Turkish'),
(3402,'tr','hr','Turski'),
(3403,'tr','hu','Török'),
(3404,'tr','hy','Turkish'),
(3405,'tr','id','Turkish'),
(3406,'tr','is','Turkish'),
(3407,'tr','it','Turco'),
(3408,'tr','ja','トルコ語'),
(3409,'tr','ko','터어키어'),
(3410,'tr','ku','Turkish'),
(3411,'tr','lv','Turkish'),
(3412,'tr','lt','Turkish'),
(3413,'tr','mk','Turkish'),
(3414,'tr','mt','Turkish'),
(3415,'tr','mn','Turkish'),
(3416,'tr','ne','Turkish'),
(3417,'tr','nl','Turks'),
(3418,'tr','no','Turkish'),
(3419,'tr','pa','Turkish'),
(3420,'tr','pl','Turecki'),
(3421,'tr','pt-pt','Turco'),
(3422,'tr','pt-br','Turco'),
(3423,'tr','qu','Turkish'),
(3424,'tr','ro','Turcă'),
(3425,'tr','ru','Турецкий'),
(3426,'tr','sl','Turščina'),
(3427,'tr','so','Turkish'),
(3428,'tr','sq','Turkish'),
(3429,'tr','sr','турски'),
(3430,'tr','sv','Turkiska'),
(3431,'tr','ta','Turkish'),
(3432,'tr','th','ตุรกี'),
(3433,'tr','tr','Türkçe'),
(3434,'tr','uk','Turkish'),
(3435,'tr','ur','Turkish'),
(3436,'tr','uz','Turkish'),
(3437,'tr','vi','Turkish'),
(3438,'tr','yi','Turkish'),
(3439,'tr','zh-hans','土耳其语'),
(3440,'tr','zu','Turkish'),
(3441,'tr','zh-hant','土耳其語'),
(3442,'tr','ms','Turkish'),
(3443,'tr','gl','Turkish'),
(3444,'tr','bn','Turkish'),
(3445,'tr','az','Turkish'),
(3446,'uk','en','Ukrainian'),
(3447,'uk','es','Ucraniano'),
(3448,'uk','de','Ukrainisch'),
(3449,'uk','fr','Ukrainien'),
(3450,'uk','ar','الأوكرانية'),
(3451,'uk','bs','Ukrainian'),
(3452,'uk','bg','Украински'),
(3453,'uk','ca','Ukrainian'),
(3454,'uk','cs','Ukrajinský'),
(3455,'uk','sk','Ukrajinčina'),
(3456,'uk','cy','Ukrainian'),
(3457,'uk','da','Ukrainian'),
(3458,'uk','el','Ουκρανικά'),
(3459,'uk','eo','Ukrainian'),
(3460,'uk','et','Ukrainian'),
(3461,'uk','eu','Ukrainian'),
(3462,'uk','fa','Ukrainian'),
(3463,'uk','fi','Ukraina'),
(3464,'uk','ga','Ukrainian'),
(3465,'uk','he','אוקראינית'),
(3466,'uk','hi','Ukrainian'),
(3467,'uk','hr','Ukrajinski'),
(3468,'uk','hu','Ukrán'),
(3469,'uk','hy','Ukrainian'),
(3470,'uk','id','Ukrainian'),
(3471,'uk','is','Ukrainian'),
(3472,'uk','it','Ucraino'),
(3473,'uk','ja','ウクライナ語'),
(3474,'uk','ko','우크라이나어'),
(3475,'uk','ku','Ukrainian'),
(3476,'uk','lv','Ukrainian'),
(3477,'uk','lt','Ukrainian'),
(3478,'uk','mk','Ukrainian'),
(3479,'uk','mt','Ukrainian'),
(3480,'uk','mn','Ukrainian'),
(3481,'uk','ne','Ukrainian'),
(3482,'uk','nl','Oekraïens'),
(3483,'uk','no','Ukrainsk'),
(3484,'uk','pa','Ukrainian'),
(3485,'uk','pl','Ukraiński'),
(3486,'uk','pt-pt','Ucraniano'),
(3487,'uk','pt-br','Ucraniano'),
(3488,'uk','qu','Ukrainian'),
(3489,'uk','ro','Ucrainiană'),
(3490,'uk','ru','Украинский'),
(3491,'uk','sl','Ukrajinski'),
(3492,'uk','so','Ukrainian'),
(3493,'uk','sq','Ukrainian'),
(3494,'uk','sr','украјински'),
(3495,'uk','sv','Ukrainska'),
(3496,'uk','ta','Ukrainian'),
(3497,'uk','th','ยูเครน'),
(3498,'uk','tr','Ukraynaca'),
(3499,'uk','uk','Українська'),
(3500,'uk','ur','Ukrainian'),
(3501,'uk','uz','Ukrainian'),
(3502,'uk','vi','Ukrainian'),
(3503,'uk','yi','Ukrainian'),
(3504,'uk','zh-hans','乌克兰语'),
(3505,'uk','zu','Ukrainian'),
(3506,'uk','zh-hant','烏克蘭語'),
(3507,'uk','ms','Ukrainian'),
(3508,'uk','gl','Ukrainian'),
(3509,'uk','bn','Ukrainian'),
(3510,'uk','az','Ukrainian'),
(3511,'ur','en','Urdu'),
(3512,'ur','es','Urdu'),
(3513,'ur','de','Urdu'),
(3514,'ur','fr','Ourdu'),
(3515,'ur','ar','الأردية'),
(3516,'ur','bs','Urdu'),
(3517,'ur','bg','Урду'),
(3518,'ur','ca','Urdu'),
(3519,'ur','cs','Urdu'),
(3520,'ur','sk','Urdština'),
(3521,'ur','cy','Urdu'),
(3522,'ur','da','Urdu'),
(3523,'ur','el','Ούρντου'),
(3524,'ur','eo','Urdu'),
(3525,'ur','et','Urdu'),
(3526,'ur','eu','Urdu'),
(3527,'ur','fa','Urdu'),
(3528,'ur','fi','Urdu'),
(3529,'ur','ga','Urdu'),
(3530,'ur','he','אורדו'),
(3531,'ur','hi','Urdu'),
(3532,'ur','hr','Urdski'),
(3533,'ur','hu','Urdu'),
(3534,'ur','hy','Urdu'),
(3535,'ur','id','Urdu'),
(3536,'ur','is','Urdu'),
(3537,'ur','it','Urdu'),
(3538,'ur','ja','ウルドゥー語'),
(3539,'ur','ko','우르두어'),
(3540,'ur','ku','Urdu'),
(3541,'ur','lv','Urdu'),
(3542,'ur','lt','Urdu'),
(3543,'ur','mk','Urdu'),
(3544,'ur','mt','Urdu'),
(3545,'ur','mn','Urdu'),
(3546,'ur','ne','Urdu'),
(3547,'ur','nl','Urdu'),
(3548,'ur','no','Urdu'),
(3549,'ur','pa','Urdu'),
(3550,'ur','pl','Urdu'),
(3551,'ur','pt-pt','Urdu'),
(3552,'ur','pt-br','Urdu'),
(3553,'ur','qu','Urdu'),
(3554,'ur','ro','Urdu'),
(3555,'ur','ru','Урду'),
(3556,'ur','sl','Urdujščina'),
(3557,'ur','so','Urdu'),
(3558,'ur','sq','Urdu'),
(3559,'ur','sr','урду'),
(3560,'ur','sv','Urdu'),
(3561,'ur','ta','Urdu'),
(3562,'ur','th','อุรดู'),
(3563,'ur','tr','Urduca'),
(3564,'ur','uk','Urdu'),
(3565,'ur','ur','اردو '),
(3566,'ur','uz','Urdu'),
(3567,'ur','vi','Urdu'),
(3568,'ur','yi','Urdu'),
(3569,'ur','zh-hans','乌尔都语'),
(3570,'ur','zu','Urdu'),
(3571,'ur','zh-hant','烏爾都語'),
(3572,'ur','ms','Urdu'),
(3573,'ur','gl','Urdu'),
(3574,'ur','bn','Urdu'),
(3575,'ur','az','Urdu'),
(3576,'uz','en','Uzbek'),
(3577,'uz','es','Uzbeko'),
(3578,'uz','de','Usbekisch'),
(3579,'uz','fr','Ouzbek'),
(3580,'uz','ar','الاوزباكية'),
(3581,'uz','bs','Uzbek'),
(3582,'uz','bg','Узбекски'),
(3583,'uz','ca','Uzbek'),
(3584,'uz','cs','Uzbek'),
(3585,'uz','sk','Uzbekčina'),
(3586,'uz','cy','Uzbek'),
(3587,'uz','da','Uzbek'),
(3588,'uz','el','Ουζμπεκικά'),
(3589,'uz','eo','Uzbek'),
(3590,'uz','et','Uzbek'),
(3591,'uz','eu','Uzbek'),
(3592,'uz','fa','Uzbek'),
(3593,'uz','fi','Uzbekki'),
(3594,'uz','ga','Uzbek'),
(3595,'uz','he','אוזבקית'),
(3596,'uz','hi','Uzbek'),
(3597,'uz','hr','Uzbečki'),
(3598,'uz','hu','üzbég'),
(3599,'uz','hy','Uzbek'),
(3600,'uz','id','Uzbek'),
(3601,'uz','is','Uzbek'),
(3602,'uz','it','Uzbeco'),
(3603,'uz','ja','ウズベク語'),
(3604,'uz','ko','우즈베크어'),
(3605,'uz','ku','Uzbek'),
(3606,'uz','lv','Uzbek'),
(3607,'uz','lt','Uzbek'),
(3608,'uz','mk','Uzbek'),
(3609,'uz','mt','Uzbek'),
(3610,'uz','mn','Uzbek'),
(3611,'uz','ne','Uzbek'),
(3612,'uz','nl','Oezbeeks'),
(3613,'uz','no','Usbekisk'),
(3614,'uz','pa','Uzbek'),
(3615,'uz','pl','Uzbecki'),
(3616,'uz','pt-pt','Uzbeque'),
(3617,'uz','pt-br','Uzbeque'),
(3618,'uz','qu','Uzbek'),
(3619,'uz','ro','Uzbecă'),
(3620,'uz','ru','Узбекский'),
(3621,'uz','sl','Uzbek'),
(3622,'uz','so','Uzbek'),
(3623,'uz','sq','Uzbek'),
(3624,'uz','sr','Узбек'),
(3625,'uz','sv','Uzbekiska'),
(3626,'uz','ta','Uzbek'),
(3627,'uz','th','อุซเบก'),
(3628,'uz','tr','Özbekçe'),
(3629,'uz','uk','Uzbek'),
(3630,'uz','ur','Uzbek'),
(3631,'uz','uz','Uzbek'),
(3632,'uz','vi','Uzbek'),
(3633,'uz','yi','Uzbek'),
(3634,'uz','zh-hans','乌兹别克语'),
(3635,'uz','zu','Uzbek'),
(3636,'uz','zh-hant','烏茲別克語'),
(3637,'uz','ms','Uzbek'),
(3638,'uz','gl','Uzbek'),
(3639,'uz','bn','Uzbek'),
(3640,'uz','az','Uzbek'),
(3641,'vi','en','Vietnamese'),
(3642,'vi','es','Vietnamita'),
(3643,'vi','de','Vietnamesisch'),
(3644,'vi','fr','Vietnamien'),
(3645,'vi','ar','الفيتنامية'),
(3646,'vi','bs','Vietnamese'),
(3647,'vi','bg','Виетнамски'),
(3648,'vi','ca','Vietnamese'),
(3649,'vi','cs','Vietnamský'),
(3650,'vi','sk','Vietnamčina'),
(3651,'vi','cy','Vietnamese'),
(3652,'vi','da','Vietnamese'),
(3653,'vi','el','Βιετναμέζικα'),
(3654,'vi','eo','Vietnamese'),
(3655,'vi','et','Vietnamese'),
(3656,'vi','eu','Vietnamese'),
(3657,'vi','fa','Vietnamese'),
(3658,'vi','fi','Vietnam'),
(3659,'vi','ga','Vietnamese'),
(3660,'vi','he','וייטנאמית'),
(3661,'vi','hi','Vietnamese'),
(3662,'vi','hr','Vijetnamski'),
(3663,'vi','hu','Vietnámi'),
(3664,'vi','hy','Vietnamese'),
(3665,'vi','id','Vietnamese'),
(3666,'vi','is','Vietnamese'),
(3667,'vi','it','Vietnamita'),
(3668,'vi','ja','ベトナム語'),
(3669,'vi','ko','베트남어'),
(3670,'vi','ku','Vietnamese'),
(3671,'vi','lv','Vietnamese'),
(3672,'vi','lt','Vietnamese'),
(3673,'vi','mk','Vietnamese'),
(3674,'vi','mt','Vietnamese'),
(3675,'vi','mn','Vietnamese'),
(3676,'vi','ne','Vietnamese'),
(3677,'vi','nl','Vietnamees'),
(3678,'vi','no','Vietnamesisk'),
(3679,'vi','pa','Vietnamese'),
(3680,'vi','pl','Wietnamski'),
(3681,'vi','pt-pt','Vietnamita'),
(3682,'vi','pt-br','Vietnamita'),
(3683,'vi','qu','Vietnamese'),
(3684,'vi','ro','Vietnameză'),
(3685,'vi','ru','Вьетнамский'),
(3686,'vi','sl','Vietnamščina'),
(3687,'vi','so','Vietnamese'),
(3688,'vi','sq','Vietnamese'),
(3689,'vi','sr','вијетнамски'),
(3690,'vi','sv','Vietnamesiska'),
(3691,'vi','ta','Vietnamese'),
(3692,'vi','th','เวียดนาม'),
(3693,'vi','tr','Vietnamca'),
(3694,'vi','uk','Vietnamese'),
(3695,'vi','ur','Vietnamese'),
(3696,'vi','uz','Vietnamese'),
(3697,'vi','vi','Tiếng Việt'),
(3698,'vi','yi','Vietnamese'),
(3699,'vi','zh-hans','越南语'),
(3700,'vi','zu','Vietnamese'),
(3701,'vi','zh-hant','越南語'),
(3702,'vi','ms','Vietnamese'),
(3703,'vi','gl','Vietnamese'),
(3704,'vi','bn','Vietnamese'),
(3705,'vi','az','Vietnamese'),
(3706,'yi','en','Yiddish'),
(3707,'yi','es','Yidis'),
(3708,'yi','de','Jiddisch'),
(3709,'yi','fr','Yiddish'),
(3710,'yi','ar','اليديشية'),
(3711,'yi','bs','Yiddish'),
(3712,'yi','bg','Идиш'),
(3713,'yi','ca','Yiddish'),
(3714,'yi','cs','Jidiš'),
(3715,'yi','sk','Jidiš'),
(3716,'yi','cy','Yiddish'),
(3717,'yi','da','Yiddish'),
(3718,'yi','el','Γίντις'),
(3719,'yi','eo','Yiddish'),
(3720,'yi','et','Yiddish'),
(3721,'yi','eu','Yiddish'),
(3722,'yi','fa','Yiddish'),
(3723,'yi','fi','Jiddi'),
(3724,'yi','ga','Yiddish'),
(3725,'yi','he','יידיש'),
(3726,'yi','hi','Yiddish'),
(3727,'yi','hr','Jidiš'),
(3728,'yi','hu','Jiddis'),
(3729,'yi','hy','Yiddish'),
(3730,'yi','id','Yiddish'),
(3731,'yi','is','Yiddish'),
(3732,'yi','it','Yiddish'),
(3733,'yi','ja','イディッシュ語'),
(3734,'yi','ko','이디시어'),
(3735,'yi','ku','Yiddish'),
(3736,'yi','lv','Yiddish'),
(3737,'yi','lt','Yiddish'),
(3738,'yi','mk','Yiddish'),
(3739,'yi','mt','Yiddish'),
(3740,'yi','mn','Yiddish'),
(3741,'yi','ne','Yiddish'),
(3742,'yi','nl','Jiddisch'),
(3743,'yi','no','Yiddish'),
(3744,'yi','pa','Yiddish'),
(3745,'yi','pl','Jidysz'),
(3746,'yi','pt-pt','Yiddish'),
(3747,'yi','pt-br','Yiddish'),
(3748,'yi','qu','Yiddish'),
(3749,'yi','ro','Idiş'),
(3750,'yi','ru','Идиш'),
(3751,'yi','sl','Jidiš'),
(3752,'yi','so','Yiddish'),
(3753,'yi','sq','Yiddish'),
(3754,'yi','sr','јидиш'),
(3755,'yi','sv','Jiddisch'),
(3756,'yi','ta','Yiddish'),
(3757,'yi','th','ยิชดิช'),
(3758,'yi','tr','Eski İbranice'),
(3759,'yi','uk','Yiddish'),
(3760,'yi','ur','Yiddish'),
(3761,'yi','uz','Yiddish'),
(3762,'yi','vi','Yiddish'),
(3763,'yi','yi','Yiddish'),
(3764,'yi','zh-hans','依地语'),
(3765,'yi','zu','Yiddish'),
(3766,'yi','zh-hant','依地語'),
(3767,'yi','ms','Yiddish'),
(3768,'yi','gl','Yiddish'),
(3769,'yi','bn','Yiddish'),
(3770,'yi','az','Yiddish'),
(3771,'zh-hans','en','Chinese (Simplified)'),
(3772,'zh-hans','es','Chino simplificado'),
(3773,'zh-hans','de','Vereinfachtes Chinesisch'),
(3774,'zh-hans','fr','Chinois simplifié'),
(3775,'zh-hans','ar','الصينية المبسطة'),
(3776,'zh-hans','bs','Chinese (Simplified)'),
(3777,'zh-hans','bg','Китайски  (опростен)'),
(3778,'zh-hans','ca','Chinese (Simplified)'),
(3779,'zh-hans','cs','Čínština ( Zjednodušený )'),
(3780,'zh-hans','sk','Zjednodušená Čínština'),
(3781,'zh-hans','cy','Chinese (Simplified)'),
(3782,'zh-hans','da','Chinese (Simplified)'),
(3783,'zh-hans','el','Κινεζικά (Απλοποιημένα)'),
(3784,'zh-hans','eo','Chinese (Simplified)'),
(3785,'zh-hans','et','Chinese (Simplified)'),
(3786,'zh-hans','eu','Chinese (Simplified)'),
(3787,'zh-hans','fa','Chinese (Simplified)'),
(3788,'zh-hans','fi','Kiina'),
(3789,'zh-hans','ga','Chinese (Simplified)'),
(3790,'zh-hans','he','סינית'),
(3791,'zh-hans','hi','Chinese (Simplified)'),
(3792,'zh-hans','hr','Kineski (pojednostavljeni)'),
(3793,'zh-hans','hu','Egyszerűsített kínai'),
(3794,'zh-hans','hy','Chinese (Simplified)'),
(3795,'zh-hans','id','Chinese (Simplified)'),
(3796,'zh-hans','is','Chinese (Simplified)'),
(3797,'zh-hans','it','Cinese semplificato'),
(3798,'zh-hans','ja','簡体中国語'),
(3799,'zh-hans','ko','중국어 간체'),
(3800,'zh-hans','ku','Chinese (Simplified)'),
(3801,'zh-hans','lv','Chinese (Simplified)'),
(3802,'zh-hans','lt','Chinese (Simplified)'),
(3803,'zh-hans','mk','Chinese (Simplified)'),
(3804,'zh-hans','mt','Chinese (Simplified)'),
(3805,'zh-hans','mn','Chinese (Simplified)'),
(3806,'zh-hans','ne','Chinese (Simplified)'),
(3807,'zh-hans','nl','Vereenvoudigd Chinees'),
(3808,'zh-hans','no','Kinesisk (forenklet)'),
(3809,'zh-hans','pa','Chinese (Simplified)'),
(3810,'zh-hans','pl','Chiński uproszczony'),
(3811,'zh-hans','pt-pt','Chinês (Simplificado)'),
(3812,'zh-hans','pt-br','Chinês (Simplificado)'),
(3813,'zh-hans','qu','Chinese (Simplified)'),
(3814,'zh-hans','ro','Chineza simplificată'),
(3815,'zh-hans','ru','Китайский (упрощенный)'),
(3816,'zh-hans','sl','Kitajščina (poenostavljena )'),
(3817,'zh-hans','so','Chinese (Simplified)'),
(3818,'zh-hans','sq','Chinese (Simplified)'),
(3819,'zh-hans','sr','Кинески (поједностављени)'),
(3820,'zh-hans','sv','Förenklad kinesiska'),
(3821,'zh-hans','ta','Chinese (Simplified)'),
(3822,'zh-hans','th','จีนประยุกต์'),
(3823,'zh-hans','tr','Modern Çince'),
(3824,'zh-hans','uk','Chinese (Simplified)'),
(3825,'zh-hans','ur','Chinese (Simplified)'),
(3826,'zh-hans','uz','Chinese (Simplified)'),
(3827,'zh-hans','vi','Chinese (Simplified)'),
(3828,'zh-hans','yi','Chinese (Simplified)'),
(3829,'zh-hans','zh-hans','简体中文'),
(3830,'zh-hans','zu','Chinese (Simplified)'),
(3831,'zh-hans','zh-hant','簡體中文'),
(3832,'zh-hans','ms','Chinese (Simplified)'),
(3833,'zh-hans','gl','Chinese (Simplified)'),
(3834,'zh-hans','bn','Chinese (Simplified)'),
(3835,'zh-hans','az','Chinese (Simplified)'),
(3836,'zu','en','Zulu'),
(3837,'zu','es','Zulú'),
(3838,'zu','de','Zulu'),
(3839,'zu','fr','Zoulou'),
(3840,'zu','ar','الزولو'),
(3841,'zu','bs','Zulu'),
(3842,'zu','bg','Зулу'),
(3843,'zu','ca','Zulu'),
(3844,'zu','cs','Zulu'),
(3845,'zu','sk','Jazyk Zulu'),
(3846,'zu','cy','Zulu'),
(3847,'zu','da','Zulu'),
(3848,'zu','el','Ζουλού'),
(3849,'zu','eo','Zulu'),
(3850,'zu','et','Zulu'),
(3851,'zu','eu','Zulu'),
(3852,'zu','fa','Zulu'),
(3853,'zu','fi','Zulu'),
(3854,'zu','ga','Zulu'),
(3855,'zu','he','זולו '),
(3856,'zu','hi','Zulu'),
(3857,'zu','hr','Zulu'),
(3858,'zu','hu','Zulu'),
(3859,'zu','hy','Zulu'),
(3860,'zu','id','Zulu'),
(3861,'zu','is','Zulu'),
(3862,'zu','it','Zulu'),
(3863,'zu','ja','ズールー語'),
(3864,'zu','ko','줄루어'),
(3865,'zu','ku','Zulu'),
(3866,'zu','lv','Zulu'),
(3867,'zu','lt','Zulu'),
(3868,'zu','mk','Zulu'),
(3869,'zu','mt','Zulu'),
(3870,'zu','mn','Zulu'),
(3871,'zu','ne','Zulu'),
(3872,'zu','nl','Zulu'),
(3873,'zu','no','Zulu'),
(3874,'zu','pa','Zulu'),
(3875,'zu','pl','Zuluski'),
(3876,'zu','pt-pt','Zulu'),
(3877,'zu','pt-br','Zulu'),
(3878,'zu','qu','Zulu'),
(3879,'zu','ro','Zulu'),
(3880,'zu','ru','Зулу'),
(3881,'zu','sl','Zulu'),
(3882,'zu','so','Zulu'),
(3883,'zu','sq','Zulu'),
(3884,'zu','sr','зулу'),
(3885,'zu','sv','Zulu'),
(3886,'zu','ta','Zulu'),
(3887,'zu','th','ซูลู'),
(3888,'zu','tr','Zulu dili'),
(3889,'zu','uk','Zulu'),
(3890,'zu','ur','Zulu'),
(3891,'zu','uz','Zulu'),
(3892,'zu','vi','Zulu'),
(3893,'zu','yi','Zulu'),
(3894,'zu','zh-hans','祖鲁语'),
(3895,'zu','zu','Zulu'),
(3896,'zu','zh-hant','祖魯語'),
(3897,'zu','ms','Zulu'),
(3898,'zu','gl','Zulu'),
(3899,'zu','bn','Zulu'),
(3900,'zu','az','Zulu'),
(3901,'zh-hant','en','Chinese (Traditional)'),
(3902,'zh-hant','es','Chino tradicional'),
(3903,'zh-hant','de','Traditionelles Chinesisch'),
(3904,'zh-hant','fr','Chinois traditionnel'),
(3905,'zh-hant','ar','الصينية التقليدية'),
(3906,'zh-hant','bs','Chinese (Traditional)'),
(3907,'zh-hant','bg','Китайски (традиционен)'),
(3908,'zh-hant','ca','Chinese (Traditional)'),
(3909,'zh-hant','cs','Čínština (tradiční )'),
(3910,'zh-hant','sk','Tradičná Čínština'),
(3911,'zh-hant','cy','Chinese (Traditional)'),
(3912,'zh-hant','da','Chinese (Traditional)'),
(3913,'zh-hant','el','Κινεζικά (Παραδοσιακά)'),
(3914,'zh-hant','eo','Chinese (Traditional)'),
(3915,'zh-hant','et','Chinese (Traditional)'),
(3916,'zh-hant','eu','Chinese (Traditional)'),
(3917,'zh-hant','fa','Chinese (Traditional)'),
(3918,'zh-hant','fi','Perinteinen kiina'),
(3919,'zh-hant','ga','Chinese (Traditional)'),
(3920,'zh-hant','he','סינית מסורתית'),
(3921,'zh-hant','hi','Chinese (Traditional)'),
(3922,'zh-hant','hr','Kineski (tradicionalni)'),
(3923,'zh-hant','hu','Hagyományos kínai'),
(3924,'zh-hant','hy','Chinese (Traditional)'),
(3925,'zh-hant','id','Chinese (Traditional)'),
(3926,'zh-hant','is','Chinese (Traditional)'),
(3927,'zh-hant','it','Cinese tradizionale'),
(3928,'zh-hant','ja','繁体中国語'),
(3929,'zh-hant','ko','중국어 번체'),
(3930,'zh-hant','ku','Chinese (Traditional)'),
(3931,'zh-hant','lv','Chinese (Traditional)'),
(3932,'zh-hant','lt','Chinese (Traditional)'),
(3933,'zh-hant','mk','Chinese (Traditional)'),
(3934,'zh-hant','mt','Chinese (Traditional)'),
(3935,'zh-hant','mn','Chinese (Traditional)'),
(3936,'zh-hant','ne','Chinese (Traditional)'),
(3937,'zh-hant','nl','Traditioneel Chinees'),
(3938,'zh-hant','no','Kinesisk (tradisjonell)'),
(3939,'zh-hant','pa','Chinese (Traditional)'),
(3940,'zh-hant','pl','Chiński tradycyjny'),
(3941,'zh-hant','pt-pt','Chinês (Tradicional)'),
(3942,'zh-hant','pt-br','Chinês (Tradicional)'),
(3943,'zh-hant','qu','Chinese (Traditional)'),
(3944,'zh-hant','ro','Chineza tradiţională'),
(3945,'zh-hant','ru','Китайский (традиционный)'),
(3946,'zh-hant','sl','Kitajščina (tradicionalna)'),
(3947,'zh-hant','so','Chinese (Traditional)'),
(3948,'zh-hant','sq','Chinese (Traditional)'),
(3949,'zh-hant','sr','Кинески (традиционални)'),
(3950,'zh-hant','sv','Traditionell kinesiska'),
(3951,'zh-hant','ta','Chinese (Traditional)'),
(3952,'zh-hant','th','จีนดั้งเดิม'),
(3953,'zh-hant','tr','Klasik Çince'),
(3954,'zh-hant','uk','Chinese (Traditional)'),
(3955,'zh-hant','ur','Chinese (Traditional)'),
(3956,'zh-hant','uz','Chinese (Traditional)'),
(3957,'zh-hant','vi','Chinese (Traditional)'),
(3958,'zh-hant','yi','Chinese (Traditional)'),
(3959,'zh-hant','zh-hans','繁体中文'),
(3960,'zh-hant','zu','Chinese (Traditional)'),
(3961,'zh-hant','zh-hant','繁體中文'),
(3962,'zh-hant','ms','Chinese (Traditional)'),
(3963,'zh-hant','gl','Chinese (Traditional)'),
(3964,'zh-hant','bn','Chinese (Traditional)'),
(3965,'zh-hant','az','Chinese (Traditional)'),
(3966,'ms','en','Malay'),
(3967,'ms','es','Malayo'),
(3968,'ms','de','Malaiisch'),
(3969,'ms','fr','Malay'),
(3970,'ms','ar','لغة الملايو'),
(3971,'ms','bs','Malay'),
(3972,'ms','bg','Малайски'),
(3973,'ms','ca','Malay'),
(3974,'ms','cs','Malajský'),
(3975,'ms','sk','Malay'),
(3976,'ms','cy','Malay'),
(3977,'ms','da','Malay'),
(3978,'ms','el','Malay'),
(3979,'ms','eo','Malay'),
(3980,'ms','et','Malay'),
(3981,'ms','eu','Malay'),
(3982,'ms','fa','Malay'),
(3983,'ms','fi','Malay'),
(3984,'ms','ga','Malay'),
(3985,'ms','he','מלאית'),
(3986,'ms','hi','Malay'),
(3987,'ms','hr','Malajski'),
(3988,'ms','hu','Malay'),
(3989,'ms','hy','Malay'),
(3990,'ms','id','Malay'),
(3991,'ms','is','Malay'),
(3992,'ms','it','Malay'),
(3993,'ms','ja','Malay'),
(3994,'ms','ko','Malay'),
(3995,'ms','ku','Malay'),
(3996,'ms','lv','Malay'),
(3997,'ms','lt','Malay'),
(3998,'ms','mk','Malay'),
(3999,'ms','mt','Malay'),
(4000,'ms','mn','Malay'),
(4001,'ms','ne','Malay'),
(4002,'ms','nl','Malay'),
(4003,'ms','no','Malay'),
(4004,'ms','pa','Malay'),
(4005,'ms','pl','Malay'),
(4006,'ms','pt-pt','Malaio'),
(4007,'ms','pt-br','Malaio'),
(4008,'ms','qu','Malay'),
(4009,'ms','ro','Malay'),
(4010,'ms','ru','Малайский'),
(4011,'ms','sl','Malajščina'),
(4012,'ms','so','Malay'),
(4013,'ms','sq','Malay'),
(4014,'ms','sr','малајски'),
(4015,'ms','sv','Malay'),
(4016,'ms','ta','Malay'),
(4017,'ms','th','Malay'),
(4018,'ms','tr','Malay'),
(4019,'ms','uk','Malay'),
(4020,'ms','ur','Malay'),
(4021,'ms','uz','Malay'),
(4022,'ms','vi','Malay'),
(4023,'ms','yi','Malay'),
(4024,'ms','zh-hans','Malay'),
(4025,'ms','zu','Malay'),
(4026,'ms','zh-hant','Malay'),
(4027,'ms','ms','Melayu'),
(4028,'ms','gl','Malay'),
(4029,'ms','bn','Malay'),
(4030,'ms','az','Malay'),
(4031,'gl','en','Galician'),
(4032,'gl','es','Gallego'),
(4033,'gl','de','Galicisch'),
(4034,'gl','fr','Galicien'),
(4035,'gl','ar','Galician'),
(4036,'gl','bs','Galician'),
(4037,'gl','bg','Galician'),
(4038,'gl','ca','Galician'),
(4039,'gl','cs','Galician'),
(4040,'gl','sk','Galician'),
(4041,'gl','cy','Galician'),
(4042,'gl','da','Galician'),
(4043,'gl','el','Galician'),
(4044,'gl','eo','Galician'),
(4045,'gl','et','Galician'),
(4046,'gl','eu','Galician'),
(4047,'gl','fa','Galician'),
(4048,'gl','fi','Galician'),
(4049,'gl','ga','Galician'),
(4050,'gl','he','Galician'),
(4051,'gl','hi','Galician'),
(4052,'gl','hr','Galician'),
(4053,'gl','hu','Galician'),
(4054,'gl','hy','Galician'),
(4055,'gl','id','Galician'),
(4056,'gl','is','Galician'),
(4057,'gl','it','Gallego'),
(4058,'gl','ja','Galician'),
(4059,'gl','ko','Galician'),
(4060,'gl','ku','Galician'),
(4061,'gl','lv','Galician'),
(4062,'gl','lt','Galician'),
(4063,'gl','mk','Galician'),
(4064,'gl','mt','Galician'),
(4065,'gl','mn','Galician'),
(4066,'gl','ne','Galician'),
(4067,'gl','nl','Galician'),
(4068,'gl','no','Galician'),
(4069,'gl','pa','Galician'),
(4070,'gl','pl','Galician'),
(4071,'gl','pt-pt','Galego'),
(4072,'gl','pt-br','Galego'),
(4073,'gl','qu','Galician'),
(4074,'gl','ro','Galician'),
(4075,'gl','ru','Галисийский'),
(4076,'gl','sl','Galician'),
(4077,'gl','so','Galician'),
(4078,'gl','sq','Galician'),
(4079,'gl','sr','Galician'),
(4080,'gl','sv','Galician'),
(4081,'gl','ta','Galician'),
(4082,'gl','th','Galician'),
(4083,'gl','tr','Galician'),
(4084,'gl','uk','Galician'),
(4085,'gl','ur','Galician'),
(4086,'gl','uz','Galician'),
(4087,'gl','vi','Galician'),
(4088,'gl','yi','Galician'),
(4089,'gl','zh-hans','Galician'),
(4090,'gl','zu','Galician'),
(4091,'gl','zh-hant','Galician'),
(4092,'gl','ms','Galician'),
(4093,'gl','gl','Galego'),
(4094,'gl','bn','Galician'),
(4095,'gl','az','Galician'),
(4096,'bn','en','Bengali'),
(4097,'bn','es','Bengalí'),
(4098,'bn','de','Bengalisch'),
(4099,'bn','fr','Bengali'),
(4100,'bn','ar','Bengali'),
(4101,'bn','bs','Bengali'),
(4102,'bn','bg','Bengali'),
(4103,'bn','ca','Bengali'),
(4104,'bn','cs','Bengali'),
(4105,'bn','sk','Bengali'),
(4106,'bn','cy','Bengali'),
(4107,'bn','da','Bengali'),
(4108,'bn','el','Bengali'),
(4109,'bn','eo','Bengali'),
(4110,'bn','et','Bengali'),
(4111,'bn','eu','Bengali'),
(4112,'bn','fa','Bengali'),
(4113,'bn','fi','Bengali'),
(4114,'bn','ga','Bengali'),
(4115,'bn','he','Bengali'),
(4116,'bn','hi','Bengali'),
(4117,'bn','hr','Bengali'),
(4118,'bn','hu','Bengali'),
(4119,'bn','hy','Bengali'),
(4120,'bn','id','Bengali'),
(4121,'bn','is','Bengali'),
(4122,'bn','it','Bengalese'),
(4123,'bn','ja','Bengali'),
(4124,'bn','ko','Bengali'),
(4125,'bn','ku','Bengali'),
(4126,'bn','lv','Bengali'),
(4127,'bn','lt','Bengali'),
(4128,'bn','mk','Bengali'),
(4129,'bn','mt','Bengali'),
(4130,'bn','mn','Bengali'),
(4131,'bn','ne','Bengali'),
(4132,'bn','nl','Bengali'),
(4133,'bn','no','Bengali'),
(4134,'bn','pa','Bengali'),
(4135,'bn','pl','Bengali'),
(4136,'bn','pt-pt','Bengalês'),
(4137,'bn','pt-br','Bengalês'),
(4138,'bn','qu','Bengali'),
(4139,'bn','ro','Bengali'),
(4140,'bn','ru','Бенгальский'),
(4141,'bn','sl','Bengali'),
(4142,'bn','so','Bengali'),
(4143,'bn','sq','Bengali'),
(4144,'bn','sr','Bengali'),
(4145,'bn','sv','Bengali'),
(4146,'bn','ta','Bengali'),
(4147,'bn','th','Bengali'),
(4148,'bn','tr','Bengali'),
(4149,'bn','uk','Bengali'),
(4150,'bn','ur','Bengali'),
(4151,'bn','uz','Bengali'),
(4152,'bn','vi','Bengali'),
(4153,'bn','yi','Bengali'),
(4154,'bn','zh-hans','Bengali'),
(4155,'bn','zu','Bengali'),
(4156,'bn','zh-hant','Bengali'),
(4157,'bn','ms','Bengali'),
(4158,'bn','gl','Bengali'),
(4159,'bn','bn','বাংলাদেশ'),
(4160,'bn','az','Bengali'),
(4161,'az','en','Azerbaijani'),
(4162,'az','es','Azerí'),
(4163,'az','de','Aserbeidschanisch'),
(4164,'az','fr','Azéri'),
(4165,'az','ar','الأذربيجانية'),
(4166,'az','bs','Azerbaijani'),
(4167,'az','bg','Azerbaijani'),
(4168,'az','ca','Azerbaijani'),
(4169,'az','cs','Azerbaijani'),
(4170,'az','sk','Azerbaijani'),
(4171,'az','cy','Azerbaijani'),
(4172,'az','da','Azerbaijani'),
(4173,'az','el','Azerbaijani'),
(4174,'az','eo','Azerbaijani'),
(4175,'az','et','Azerbaijani'),
(4176,'az','eu','Azerbaijani'),
(4177,'az','fa','Azerbaijani'),
(4178,'az','fi','Azerbaijani'),
(4179,'az','ga','Azerbaijani'),
(4180,'az','he','אזרביג\'נית'),
(4181,'az','hi','Azerbaijani'),
(4182,'az','hr','Azerbaijani'),
(4183,'az','hu','Azerbaijani'),
(4184,'az','hy','Azerbaijani'),
(4185,'az','id','Azerbaijani'),
(4186,'az','is','Azerbaijani'),
(4187,'az','it','Azerbaigiano'),
(4188,'az','ja','アゼルバイジャン語'),
(4189,'az','ko','Azerbaijani'),
(4190,'az','ku','Azerbaijani'),
(4191,'az','lv','Azerbaijani'),
(4192,'az','lt','Azerbaijani'),
(4193,'az','mk','Azerbaijani'),
(4194,'az','mt','Azerbaijani'),
(4195,'az','mn','Azerbaijani'),
(4196,'az','ne','Azerbaijani'),
(4197,'az','nl','Azerbaijani'),
(4198,'az','no','Azerbaijani'),
(4199,'az','pa','Azerbaijani'),
(4200,'az','pl','Azerski'),
(4201,'az','pt-pt','Azerbaijano'),
(4202,'az','pt-br','Azerbaijano'),
(4203,'az','qu','Azerbaijani'),
(4204,'az','ro','Azerbaijani'),
(4205,'az','ru','Азербайджанский'),
(4206,'az','sl','Azerbaijani'),
(4207,'az','so','Azerbaijani'),
(4208,'az','sq','Azerbaijani'),
(4209,'az','sr','Azerbaijani'),
(4210,'az','sv','Azerbaijani'),
(4211,'az','ta','Azerbaijani'),
(4212,'az','th','Azerbaijani'),
(4213,'az','tr','Azerbaijani'),
(4214,'az','uk','Azerbaijani'),
(4215,'az','ur','Azerbaijani'),
(4216,'az','uz','Azerbaijani'),
(4217,'az','vi','Azerbaijani'),
(4218,'az','yi','Azerbaijani'),
(4219,'az','zh-hans','阿塞拜疆语'),
(4220,'az','zu','Azerbaijani'),
(4221,'az','zh-hant','Azerbaijani'),
(4222,'az','ms','Azerbaijani'),
(4223,'az','gl','Azerbaijani'),
(4224,'az','bn','Azerbaijani'),
(4225,'az','az','Azərbaycan');

--
-- Table structure for table `wp7s_icl_locale_map`
--

CREATE TABLE `wp7s_icl_locale_map` (
  `code` varchar(7) NOT NULL,
  `locale` varchar(35) NOT NULL,
  PRIMARY KEY (`code`,`locale`)
) ENGINE=InnoDB DEFAULT CHARSET=utf8mb4 COLLATE=utf8mb4_unicode_520_ci;

--
-- Dumping data for table `wp7s_icl_locale_map`
--

INSERT INTO `wp7s_icl_locale_map` (`code`, `locale`) VALUES ('ar','ar'),
('en','en_US');

--
-- Table structure for table `wp7s_icl_message_status`
--

CREATE TABLE `wp7s_icl_message_status` (
  `id` bigint(20) unsigned NOT NULL AUTO_INCREMENT,
  `rid` bigint(20) unsigned NOT NULL,
  `object_id` bigint(20) unsigned NOT NULL,
  `from_language` varchar(10) NOT NULL,
  `to_language` varchar(10) NOT NULL,
  `timestamp` timestamp NOT NULL DEFAULT current_timestamp(),
  `md5` varchar(32) NOT NULL,
  `object_type` varchar(64) NOT NULL,
  `status` smallint(6) NOT NULL,
  PRIMARY KEY (`id`),
  UNIQUE KEY `rid` (`rid`),
  KEY `object_id` (`object_id`)
) ENGINE=InnoDB DEFAULT CHARSET=utf8mb4 COLLATE=utf8mb4_unicode_520_ci;

--
-- Dumping data for table `wp7s_icl_message_status`
--


--
-- Table structure for table `wp7s_icl_mo_files_domains`
--

CREATE TABLE `wp7s_icl_mo_files_domains` (
  `id` int(11) NOT NULL AUTO_INCREMENT,
  `file_path` varchar(250) NOT NULL,
  `file_path_md5` varchar(32) NOT NULL,
  `domain` varchar(160) NOT NULL,
  `status` varchar(20) NOT NULL DEFAULT 'not_imported',
  `num_of_strings` int(11) NOT NULL DEFAULT 0,
  `last_modified` int(11) NOT NULL,
  `component_type` enum('plugin','theme','other') NOT NULL DEFAULT 'other',
  `component_id` varchar(100) DEFAULT NULL,
  PRIMARY KEY (`id`),
  UNIQUE KEY `file_path_md5_UNIQUE` (`file_path_md5`)
) ENGINE=InnoDB AUTO_INCREMENT=14 DEFAULT CHARSET=utf8mb4 COLLATE=utf8mb4_unicode_520_ci;

--
-- Dumping data for table `wp7s_icl_mo_files_domains`
--

INSERT INTO `wp7s_icl_mo_files_domains` (`id`, `file_path`, `file_path_md5`, `domain`, `status`, `num_of_strings`, `last_modified`, `component_type`, `component_id`) VALUES (1,'wp-content/languages/ar.mo','3251dc671a31b3095630eb4f870aca28','default','not_imported',0,1745235531,'other',''),
(2,'wp-content/plugins/sitepress-multilingual-cms/locale/sitepress-ar.mo','e31bce056d0b1e813c9092865d2f5eb3','sitepress','not_imported',0,1747307345,'plugin','sitepress-multilingual-cms/sitepress.php'),
(3,'wp-content/plugins/sitepress-multilingual-cms/locale/wpml-translation-management-ar.mo','c7b88e8561418b298fb021ed8b2657aa','wpml-translation-management','not_imported',0,1747307345,'plugin','sitepress-multilingual-cms/sitepress.php'),
(4,'wp-content/languages/admin-ar.mo','8561c993122e01db02cf002d0dd10971','default','not_imported',0,1745235531,'other',''),
(5,'wp-content/plugins/wpml-string-translation/locale/wpml-string-translation-ar.mo','003a21002e87e359bc83aa0a589622b4','wpml-string-translation','not_imported',0,1747307472,'plugin','wpml-string-translation/plugin.php'),
(6,'wp-content/plugins/sitepress-multilingual-cms/locale/jed/sitepress-ar-wpml-ate-jobs-sync-ui.json','eb276659dd253802dccdcdac0fdcefe8','sitepress-wpml-ate-jobs-sync-ui','not_imported',0,1747307345,'plugin','sitepress-multilingual-cms/sitepress.php'),
(7,'wp-content/languages/ar-9c3519f4870fac83dc0dbf18cb6bd4c4.json','692ee6e52debaa2c01d8fac8277637b5','default-wp-color-picker','not_imported',0,1745235531,'other',''),
(8,'wp-content/languages/ar-320f4ad9792aaa6dedb1e71cbdf85d57.json','5c7a63ee8bf89612065010e151c1140b','default-wp-a11y','not_imported',0,1745235531,'other',''),
(9,'wp-content/languages/ar-77fdfadaf2e1ca3a027d1956b910bc50.json','e93a9de15fee8281fa72706d9c872b6d','default-common','not_imported',0,1745235531,'other',''),
(10,'wp-content/languages/ar-93882e8f9976382d7f724ac595ed7151.json','2485245dd2d4afe9455b645360639d1c','default-wp-auth-check','not_imported',0,1745235531,'other',''),
(11,'wp-content/languages/ar-81c889563f09dd13de1701135dc62941.json','b00e8934bcffcd4cc5503e81e00a96d6','default-media-views','not_imported',0,1745235531,'other',''),
(12,'wp-content/languages/ar-f575f481034e90e21d832e415fd95fcf.json','5db81b8b4a9d4d68d9f4110434a87710','default-media-editor','not_imported',0,1745235531,'other',''),
(13,'wp-content/languages/ar-1d17475f620f63a92e2c5d2681c51ee8.json','724c879afcb8f7ea1838858fd144fa72','default-image-edit','not_imported',0,1745235531,'other','');

--
-- Table structure for table `wp7s_icl_node`
--

CREATE TABLE `wp7s_icl_node` (
  `nid` bigint(20) NOT NULL,
  `md5` varchar(32) NOT NULL,
  `links_fixed` tinyint(4) NOT NULL DEFAULT 0,
  PRIMARY KEY (`nid`)
) ENGINE=InnoDB DEFAULT CHARSET=utf8mb4 COLLATE=utf8mb4_unicode_520_ci;

--
-- Dumping data for table `wp7s_icl_node`
--


--
-- Table structure for table `wp7s_icl_reminders`
--

CREATE TABLE `wp7s_icl_reminders` (
  `id` bigint(20) NOT NULL,
  `message` text NOT NULL,
  `url` text NOT NULL,
  `can_delete` tinyint(4) NOT NULL,
  `show` tinyint(4) NOT NULL,
  PRIMARY KEY (`id`)
) ENGINE=InnoDB DEFAULT CHARSET=utf8mb4 COLLATE=utf8mb4_unicode_520_ci;

--
-- Dumping data for table `wp7s_icl_reminders`
--


--
-- Table structure for table `wp7s_icl_string_batches`
--

CREATE TABLE `wp7s_icl_string_batches` (
  `id` bigint(20) unsigned NOT NULL AUTO_INCREMENT,
  `string_id` bigint(20) unsigned NOT NULL,
  `batch_id` bigint(20) unsigned NOT NULL,
  PRIMARY KEY (`id`)
) ENGINE=InnoDB DEFAULT CHARSET=utf8mb4 COLLATE=utf8mb4_unicode_520_ci;

--
-- Dumping data for table `wp7s_icl_string_batches`
--


--
-- Table structure for table `wp7s_icl_string_packages`
--

CREATE TABLE `wp7s_icl_string_packages` (
  `ID` bigint(20) unsigned NOT NULL AUTO_INCREMENT,
  `kind_slug` varchar(160) NOT NULL,
  `kind` varchar(160) NOT NULL,
  `name` varchar(160) NOT NULL,
  `title` varchar(160) NOT NULL,
  `edit_link` text NOT NULL,
  `view_link` text NOT NULL,
  `post_id` int(11) DEFAULT NULL,
  `word_count` varchar(2000) DEFAULT NULL,
  PRIMARY KEY (`ID`)
) ENGINE=InnoDB AUTO_INCREMENT=16 DEFAULT CHARSET=utf8mb4 COLLATE=utf8mb4_unicode_520_ci;

--
-- Dumping data for table `wp7s_icl_string_packages`
--

INSERT INTO `wp7s_icl_string_packages` (`ID`, `kind_slug`, `kind`, `name`, `title`, `edit_link`, `view_link`, `post_id`, `word_count`) VALUES (1,'elementor','Elementor','698','Page Builder Page 698','','',698,'{\"total\":13,\"to_translate\":{\"en\":13}}'),
(2,'elementor','Elementor','268','Page Builder Page 268','','',268,'{\"total\":61,\"to_translate\":{\"en\":0}}'),
(3,'elementor','Elementor','259','Page Builder Page 259','','',259,'{\"total\":79,\"to_translate\":{\"en\":0}}'),
(4,'elementor','Elementor','244','Page Builder Page 244','','',244,'{\"total\":115,\"to_translate\":{\"en\":0}}'),
(5,'elementor','Elementor','23','Page Builder Page 23','','',23,'{\"total\":4,\"to_translate\":{\"en\":0}}'),
(6,'elementor','Elementor','21','Page Builder Page 21','','',21,'{\"total\":111,\"to_translate\":{\"en\":0}}'),
(7,'elementor','Elementor','19','Page Builder Page 19','','',19,'{\"total\":98,\"to_translate\":{\"en\":0}}'),
(8,'elementor','Elementor','17','Page Builder Page 17','','',17,'{\"total\":174,\"to_translate\":{\"en\":0}}'),
(9,'elementor','Elementor','15','Page Builder Page 15','','',15,'{\"total\":105,\"to_translate\":{\"en\":0}}'),
(10,'elementor','Elementor','13','Page Builder Page 13','','',13,'{\"total\":307,\"to_translate\":{\"en\":0}}'),
(11,'elementor','Elementor','10','Page Builder Page 10','','',10,'{\"total\":300,\"to_translate\":{\"en\":2}}'),
(12,'elementor','Elementor','73','Page Builder Page 73','','',73,'{\"total\":47,\"to_translate\":{\"en\":0}}'),
(13,'elementor','Elementor','59','Page Builder Page 59','','',59,'{\"total\":2,\"to_translate\":{\"en\":0}}'),
(14,'elementor','Elementor','369','Page Builder Page 369','','',369,'{\"total\":11,\"to_translate\":{\"en\":11}}'),
(15,'gutenberg','Gutenberg','368','Page Builder Page 368','','',368,'{\"total\":99,\"to_translate\":{\"en\":99}}');

--
-- Table structure for table `wp7s_icl_string_positions`
--

CREATE TABLE `wp7s_icl_string_positions` (
  `id` bigint(20) unsigned NOT NULL AUTO_INCREMENT,
  `string_id` bigint(20) NOT NULL,
  `kind` tinyint(4) DEFAULT NULL,
  `position_in_page` varchar(255) NOT NULL,
  PRIMARY KEY (`id`),
  KEY `string_id` (`string_id`)
) ENGINE=InnoDB DEFAULT CHARSET=utf8mb4 COLLATE=utf8mb4_unicode_520_ci;

--
-- Dumping data for table `wp7s_icl_string_positions`
--


--
-- Table structure for table `wp7s_icl_string_status`
--

CREATE TABLE `wp7s_icl_string_status` (
  `id` bigint(20) unsigned NOT NULL AUTO_INCREMENT,
  `rid` bigint(20) NOT NULL,
  `string_translation_id` bigint(20) NOT NULL,
  `timestamp` timestamp NOT NULL DEFAULT current_timestamp(),
  `md5` varchar(32) NOT NULL,
  PRIMARY KEY (`id`),
  KEY `string_translation_id` (`string_translation_id`)
) ENGINE=InnoDB DEFAULT CHARSET=utf8mb4 COLLATE=utf8mb4_unicode_520_ci;

--
-- Dumping data for table `wp7s_icl_string_status`
--


--
-- Table structure for table `wp7s_icl_string_translations`
--

CREATE TABLE `wp7s_icl_string_translations` (
  `id` bigint(20) unsigned NOT NULL AUTO_INCREMENT,
  `string_id` bigint(20) unsigned NOT NULL,
  `language` varchar(10) NOT NULL,
  `status` tinyint(4) NOT NULL,
  `value` longtext DEFAULT NULL,
  `mo_string` longtext DEFAULT NULL,
  `translator_id` bigint(20) unsigned DEFAULT NULL,
  `translation_service` varchar(16) NOT NULL DEFAULT '',
  `batch_id` int(11) NOT NULL DEFAULT 0,
  `translation_date` timestamp NOT NULL DEFAULT current_timestamp(),
  PRIMARY KEY (`id`),
  UNIQUE KEY `string_language` (`string_id`,`language`),
  KEY `status` (`status`)
) ENGINE=InnoDB AUTO_INCREMENT=189 DEFAULT CHARSET=utf8mb4 COLLATE=utf8mb4_unicode_520_ci;

--
-- Dumping data for table `wp7s_icl_string_translations`
--

INSERT INTO `wp7s_icl_string_translations` (`id`, `string_id`, `language`, `status`, `value`, `mo_string`, `translator_id`, `translation_service`, `batch_id`, `translation_date`) VALUES (1,53,'en',10,'https://www.tahcontracting.com/en/contact-us/',NULL,NULL,'',0,'2025-05-15 11:52:43'),
(2,55,'en',10,'https://www.tahcontracting.com/en/our-services/',NULL,NULL,'',0,'2025-05-15 11:52:43'),
(3,60,'en',10,'https://www.tahcontracting.com/en/contact-us/',NULL,NULL,'',0,'2025-05-15 11:39:51'),
(4,62,'en',10,'https://www.tahcontracting.com/en/about-us/',NULL,NULL,'',0,'2025-05-15 11:39:51'),
(5,70,'en',10,'https://www.tahcontracting.com/en/contact-us/',NULL,NULL,'',0,'2025-05-15 11:39:51'),
(6,72,'en',10,'https://www.tahcontracting.com/en/our-services/',NULL,NULL,'',0,'2025-05-15 11:39:51'),
(7,77,'en',10,'https://www.tahcontracting.com/en/contact-us/',NULL,NULL,'',0,'2025-05-16 18:58:02'),
(8,79,'en',10,'https://www.tahcontracting.com/en/about-us/',NULL,NULL,'',0,'2025-05-16 18:58:02'),
(9,91,'en',10,'https://www.tahcontracting.com/en/contact-us/',NULL,NULL,'',0,'2025-05-16 18:58:02'),
(10,93,'en',10,'https://www.tahcontracting.com/en/our-services/',NULL,NULL,'',0,'2025-05-16 18:58:02'),
(11,98,'en',10,'https://www.tahcontracting.com/en/contact-us/',NULL,NULL,'',0,'2025-05-15 11:56:34'),
(12,100,'en',10,'https://www.tahcontracting.com/en/about-us/',NULL,NULL,'',0,'2025-05-15 11:56:34'),
(13,108,'en',10,'https://www.tahcontracting.com/en/contact-us/',NULL,NULL,'',0,'2025-05-15 11:56:34'),
(14,110,'en',10,'https://www.tahcontracting.com/en/our-projects/',NULL,NULL,'',0,'2025-05-15 11:56:34'),
(15,115,'en',10,'https://www.tahcontracting.com/en/contact-us/',NULL,NULL,'',0,'2025-05-16 19:12:41'),
(16,144,'en',10,'https://www.tahcontracting.com/en/contact-us/',NULL,NULL,'',0,'2025-05-16 19:12:41'),
(17,146,'en',10,'https://www.tahcontracting.com/en/our-services/',NULL,NULL,'',0,'2025-05-16 19:12:41'),
(18,151,'en',10,'https://www.tahcontracting.com/en/contact-us/',NULL,NULL,'',0,'2025-05-16 18:52:26'),
(19,153,'en',10,'https://www.tahcontracting.com/en/about-us/',NULL,NULL,'',0,'2025-05-16 18:52:26'),
(20,176,'en',10,'https://www.tahcontracting.com/en/contact-us/',NULL,NULL,'',0,'2025-05-16 18:52:27'),
(21,23,'en',10,'Our company mission',NULL,1,'local',0,'2025-05-15 11:17:15'),
(22,24,'en',10,'<p>At the heart of everything we do is our mission to deliver exceptional value to our clients through innovative solutions, superior craftsmanship, and timely execution. Our multidisciplinary team of engineers, project managers, and skilled craftsmen work together to realize ambitious ideas while ensuring the highest standards of safety, sustainability, and efficiency. Consistently delivering high-quality products at competitive prices while maintaining operational efficiency and exceptional customer service.</p>',NULL,1,'local',0,'2025-05-15 11:17:15'),
(23,25,'en',10,' Takatuf Al-Himm Contracting',NULL,1,'local',0,'2025-05-15 11:19:24'),
(24,26,'en',10,'-- Our vision --',NULL,1,'local',0,'2025-05-15 11:19:24'),
(25,27,'en',10,'<p>We are committed to industry leadership by setting new standards for quality, sustainability and innovation. We are also committed to shaping the future with projects that not only meet today\'s needs, It also represents a legacy for future generations. We aim to be the preferred partner, known for integrity, reliability and excellence in every project we work on.</p>',NULL,1,'local',0,'2025-05-15 11:19:24'),
(26,28,'en',10,'Our value is to create hard work and professional talent.',NULL,1,'local',0,'2025-05-15 11:19:24'),
(27,29,'en',10,'We always try to give more value and innovation to the business.',NULL,1,'local',0,'2025-05-15 11:19:24'),
(28,30,'en',10,'We are a full-service contracting facility committed to turning visions into reality.',NULL,1,'local',0,'2025-05-15 11:19:24'),
(29,31,'en',10,'Our experience is comprehensive in all areas of construction and infrastructure.',NULL,1,'local',0,'2025-05-15 11:19:24'),
(30,32,'en',10,'Speech of the General Manager',NULL,1,'local',0,'2025-05-15 11:23:36'),
(31,33,'en',10,'<p>As a family business, We invest deeply in and are committed to our employees. Without their talent, cooperation and drive, Our building will not be the best. Our present and future excellence depends on attracting and retaining the best and brightest talent available. By providing training and career development, and an innovative work environment, and rewarding culture, We ensure that our organization is strong and ready to serve our partners and clients to the fullest.</p><p>Our strength comes from our solid experience in this field, And our deep community roots, Our close relationships with clients, partners and key stakeholders. We are committed to excellence from the beginning of every engagement. Our reputation is based on delivering value, and superior teamwork, and creative solutions, And the innovative spark, And firm commitment. Our lasting contributions are reflected in our physical assets as well as in the trust of our customers. We believe in quality and will never compromise under any circumstances.</p>',NULL,1,'local',0,'2025-05-15 11:23:36'),
(32,56,'en',10,' Takatuf Al-Himm Contracting',NULL,1,'local',0,'2025-05-15 11:39:51'),
(33,57,'en',10,'Our business and projects',NULL,1,'local',0,'2025-05-15 11:39:51'),
(34,58,'en',10,'<p>At Takatuf Al Hemmam, we pride ourselves on a proven track record of projects that reflect our commitment to quality and innovation. From idea to implementation.</p>',NULL,1,'local',0,'2025-05-15 11:39:51'),
(35,59,'en',10,'Start Project',NULL,1,'local',0,'2025-05-15 11:39:51'),
(36,61,'en',10,'Why us?',NULL,1,'local',0,'2025-05-15 11:39:51'),
(37,63,'en',10,'Takatuf Al-Himm Contracting Works ',NULL,1,'local',0,'2025-05-15 11:39:51'),
(38,64,'en',10,'<p>We work passionately to achieve results that exceed expectations and make a real difference for our clients. Browse examples of our work to discover how we turn visions into reality.</p>',NULL,1,'local',0,'2025-05-15 11:39:51'),
(39,65,'en',10,'There are no previous works currently.',NULL,1,'local',0,'2025-05-15 11:39:51'),
(40,66,'en',10,' Takatuf Al-Himm Contracting',NULL,1,'local',0,'2025-05-15 11:39:51'),
(41,67,'en',10,'Start your unique project now',NULL,1,'local',0,'2025-05-15 11:39:51'),
(42,68,'en',10,'<p>Our customers are at the heart of everything we do. Their satisfaction is our main goal. We believe that building strong, sustainable relationships with our clients starts with truly listening to their needs, And understand their aspirations, And work hard to exceed their expectations.</p>',NULL,1,'local',0,'2025-05-15 11:39:51'),
(43,69,'en',10,'Start Project',NULL,1,'local',0,'2025-05-15 11:39:51'),
(44,71,'en',10,'Our services',NULL,1,'local',0,'2025-05-15 11:39:51'),
(45,147,'en',10,' Takatuf Al-Himm Contracting',NULL,1,'local',0,'2025-05-16 18:52:26'),
(46,148,'en',10,'Building the Future\nRebuilding the Past',NULL,1,'local',0,'2025-05-16 18:52:26'),
(47,149,'en',10,'<p>Takatuf Al-Himm Contracting is a dynamic and forward-thinking contracting facility committed to providing high-quality services in the contracting field. </p>',NULL,1,'local',0,'2025-05-16 18:52:26'),
(48,150,'en',10,'Start project',NULL,1,'local',0,'2025-05-16 18:52:26'),
(49,152,'en',10,'About our company',NULL,1,'local',0,'2025-05-16 18:52:26'),
(50,154,'en',10,'-- Who are we--',NULL,1,'local',0,'2025-05-16 18:52:26'),
(51,155,'en',10,'<p>The facility was established according to unique standards and deep expertise inspired by its vision in the field of construction. We provide our services with the highest levels of quality and craftsmanship. Therefore, we have been committed to continuous development to enhance our systems, policies, and strategic plans, through which we effectively contribute to enriching our community and gaining the trust of our clients by applying the principles of unification: credibility, professionalism, and commitment. </p>',NULL,1,'local',0,'2025-05-16 18:52:26'),
(52,157,'en',10,'#تقييمات',NULL,1,'local',0,'2025-05-16 18:52:26'),
(53,158,'en',10,'850+',NULL,1,'local',0,'2025-05-16 18:52:26'),
(54,159,'en',10,'#Successful project',NULL,1,'local',0,'2025-05-16 18:52:26'),
(55,160,'en',10,'3+',NULL,1,'local',0,'2025-05-16 18:52:26'),
(56,161,'en',10,'#Years of work',NULL,1,'local',0,'2025-05-16 18:52:26'),
(57,162,'en',10,' Takatuf Al-Himm Contracting',NULL,1,'local',0,'2025-05-16 18:52:26'),
(58,163,'en',10,'-- Our message --',NULL,1,'local',0,'2025-05-16 18:52:26'),
(59,164,'en',10,'<p>At the heart of everything we do is our mission to deliver exceptional value to our customers through innovative solutions, superior craftsmanship, and timely delivery. Our multidisciplinary team of engineers, project managers, and skilled craftsmen work collaboratively to realize ambitious ideas while ensuring the highest standards of safety, sustainability, and efficiency. We consistently deliver high-quality products at competitive prices while maintaining operational efficiency and exceptional customer service.  </p>',NULL,1,'local',0,'2025-05-16 18:52:26'),
(60,165,'en',10,' Takatuf Al-Himm Contracting',NULL,1,'local',0,'2025-05-16 18:52:26'),
(61,166,'en',10,'-- Our vision --',NULL,1,'local',0,'2025-05-16 18:52:26'),
(62,167,'en',10,'<p>We are committed to leading the industry by setting new standards for quality, sustainability, and innovation. We are also committed to shaping the future with projects that not only meet today\'s needs but also represent a legacy for future generations. We aim to be the preferred partner, renowned for integrity, reliability, and excellence in every project we undertake.   </p>',NULL,1,'local',0,'2025-05-16 18:52:26'),
(63,168,'en',10,'Our value is to create hard work and professional talent.',NULL,1,'local',0,'2025-05-16 18:52:26'),
(64,169,'en',10,'We always try to give more value and innovation to the business.',NULL,1,'local',0,'2025-05-16 18:52:26'),
(65,170,'en',10,'We are a full-service contracting facility committed to turning visions into reality.',NULL,1,'local',0,'2025-05-16 18:52:26'),
(66,171,'en',10,'Our experience is comprehensive in all areas of construction and infrastructure.',NULL,1,'local',0,'2025-05-16 18:52:26'),
(67,172,'en',10,' Takatuf Al-Himm Contracting',NULL,1,'local',0,'2025-05-16 18:52:26'),
(68,173,'en',10,'Sustainability',NULL,1,'local',0,'2025-05-16 18:52:26'),
(69,174,'en',10,'<p>We believe in building responsibly. From using sustainable materials to incorporating green building practices, we are committed to reducing our impact on the environment. At Takatuf Al Hemm Contracting, innovation goes hand in hand with sustainability, as we constantly explore new technologies and methodologies to improve efficiency, enhance safety, and reduce costs.    </p>',NULL,1,'local',0,'2025-05-16 18:52:26'),
(70,175,'en',10,'Start project',NULL,1,'local',0,'2025-05-16 18:52:26'),
(71,177,'en',10,'Profile',NULL,1,'local',0,'2025-05-16 18:52:26'),
(72,178,'en',10,'https://www.tahcontracting.com/wp-content/uploads/2025/05/الملف-التعريفي-لمؤسسة-تكاتف-الهمم.pdf',NULL,1,'local',0,'2025-05-16 18:52:26'),
(73,179,'en',10,'#',NULL,1,'local',0,'2025-05-16 18:52:26'),
(74,180,'en',10,'#',NULL,1,'local',0,'2025-05-16 18:52:26'),
(75,181,'en',10,'#',NULL,1,'local',0,'2025-05-16 18:52:26'),
(76,182,'en',10,'#',NULL,1,'local',0,'2025-05-16 18:52:26'),
(77,183,'en',10,'#',NULL,1,'local',0,'2025-05-16 18:52:26'),
(78,184,'en',10,'#',NULL,1,'local',0,'2025-05-16 18:52:26'),
(79,185,'en',10,'#',NULL,1,'local',0,'2025-05-16 18:52:26'),
(80,186,'en',10,'#',NULL,1,'local',0,'2025-05-16 18:52:26'),
(81,187,'en',10,'#',NULL,1,'local',0,'2025-05-16 18:52:26'),
(82,188,'en',10,'#',NULL,1,'local',0,'2025-05-16 18:52:26'),
(83,189,'en',10,'#',NULL,1,'local',0,'2025-05-16 18:52:26'),
(84,190,'en',10,'#',NULL,1,'local',0,'2025-05-16 18:52:26'),
(85,35,'en',10,' Takatuf Al-Himm Contracting',NULL,1,'local',0,'2025-05-15 11:52:42'),
(86,36,'en',10,'Contact us',NULL,1,'local',0,'2025-05-15 11:52:42'),
(87,37,'en',10,'<p>We are here for you! Whether you have a question, an idea, or a desire to cooperate, We look forward to hearing from you and connecting with you. Our team is ready to answer all your inquiries and provide the support you need as quickly as possible.</p>',NULL,1,'local',0,'2025-05-15 11:52:42'),
(88,38,'en',10,'Contact us',NULL,1,'local',0,'2025-05-15 11:52:42'),
(89,39,'en',10,'<p>We are always happy to hear from you! Contact us for any inquiries or requests. We will be more than happy to serve you.</p>',NULL,1,'local',0,'2025-05-15 11:52:42'),
(90,40,'en',10,'info@tahcontracting.com',NULL,1,'local',0,'2025-05-15 11:52:42'),
(91,41,'en',10,'mailto:info@tahcontracting.com',NULL,1,'local',0,'2025-05-15 11:52:42'),
(92,42,'en',10,'966592918673‬+',NULL,1,'local',0,'2025-05-15 11:52:42'),
(93,43,'en',10,'tel:+966592918673‬',NULL,1,'local',0,'2025-05-15 11:52:42'),
(94,44,'en',10,'www.tahcontracting.com',NULL,1,'local',0,'2025-05-15 11:52:42'),
(95,46,'en',10,'Kingdom of Saudi Arabia',NULL,1,'local',0,'2025-05-15 11:52:42'),
(96,47,'en',10,'Send your message to us now!',NULL,1,'local',0,'2025-05-15 11:52:42'),
(97,48,'en',10,'divider',NULL,1,'local',0,'2025-05-15 11:52:42'),
(98,49,'en',10,' Takatuf Al-Himm Contracting',NULL,1,'local',0,'2025-05-15 11:52:42'),
(99,50,'en',10,'Start your unique project now',NULL,1,'local',0,'2025-05-15 11:52:42'),
(100,51,'en',10,'<p>Our customers are at the heart of everything we do. Their satisfaction is our main goal. We believe that building strong, sustainable relationships with our clients starts with truly listening to their needs, And understand their aspirations, And work hard to exceed their expectations.</p>',NULL,1,'local',0,'2025-05-15 11:52:43'),
(101,52,'en',10,'Start project',NULL,1,'local',0,'2025-05-15 11:52:43'),
(102,54,'en',10,'Our services',NULL,1,'local',0,'2025-05-15 11:52:43'),
(103,94,'en',10,' Takatuf Al-Himm Contracting',NULL,1,'local',0,'2025-05-15 11:56:33'),
(104,95,'en',10,'Building the Future\nRebuilding the Past',NULL,1,'local',0,'2025-05-15 11:56:33'),
(105,96,'en',10,'<p>Takatuf Al-Himm Contracting is a dynamic and forward-thinking contracting facility. Committed to providing high quality services in the contracting field</p>',NULL,1,'local',0,'2025-05-15 11:56:33'),
(106,97,'en',10,'Start project',NULL,1,'local',0,'2025-05-15 11:56:33'),
(107,99,'en',10,'Why us?',NULL,1,'local',0,'2025-05-15 11:56:33'),
(108,101,'en',10,'Takatuf Al-Himm Contracting Services\n\n',NULL,1,'local',0,'2025-05-15 11:56:33'),
(109,102,'en',10,'<p>Takatuf Al-Himm Contracting Company is one of the leading companies in the field of general contracting. It combines high efficiency, And accuracy in implementation, Commitment to the highest standards of quality and safety.</p>',NULL,1,'local',0,'2025-05-15 11:56:33'),
(110,103,'en',10,'There are no services currently posted. ',NULL,1,'local',0,'2025-05-15 11:56:33'),
(111,104,'en',10,' Takatuf Al-Himm Contracting',NULL,1,'local',0,'2025-05-15 11:56:33'),
(112,105,'en',10,'Start your unique project now',NULL,1,'local',0,'2025-05-15 11:56:33'),
(113,106,'en',10,'<p>Our customers are at the heart of everything we do. Their satisfaction is our main goal. We believe that building strong, sustainable relationships with our clients starts with truly listening to their needs, And understand their aspirations, And work hard to exceed their expectations.</p>',NULL,1,'local',0,'2025-05-15 11:56:33'),
(114,107,'en',10,'Start project',NULL,1,'local',0,'2025-05-15 11:56:33'),
(115,109,'en',10,'Gallery of our work',NULL,1,'local',0,'2025-05-15 11:56:33'),
(116,73,'en',10,' Takatuf Al-Himm Contracting',NULL,1,'local',0,'2025-05-16 18:58:02'),
(117,74,'en',10,'Our Team',NULL,1,'local',0,'2025-05-16 18:58:02'),
(118,75,'en',10,'<p>The Takatuf Al-Himm Contracting team is the cornerstone of our success. We strive to foster a collaborative and inclusive work environment and our team consists of highly skilled professionals with diverse experience in the field of trade and contracting.</p>',NULL,1,'local',0,'2025-05-16 18:58:02'),
(119,76,'en',10,'Start project',NULL,1,'local',0,'2025-05-16 18:58:02'),
(120,78,'en',10,'Why us?',NULL,1,'local',0,'2025-05-16 18:58:02'),
(121,80,'en',10,'Takatuf Al-Himm Contracting Team',NULL,1,'local',0,'2025-05-16 18:58:02'),
(122,81,'en',10,'<p>Takatuf Al-Himm Contracting Company is one of the leading companies in the field of general contracting. It combines high efficiency, And accuracy in implementation, Commitment to the highest standards of quality and safety.</p>',NULL,1,'local',0,'2025-05-16 18:58:02'),
(123,82,'en',10,'There is no staff list currently published. ',NULL,1,'local',0,'2025-05-16 18:58:02'),
(124,83,'en',10,' work team',NULL,1,'local',0,'2025-05-16 18:58:02'),
(125,84,'en',10,'We encourage innovative solutions and the free exchange of ideas.',NULL,1,'local',0,'2025-05-16 18:58:02'),
(126,85,'en',10,'<p>This dedication to work allows us to meet the unique needs of our clients, Ensuring that every project is completed on time, Within budget, According to the highest standards. </p>',NULL,1,'local',0,'2025-05-16 18:58:02'),
(127,86,'en',10,'<p>Our team\'s work is not limited to achieving business success only, It\'s about building lasting relationships with our clients, partners and stakeholders, To ensure mutual growth and prosperity.</p>',NULL,1,'local',0,'2025-05-16 18:58:02'),
(128,87,'en',10,' Takatuf Al-Himm Contracting Establishment',NULL,1,'local',0,'2025-05-16 18:58:02'),
(129,88,'en',10,'Start your unique project now',NULL,1,'local',0,'2025-05-16 18:58:02'),
(130,89,'en',10,'<p>Our customers are at the heart of everything we do. Their satisfaction is our main goal. We believe that building strong, sustainable relationships with our clients starts with truly listening to their needs, And understand their aspirations, And work hard to exceed their expectations.</p>',NULL,1,'local',0,'2025-05-16 18:58:02'),
(131,90,'en',10,'Start project',NULL,1,'local',0,'2025-05-16 18:58:02'),
(132,92,'en',10,'Our services',NULL,1,'local',0,'2025-05-16 18:58:02'),
(133,34,'en',10,'Our website will be launched soon',NULL,1,'local',0,'2025-05-16 18:58:40'),
(134,111,'en',10,' Takatuf Al-Himm Contracting',NULL,1,'local',0,'2025-05-16 19:12:41'),
(135,112,'en',10,'Building the Future\nRebuilding the Past',NULL,1,'local',0,'2025-05-16 19:12:41'),
(136,113,'en',10,'<p>Takatuf Al-Himm Contracting is a dynamic and forward-thinking organization, committed to providing high-quality services in the contracting field. </p>',NULL,1,'local',0,'2025-05-16 19:12:41'),
(137,114,'en',10,'Start project',NULL,1,'local',0,'2025-05-16 19:12:41'),
(138,116,'en',10,'Our Profile',NULL,1,'local',0,'2025-05-16 19:12:41'),
(139,117,'en',10,'https://www.tahcontracting.com/wp-content/uploads/2025/05/الملف-التعريفي-لمؤسسة-تكاتف-الهمم.pdf',NULL,1,'local',0,'2025-05-16 19:12:41'),
(140,118,'en',10,'Speech of the General Manager',NULL,1,'local',0,'2025-05-16 19:12:41'),
(141,119,'en',10,'<p>Tab Item Content</p>',NULL,1,'local',0,'2025-05-16 19:12:41'),
(142,120,'en',10,'Our company vision',NULL,1,'local',0,'2025-05-16 19:12:41'),
(143,121,'en',10,'<p>Tab Item Content</p>',NULL,1,'local',0,'2025-05-16 19:12:41'),
(144,122,'en',10,'Our company mission',NULL,1,'local',0,'2025-05-16 19:12:41'),
(145,123,'en',10,'<p>Tab Item Content</p>',NULL,1,'local',0,'2025-05-16 19:12:41'),
(146,124,'en',10,' Takatuf Al-Himm Contracting',NULL,1,'local',0,'2025-05-16 19:12:41'),
(147,125,'en',10,'--Why us?--',NULL,1,'local',0,'2025-05-16 19:12:41'),
(148,126,'en',10,'<p>Takatuf Al-Himm Contracting is a dynamic and forward-thinking organization committed to providing high-quality services in the contracting field. Founded on unique standards and deep expertise inspired by our vision in the construction field, we deliver our services at the highest levels of quality and craftsmanship. Therefore, we have been committed to continuous development to enhance our systems, policies, and strategic plans, which we actively contribute to enriching our community and gaining the trust of our clients by applying the principles of unification: credibility, professionalism, and commitment.</p>',NULL,1,'local',0,'2025-05-16 19:12:41'),
(149,127,'en',10,' Takatuf Al-Himm Contracting',NULL,1,'local',0,'2025-05-16 19:12:41'),
(150,128,'en',10,'--Why us?--',NULL,1,'local',0,'2025-05-16 19:12:41'),
(151,129,'en',10,'<p> <br>Takatuf Al-Himm Contracting is one of the leading construction companies in the Kingdom of Saudi Arabia, specializing in the field of construction and boasting an experienced team. Executing complex construction projects and supplying premium materials, the facility prides itself on its expertise, experienced workforce, and commitment to excellence. Our mission is to build lasting relationships with clients through transparency, quality, and a strong commitment to timely delivery, ensuring the success of every project we undertake.     </p>',NULL,1,'local',0,'2025-05-16 19:12:41'),
(152,130,'en',10,'--Our Core Values--',NULL,1,'local',0,'2025-05-16 19:12:41'),
(153,131,'en',10,'<p>Takatuf Al-Himm Contracting is distinguished by its unwavering commitment to quality, precision, and customer satisfaction. We approach each project with a solutions-oriented mindset, anticipating challenges and exceeding expectations.  </p>',NULL,1,'local',0,'2025-05-16 19:12:41'),
(154,132,'en',10,'Integrity',NULL,1,'local',0,'2025-05-16 19:12:41'),
(155,133,'en',10,'<p>We conduct our business with integrity, transparency and respect for all stakeholders.</p>',NULL,1,'local',0,'2025-05-16 19:12:41'),
(156,134,'en',10,'Quality',NULL,1,'local',0,'2025-05-16 19:12:41'),
(157,135,'en',10,'<p>Our commitment to quality is unwavering at every stage of the business, from sourcing to delivery. </p>',NULL,1,'local',0,'2025-05-16 19:12:41'),
(158,136,'en',10,'Reliability',NULL,1,'local',0,'2025-05-16 19:12:41'),
(159,137,'en',10,'<p>We strive to meet and exceed customer expectations by providing efficient and timely service.</p>',NULL,1,'local',0,'2025-05-16 19:12:41'),
(160,138,'en',10,'Innovation',NULL,1,'local',0,'2025-05-16 19:12:41'),
(161,139,'en',10,'<p>We embrace innovative technology and practices to improve our services and adapt to the ever-changing market.</p>',NULL,1,'local',0,'2025-05-16 19:12:41'),
(162,140,'en',10,' Takatuf Al-Himm Contracting',NULL,1,'local',0,'2025-05-16 19:12:41'),
(163,141,'en',10,'Start your unique project now',NULL,1,'local',0,'2025-05-16 19:12:41'),
(164,142,'en',10,'<p>Our customers are at the heart of everything we do, and their satisfaction is our primary goal. We believe that building strong, lasting relationships with our clients begins with truly listening to their needs, understanding their aspirations, and working hard to exceed their expectations.    </p>',NULL,1,'local',0,'2025-05-16 19:12:41'),
(165,143,'en',10,'Start project',NULL,1,'local',0,'2025-05-16 19:12:41'),
(166,145,'en',10,'Our services',NULL,1,'local',0,'2025-05-16 19:12:41'),
(167,206,'en',10,'https://www.tahcontracting.com/en/about-us/',NULL,NULL,'',0,'2025-05-18 16:00:59'),
(168,208,'en',10,'https://www.tahcontracting.com/en/our-services/',NULL,NULL,'',0,'2025-05-18 16:00:59'),
(169,210,'en',10,'https://www.tahcontracting.com/en/our-team/',NULL,NULL,'',0,'2025-05-18 16:00:59'),
(170,212,'en',10,'https://www.tahcontracting.com/en/our-projects/',NULL,NULL,'',0,'2025-05-18 16:00:59'),
(171,203,'en',10,'<p>We approach every project with a solution-oriented mindset, We anticipate challenges and exceed expectations.</p>',NULL,1,'local',0,'2025-05-18 16:00:59'),
(172,204,'en',10,'— Important links',NULL,1,'local',0,'2025-05-18 16:00:59'),
(173,205,'en',10,'About us',NULL,1,'local',0,'2025-05-18 16:00:59'),
(174,207,'en',10,'Our services',NULL,1,'local',0,'2025-05-18 16:00:59'),
(175,209,'en',10,'Our Team',NULL,1,'local',0,'2025-05-18 16:00:59'),
(176,211,'en',10,'Our projects',NULL,1,'local',0,'2025-05-18 16:00:59'),
(177,213,'en',10,'— Contact information',NULL,1,'local',0,'2025-05-18 16:00:59'),
(178,214,'en',10,'E-mail: info@tahcontracting.com',NULL,1,'local',0,'2025-05-18 16:00:59'),
(179,215,'en',10,'mailto:info@tahcontracting.com',NULL,1,'local',0,'2025-05-18 16:00:59'),
(180,216,'en',10,'Phone Number: +966592918673‬',NULL,1,'local',0,'2025-05-18 16:00:59'),
(181,217,'en',10,'tel:+966592918673‬',NULL,1,'local',0,'2025-05-18 16:00:59'),
(182,218,'en',10,'© All rights reserved - Takatuf Al-Himm Contracting 2025',NULL,1,'local',0,'2025-05-18 16:00:59'),
(183,220,'en',10,'https://www.tahcontracting.com/en/contact-us/',NULL,NULL,'',0,'2025-05-18 16:01:25'),
(184,219,'en',10,'Start Project',NULL,1,'local',0,'2025-05-18 16:01:25'),
(185,13,'ar',10,'بناء المستقبل إعادة بناء الماضي',NULL,NULL,'',0,'2025-05-18 22:32:13'),
(186,12,'ar',10,'مؤسسة تكاتف الهمم للمقاولات',NULL,NULL,'',0,'2025-05-18 22:32:13'),
(187,13,'en',10,'Building the future, rebuilding the past',NULL,NULL,'',0,'2025-05-18 22:34:10'),
(188,12,'en',10,'Takatuf Al-Himm Contracting Establishment',NULL,NULL,'',0,'2025-05-18 22:34:17');

--
-- Table structure for table `wp7s_icl_strings`
--

CREATE TABLE `wp7s_icl_strings` (
  `id` bigint(20) unsigned NOT NULL AUTO_INCREMENT,
  `language` varchar(7) NOT NULL,
  `context` varchar(160) NOT NULL,
  `name` varchar(160) NOT NULL,
  `value` longtext NOT NULL,
  `string_package_id` bigint(20) unsigned DEFAULT NULL,
  `location` bigint(20) unsigned DEFAULT NULL,
  `wrap_tag` varchar(16) NOT NULL,
  `type` varchar(40) NOT NULL DEFAULT 'LINE',
  `title` varchar(160) DEFAULT NULL,
  `status` tinyint(4) NOT NULL,
  `gettext_context` text NOT NULL,
  `domain_name_context_md5` varchar(32) NOT NULL,
  `translation_priority` varchar(160) NOT NULL,
  `word_count` int(10) unsigned DEFAULT NULL,
  PRIMARY KEY (`id`),
  UNIQUE KEY `uc_domain_name_context_md5` (`domain_name_context_md5`),
  KEY `language_context` (`language`,`context`),
  KEY `icl_strings_name` (`name`),
  KEY `icl_strings_translation_priority` (`translation_priority`),
  KEY `context` (`context`),
  KEY `string_package_id` (`string_package_id`)
) ENGINE=InnoDB AUTO_INCREMENT=231 DEFAULT CHARSET=utf8mb4 COLLATE=utf8mb4_unicode_520_ci;

--
-- Dumping data for table `wp7s_icl_strings`
--

INSERT INTO `wp7s_icl_strings` (`id`, `language`, `context`, `name`, `value`, `string_package_id`, `location`, `wrap_tag`, `type`, `title`, `status`, `gettext_context`, `domain_name_context_md5`, `translation_priority`, `word_count`) VALUES (1,'en','Jet Engine CPT Labels','Jet Engine CPT Name (Portfolio)','Portfolio',NULL,NULL,'','LINE',NULL,0,'','51b897dbc9cf8f4cddb0c8e42746a9f7','optional',NULL),
(2,'en','Jet Engine CPT Labels','Jet Engine CPT Name (Team)','Team',NULL,NULL,'','LINE',NULL,0,'','b445410948bb377a7e1e060c06dfbb0b','optional',NULL),
(3,'en','Jet Engine CPT Labels','Jet Engine CPT Name (Services)','Services',NULL,NULL,'','LINE',NULL,0,'','839aab1353e3af046fa16a50e3357b16','optional',NULL),
(4,'en','Jet Engine Admin Labels','Admin Label - Gallery','Gallery',NULL,NULL,'','LINE',NULL,0,'','669ea29ad10b3b03e6f368322651d1e6','optional',NULL),
(5,'en','Jet Engine Admin Labels','Admin Label - Full Name','Full Name',NULL,NULL,'','LINE',NULL,0,'','376dd72b301cfbe60a1a7f98c8afafb3','optional',NULL),
(6,'en','Jet Engine Admin Labels','Admin Label - Position','Position',NULL,NULL,'','LINE',NULL,0,'','015bfb5ca903498e2d33e695a4487fb8','optional',NULL),
(7,'en','Jet Engine Admin Labels','Admin Label - Picture','Picture',NULL,NULL,'','LINE',NULL,0,'','b05724b43194506daaf3a250fc2314d7','optional',NULL),
(8,'en','Jet Engine Admin Labels','Admin Label - Short Description','Short Description',NULL,NULL,'','LINE',NULL,0,'','f1546e409593c8c2ee7db654382b3929','optional',NULL),
(9,'en','Jet Engine Admin Labels','Admin Label - Icon Service','Icon Service',NULL,NULL,'','LINE',NULL,0,'','221d1e7f8c045df804cc1996d049e9b2','optional',NULL),
(10,'en','Jet Engine Admin Labels','Admin Label - Settings','Settings',NULL,NULL,'','LINE',NULL,0,'','8066dc037e312501494d909a8287f927','optional',NULL),
(11,'en','WPML','Text for alternative languages for posts','This post is also available in: %s',NULL,NULL,'','LINE',NULL,0,'','c9203e3110feb389a62b2f341a6c346a','optional',NULL),
(12,'ar','WP','Blog Title','مؤسسة تكاتف الهمم للمقاولات',NULL,NULL,'','LINE',NULL,10,'','5ff0887b4c486c0329311e8d30610d58','optional',NULL),
(13,'ar','WP','Tagline','بناء المستقبل إعادة بناء الماضي',NULL,NULL,'','LINE',NULL,10,'','6e70f8f3e0f8c134711af40ab6e4931b','optional',NULL),
(14,'ar','elementor-698','title-heading-86d34ae','#1  مؤسسة تكاتف الهمم للمقاولات',1,1,'h2','LINE','Heading',0,'','1cf278d035af6726efe2840998ce662a','optional',5),
(15,'ar','elementor-698','date_format-jet-listing-dynamic-field-122a04f','F j, Y',1,2,'','LINE','Field: Date format (if used)',0,'','15553f268cfc4171f55503bce27bb680','optional',3),
(16,'ar','elementor-698','num_dec_point-jet-listing-dynamic-field-122a04f','.',1,3,'','LINE','Field: Separator for the decimal point (if used)',0,'','efa5332c94168582372b0f4d93def12b','optional',0),
(17,'ar','elementor-698','num_thousands_sep-jet-listing-dynamic-field-122a04f',',',1,4,'','LINE','Field: Thousands separator (if used)',0,'','8e6636a92892c2bf4031b57102595feb','optional',0),
(18,'ar','elementor-698','dynamic_field_format-jet-listing-dynamic-field-122a04f','%s',1,5,'','AREA','Field: Field format (if used)',0,'','7f2bafdf6f46e0629c19bbbe0e7aaf13','optional',1),
(19,'ar','elementor-698','date_format-jet-listing-dynamic-field-c2d7800','F j, Y',1,6,'','LINE','Field: Date format (if used)',0,'','c5525102a77ede79c9c4e38fd0080464','optional',3),
(20,'ar','elementor-698','num_dec_point-jet-listing-dynamic-field-c2d7800','.',1,7,'','LINE','Field: Separator for the decimal point (if used)',0,'','4046e801874c2df8990420e5e3f4c66c','optional',0),
(21,'ar','elementor-698','num_thousands_sep-jet-listing-dynamic-field-c2d7800',',',1,8,'','LINE','Field: Thousands separator (if used)',0,'','656556b6722eff66ff0395a757833d02','optional',0),
(22,'ar','elementor-698','dynamic_field_format-jet-listing-dynamic-field-c2d7800','%s',1,9,'','AREA','Field: Field format (if used)',0,'','578ae0f93671286bafcf2918ca5fc88b','optional',1),
(23,'ar','elementor-268','title-heading-c2570fb','رسالة شركتنا',2,1,'h2','LINE','رأس الصفحة',10,'','c0f3d277dbc2a317a4ba9aa719b67c46','optional',2),
(24,'ar','elementor-268','editor-text-editor-dfe1984','<p>تكمن رسالتنا في صميم كل ما نقوم به في تقديم قيمة استثنائية لعملائنا من خلال الحلول المبتكرة والحرفية الفائقة والتنفيذ في الوقت المناسب. يعمل فريقنا متعدد التخصصات المهندسين ومديري المشاريع والحرفيين المهرة بشكل متكامل لتحقيق الأفكار الطموحة مع ضمان أعلى معايير السلامة والاستدامة والكفاءة. التقديم المستمر لمنتجات عالية الجودة بأسعار تنافسية مع الحفاظ على الكفاءة التشغيلية وخدمة العملاء الاستثنائية.</p>',2,2,'','VISUAL','محرر النص',10,'','4743baddf34b11f18ebcf38e3e4674b6','optional',59),
(25,'ar','elementor-259','title-heading-b9292cd','  تكاتف الهمم للمقاولات',3,1,'h2','LINE','رأس الصفحة',10,'','121ae783690970504c3deb5e87df8ca3','optional',3),
(26,'ar','elementor-259','title-heading-9777990','-- رؤيتنا --',3,2,'h2','LINE','رأس الصفحة',10,'','ada1cedc481770b0c218a1d471958ab0','optional',1),
(27,'ar','elementor-259','editor-text-editor-4858c99','<p>نلتزم بريادة الصناعة من خلال وضع معايير جديدة للجودة والاستدامة والابتكار، كما نلتزم بتشكيل المستقبل بمشاريع لا تلبي احتياجات اليوم فحسب، بل تمثل أيضاً إرثاً للأجيال القادمة. نهدف إلى أن نكون الشريك المفضل والمشهور بالنزاهة والموثوقية والتميز في كل مشروع نعمل عليه.</p>',3,3,'','VISUAL','محرر النص',10,'','8f6bd39534f607be2f3d818d72a4fbba','optional',42),
(28,'ar','elementor-259','icon-list-text-eccc35d-ba884ed','قيمتنا هي خلق عمل جاد وموهبة احترافية.',3,4,'','LINE','قائمة الأيقونات: النص',10,'','577a41c131acd56128a7f5ca9476b415','optional',7),
(29,'ar','elementor-259','icon-list-text-8a58b16-1109057','نحاول دائمًا إعطاء المزيد من القيمة والابتكار للأعمال.',3,5,'','LINE','قائمة الأيقونات: النص',10,'','79bf281f645cef07f93d9ffaf528c79c','optional',8),
(30,'ar','elementor-259','icon-list-text-2392e65-ba884ed','نحن منشأة مقاولات متكاملة الخدمات ملتزمون بتحويل الرؤى إلى واقع.',3,6,'','LINE','قائمة الأيقونات: النص',10,'','61253eaa76dd5ed51003453716a3df99','optional',10),
(31,'ar','elementor-259','icon-list-text-955c079-1109057','خبرتنا شاملة في جميع مجالات البناء والبنية التحتية.',3,7,'','LINE','قائمة الأيقونات: النص',10,'','44e091dccfba3c601171c0be358cf141','optional',8),
(32,'ar','elementor-244','title-heading-58bfb6f','كلمة المدير العام',4,1,'h2','LINE','رأس الصفحة',10,'','3e05d005035961d2479a8b731812d03b','optional',3),
(33,'ar','elementor-244','editor-text-editor-89cbf53','<p>بصفتنا منشأة عائلية، فإننا نستثمر بعمق في موظفينا ونلتزم تجاههم. فبدون موهبتهم وتعاونهم واندفاعهم، لن يكونبناؤنا هو الأفضل. يعتمد تميزنا في الحاضر والمستقبل على استقطابنا لأفضل وألمع المواهب المتاحة والاحتفاظ بها. ومن خلال توفير التدريب والتطوير الوظيفي، وبيئة عمل مبتكرة، وثقافة مجزية، نضمن قوة مؤسستنا وجاهزيتها لخدمة شركائنا وعملائنا على أكمل وجه.</p><p>تأتي قوتنا من خبرتنا الراسخة في هذا المجال، وجذورنا المجتمعية العميقة، وعلاقاتنا الوثيقة مع العملاء والشركاء وأصحاب المصلحة الرئيسيين. نلتزم بالتميز من بداية كل مشاركة لنا. تعتمد سمعتنا على تقديم القيمة، والعمل الجماعي المتفوق، والحلول الإبداعية، والشرارة المبتكرة، والالتزام الثابت. تنعكس مساهماتنا الدائمة في الأصول المادية وكذلك في ثقة عملائنا. نؤمن بالجودة ولن نساوم أبداً تحت أي ظرف من الظروف.</p>',4,2,'','VISUAL','محرر النص',10,'','28e11c593fd73524e2f5f5186c8c2181','optional',112),
(34,'ar','elementor-23','title-heading-3724784','قريباً سيتم إطلاق موقعنا',5,1,'h2','LINE','رأس الصفحة',10,'','2d5ae559a374baaafc803c4c38ef922c','optional',4),
(35,'ar','elementor-21','title-heading-bddbc4e','  تكاتف الهمم للمقاولات',6,1,'h2','LINE','رأس الصفحة',10,'','eccbcfb107ea3901830cb0517c6fe3ad','optional',3),
(36,'ar','elementor-21','title-heading-c043b49','تواصل معنا',6,2,'h2','LINE','رأس الصفحة',10,'','4eb2931e349299467343f47b918d09c1','optional',2),
(37,'ar','elementor-21','editor-text-editor-0b1b1f0','<p>نحن هنا من أجلك! سواء كان لديك استفسار، فكرة، أو رغبة بالتعاون، يسعدنا سماعك والتواصل معك. فريقنا مستعد للرد على جميع استفساراتك وتقديم الدعم الذي تحتاجه في أسرع وقت ممكن.</p>',6,3,'','VISUAL','محرر النص',10,'','75d1369266d80ddab43c2da95900fa5e','optional',30),
(38,'ar','elementor-21','title-heading-24ec8a7','تواصل معنا',6,4,'p','LINE','رأس الصفحة',10,'','af59e27d792e8128b31b29f6a3ae5a33','optional',2),
(39,'ar','elementor-21','editor-text-editor-e870c4a','<p>يسعدنا دائمًا سماعك! تواصل معنا لأي استفسار أو طلب، وسنكون على أتم الاستعداد لخدمتك.</p>',6,5,'','VISUAL','محرر النص',10,'','3bd00b9c40eb506bd928e37c7323bd83','optional',14),
(40,'ar','elementor-21','icon-list-text-5ec859f-cd122ce','info@tahcontracting.com',6,6,'','LINE','قائمة الأيقونات: النص',10,'','5a08f82376de2da2d130354d166538df','optional',2),
(41,'ar','elementor-21','icon-list-url-5ec859f-cd122ce','mailto:info@tahcontracting.com',6,7,'','LINE','قائمة الأيقونات: عنوان الإنترنت للرابط',10,'','56b31f4ee3b59feb1f16b8fdef6e590c','optional',3),
(42,'ar','elementor-21','icon-list-text-5ec859f-0eb4e83','966592918673‬+',6,8,'','LINE','قائمة الأيقونات: النص',10,'','4ee9b8ccffcd8d567e1f2745c88fcb9b','optional',1),
(43,'ar','elementor-21','icon-list-url-5ec859f-0eb4e83','tel:+966592918673‬',6,9,'','LINE','قائمة الأيقونات: عنوان الإنترنت للرابط',10,'','5e096584df0eb8caf173ab93955ace73','optional',2),
(44,'ar','elementor-21','icon-list-text-5ec859f-55e77c4','www.tahcontracting.com',6,10,'','LINE','قائمة الأيقونات: النص',10,'','129d31730cbd1a016e4dbfd6f98ee995','optional',3),
(45,'ar','elementor-21','icon-list-url-5ec859f-55e77c4','/',6,11,'','LINE','قائمة الأيقونات: عنوان الإنترنت للرابط',0,'','213526c9fa9ab3fee2047f9481372015','optional',0),
(46,'ar','elementor-21','icon-list-text-5ec859f-4ccc2ea','المملكة العربية السعودية',6,12,'','LINE','قائمة الأيقونات: النص',10,'','5aa91a45a69ab6e3efbd5b75b713d617','optional',3),
(47,'ar','elementor-21','title-heading-3e8f7c8','أرسـل رسالتك إلينا الآن!',6,13,'p','LINE','رأس الصفحة',10,'','149447cef8ec3b50799ebc394b6866ca','optional',4),
(48,'ar','elementor-21','text-divider-b1be827','مُقسّم',6,14,'','LINE','نص المقسّم',10,'','1519e7e10b5919bbf8c5f27d5ec8bb37','optional',1),
(49,'ar','elementor-21','title-heading-644ddcf','  تكاتف الهمم للمقاولات',6,15,'h2','LINE','رأس الصفحة',10,'','f2078c87289d519d4ca43f7f34007683','optional',3),
(50,'ar','elementor-21','title-heading-bc84b0b','ابدأ مشروعك المميز الآن',6,16,'h2','LINE','رأس الصفحة',10,'','f22820ecca819a642f3488b59cff5d8f','optional',4),
(51,'ar','elementor-21','editor-text-editor-f5c97ba','<p>عملاؤنا هم محور كل ما نقوم به، ورضاهم هو هدفنا الأساسي. نحن نؤمن بأن بناء علاقات قوية ومستدامة مع عملائنا يبدأ من الاستماع الحقيقي لاحتياجاتهم، وفهم تطلعاتهم، والعمل بجد لتجاوز توقعاتهم.</p>',6,17,'','VISUAL','محرر النص',10,'','3fc62920b91d6d8f2b1f2d62c5c5cf34','optional',31),
(52,'ar','elementor-21','text-button-bc3a663','ابدأ مشروعك',6,18,'','LINE','الزر',10,'','ab7b713a9bd9fa2821b98fde005dcec7','optional',2),
(53,'ar','elementor-21','url-button-bc3a663','https://www.tahcontracting.com/contact-us/',6,19,'','LINK','الزر: عنوان الإنترنت للرابط',10,'','8a2bafc9f41df266208cf36481b97e8a','optional',0),
(54,'ar','elementor-21','text-button-1ceb8c5','خدماتنا',6,20,'','LINE','الزر',10,'','096d53bbf67cd7d7ceb0aa61050ba228','optional',1),
(55,'ar','elementor-21','url-button-1ceb8c5','https://www.tahcontracting.com/our-services/',6,21,'','LINK','الزر: عنوان الإنترنت للرابط',0,'','e6af7aa3aadab2c82b55fe4a9eef2d03','optional',0),
(56,'ar','elementor-19','title-heading-2c3c8e3',' تكاتف الهمم للمقاولات',7,1,'h2','LINE','رأس الصفحة',10,'','e6d54a28aaa2e9f63dc0fb4a97c523d1','optional',3),
(57,'ar','elementor-19','title-heading-d77663f','أعمالنا ومشاريعنا',7,2,'h2','LINE','رأس الصفحة',10,'','9ff8a2ac2014d609ee10bab1d8b7d087','optional',2),
(58,'ar','elementor-19','editor-text-editor-cab287b','<p>نفخر في منشأة تكاتف الهمم بسجل حافل من المشاريع التي تعكس التزامنا بالجودة والابتكار. من الفكرة إلى التنفيذ.</p>',7,3,'','VISUAL','محرر النص',10,'','e01759942a1c79655927faf32fa5f90f','optional',18),
(59,'ar','elementor-19','text-button-0340f15','ابدأ مشروعك',7,4,'','LINE','الزر',10,'','f55af19e7b2e0a2526b9e0a952672346','optional',2),
(60,'ar','elementor-19','url-button-0340f15','https://www.tahcontracting.com/contact-us/',7,5,'','LINK','الزر: عنوان الإنترنت للرابط',0,'','6c17f910ae318343abd7fdc9c014f221','optional',0),
(61,'ar','elementor-19','text-button-42b3dcc','لماذا نحن؟',7,6,'','LINE','الزر',10,'','9804699105e9fcb1c71010de3d97d396','optional',2),
(62,'ar','elementor-19','url-button-42b3dcc','https://www.tahcontracting.com/about-us/',7,7,'','LINK','الزر: عنوان الإنترنت للرابط',0,'','c50acdb1794e89c6adbc958effdbb6ce','optional',0),
(63,'ar','elementor-19','title-heading-0d2d4c0','أعمال تكاتف الهمم للمقاولات ',7,8,'h2','LINE','رأس الصفحة',10,'','c8542d8137b38fcac620a73f7f82482d','optional',4),
(64,'ar','elementor-19','editor-text-editor-f2e155d','<p>نعمل بشغف لتحقيق نتائج تفوق التوقعات وتُحدث فرقًا حقيقيًا لعملائنا. تصفح نماذج من أعمالنا لتكتشف كيف نحول الرؤى إلى واقع ملموس.</p>',7,9,'','VISUAL','محرر النص',10,'','dbf6acc315ed588b8ecad22980a23b35','optional',21),
(65,'ar','elementor-19','not_found_message-jet-listing-grid-40432d0','لا توجد أعمال سابقة حالياً',7,10,'','LINE','Listing Grid: Not found message',10,'','b787286e3bc9dbd54f8b39b399a4ba25','optional',5),
(66,'ar','elementor-19','title-heading-9a19b0e','  تكاتف الهمم للمقاولات',7,11,'h2','LINE','رأس الصفحة',10,'','768993f716b7c29225466f7acd34f51a','optional',3),
(67,'ar','elementor-19','title-heading-3d974a4','ابدأ مشروعك المميز الآن',7,12,'h2','LINE','رأس الصفحة',10,'','64fba2527a4b7d83d29cd5cde009cfa5','optional',4),
(68,'ar','elementor-19','editor-text-editor-b94d7fa','<p>عملاؤنا هم محور كل ما نقوم به، ورضاهم هو هدفنا الأساسي. نحن نؤمن بأن بناء علاقات قوية ومستدامة مع عملائنا يبدأ من الاستماع الحقيقي لاحتياجاتهم، وفهم تطلعاتهم، والعمل بجد لتجاوز توقعاتهم.</p>',7,13,'','VISUAL','محرر النص',10,'','ca2417fa3380a9b572516e7b9fcad622','optional',31),
(69,'ar','elementor-19','text-button-eca3b40','ابدأ مشروعك',7,14,'','LINE','الزر',10,'','4a60b73bc93a1d8386e7112ec52eb9f8','optional',2),
(70,'ar','elementor-19','url-button-eca3b40','https://www.tahcontracting.com/contact-us/',7,15,'','LINK','الزر: عنوان الإنترنت للرابط',0,'','f0a7a362bf7ee0561baf5b1908a98cfe','optional',0),
(71,'ar','elementor-19','text-button-9c572fa','خدماتنا',7,16,'','LINE','الزر',10,'','bf0c3aff9f778b6c985f0dded39252f2','optional',1),
(72,'ar','elementor-19','url-button-9c572fa','https://www.tahcontracting.com/our-services/',7,17,'','LINK','الزر: عنوان الإنترنت للرابط',0,'','c8816ae3b064af333252f727c4c5e4fd','optional',0),
(73,'ar','elementor-17','title-heading-eefbb52','  تكاتف الهمم للمقاولات',8,1,'h2','LINE','رأس الصفحة',10,'','ae5c7313031d5483fbbd1a4f3ee7c172','optional',3),
(74,'ar','elementor-17','title-heading-7bdf1f3','فريق العمل',8,2,'h2','LINE','رأس الصفحة',10,'','1bc67bde132db6a54adea974b90450a0','optional',2),
(75,'ar','elementor-17','editor-text-editor-fd0210a','<p>فريق تكاتف الهمم للمقاولات هو حجر الزاوية في نجاحنا. نسعى إلى تعزيز بيئة عمل تعاونية وشاملة ويتألف الفريق من مهنيين ذوي مهارات عالية وخبرات متنوعة في مجال التجارة والمقاولات.</p>',8,3,'','VISUAL','محرر النص',10,'','e9f1b76f0376ace7f6017a474fce3934','optional',29),
(76,'ar','elementor-17','text-button-1f03a79','ابدأ مشروعك',8,4,'','LINE','الزر',10,'','10189376d6030b16587116980c0ffe21','optional',2),
(77,'ar','elementor-17','url-button-1f03a79','https://www.tahcontracting.com/contact-us/',8,5,'','LINK','الزر: عنوان الإنترنت للرابط',10,'','11ab50d31d3c4e9be9eb7346e73c5dd5','optional',0),
(78,'ar','elementor-17','text-button-0b9ee95','لماذا نحن؟',8,6,'','LINE','الزر',10,'','1cc9c5b41b745eb628e16a74e4b7cad6','optional',2),
(79,'ar','elementor-17','url-button-0b9ee95','https://www.tahcontracting.com/about-us/',8,7,'','LINK','الزر: عنوان الإنترنت للرابط',0,'','6dfc3495b111f4f30780450418d8709a','optional',0),
(80,'ar','elementor-17','title-heading-864c506','فريق تكاتف الهمم للمقاولات',8,8,'h2','LINE','رأس الصفحة',10,'','18ea3a78f8a6b8752fa8e7edec2353c5','optional',4),
(81,'ar','elementor-17','editor-text-editor-53fc7ba','<p>تُعد منشأة تكاتف الهمم للمقاولات إحدى الشركات الرائدة في مجال المقاولات العامة، حيث تجمع بين الكفاءة العالية، والدقة في التنفيذ، والالتزام بأعلى معايير الجودة والسلامة.</p>',8,9,'','VISUAL','محرر النص',10,'','01ffcfe0099b10933128f8742dc8bcf7','optional',25),
(82,'ar','elementor-17','not_found_message-jet-listing-grid-32b30cf','لا توجد قائمة لفريق العمل منشورة حالياً ',8,10,'','LINE','Listing Grid: Not found message',10,'','f72e35daf0bd392a5d2b66979e9958b8','optional',7),
(83,'ar','elementor-17','title-heading-508b36b',' فريق العمل',8,11,'h2','LINE','رأس الصفحة',10,'','e9485f7722aa2c3f71cc9c733fac9f49','optional',2),
(84,'ar','elementor-17','title-heading-4e3c399','نشجع الحلول المبتكرة والتبادل الحر للأفكار',8,12,'h2','LINE','رأس الصفحة',10,'','cb48d422ca9a671712182b668ebf654b','optional',6),
(85,'ar','elementor-17','editor-text-editor-1ee7bd0','<p>يسمح لنا هذا التفاني في العمل بتلبية الاحتياجات الفريدة لعملائنا، مما يضمن اكتمال كل مشروع في الوقت المحدد، وفي حدود الميزانية، ووفقاً لأعلى المعايير. </p>',8,13,'','VISUAL','محرر النص',10,'','8d573ef08205e373f64de524cb0660f6','optional',24),
(86,'ar','elementor-17','editor-text-editor-38c2620','<p>ولا يقتصر عمل فريقنا على تحقيق النجاح في مجال الأعمال فحسب، بل يتعلق ببناء علاقات دائمة مع عملائنا وشركائنا وأصحاب المصلحة، بما يضمن النمو والازدهار المتبادل.</p>',8,14,'','VISUAL','محرر النص',10,'','58c27f5bc4b5a5b603fca3942f51e07e','optional',26),
(87,'ar','elementor-17','title-heading-46303e3','  منشأة تكاتف الهمم للمقاولات',8,15,'h2','LINE','رأس الصفحة',10,'','594e1acb8e9bff88e8eb5adbdee31ef2','optional',4),
(88,'ar','elementor-17','title-heading-f76e718','ابدأ مشروعك المميز الآن',8,16,'h2','LINE','رأس الصفحة',10,'','fd454134948e15fe211c4717268c11fd','optional',4),
(89,'ar','elementor-17','editor-text-editor-cf12fa3','<p>عملاؤنا هم محور كل ما نقوم به، ورضاهم هو هدفنا الأساسي. نحن نؤمن بأن بناء علاقات قوية ومستدامة مع عملائنا يبدأ من الاستماع الحقيقي لاحتياجاتهم، وفهم تطلعاتهم، والعمل بجد لتجاوز توقعاتهم.</p>',8,17,'','VISUAL','محرر النص',10,'','395cf9a61c509d63ca27ae7f5f172d02','optional',31),
(90,'ar','elementor-17','text-button-7e47ef6','ابدأ مشروعك',8,18,'','LINE','الزر',10,'','ef57bae899b404dd04b9a8756e389600','optional',2),
(91,'ar','elementor-17','url-button-7e47ef6','https://www.tahcontracting.com/contact-us/',8,19,'','LINK','الزر: عنوان الإنترنت للرابط',10,'','86b95795dd757d2a61a88c1c2bcfeb62','optional',0),
(92,'ar','elementor-17','text-button-ff0e126','خدماتنا',8,20,'','LINE','الزر',10,'','34e8f6a0e78081a66378ae8be240a537','optional',1),
(93,'ar','elementor-17','url-button-ff0e126','https://www.tahcontracting.com/our-services/',8,21,'','LINK','الزر: عنوان الإنترنت للرابط',10,'','5b752a4d1b66aa0026e508a87129a67a','optional',0),
(94,'ar','elementor-15','title-heading-917e719','  تكاتف الهمم للمقاولات',9,1,'h2','LINE','رأس الصفحة',10,'','eb69bcb85382f4c586ffc3b10c032b07','optional',3),
(95,'ar','elementor-15','title-heading-f8cf169','بناء المستقبل\nإعادة بناء الماضي',9,2,'h2','LINE','رأس الصفحة',10,'','034e1c4f859781fa5520e9cd836c5ad9','optional',5),
(96,'ar','elementor-15','editor-text-editor-4ad8326','<p>تعتبر منشأة تكاتف الهمم للمقاولات ديناميكية وذات تفكير مستقبلي، ملتزمة بتقديم خدمات عالية الجودة في مجالات المقاولات</p>',9,3,'','VISUAL','محرر النص',10,'','3f1f0d4065be4bfe01df6d2960d5c29e','optional',17),
(97,'ar','elementor-15','text-button-90ddcb0','ابدأ مشروعك',9,4,'','LINE','الزر',10,'','20eef7073d01ec572f8a75e51ff9ac83','optional',2),
(98,'ar','elementor-15','url-button-90ddcb0','https://www.tahcontracting.com/contact-us/',9,5,'','LINK','الزر: عنوان الإنترنت للرابط',10,'','0ffcbb5aa78a60381e20cf6e5b87f5f3','optional',0),
(99,'ar','elementor-15','text-button-59128a6','لماذا نحن؟',9,6,'','LINE','الزر',10,'','8ca983bfacf628f2579772ab943036f4','optional',2),
(100,'ar','elementor-15','url-button-59128a6','https://www.tahcontracting.com/about-us/',9,7,'','LINK','الزر: عنوان الإنترنت للرابط',0,'','2e2b9d0da20e901f01d5d3f6517bbd16','optional',0),
(101,'ar','elementor-15','title-heading-9696a99','خدمات تكاتف الهمم للمقاولات\n\n',9,8,'h2','LINE','رأس الصفحة',10,'','0a3a190f7a5ca419fe2e3959ba34879d','optional',4),
(102,'ar','elementor-15','editor-text-editor-44a0bc8','<p>تُعد منشأة تكاتف الهمم للمقاولات إحدى الشركات الرائدة في مجال المقاولات العامة، حيث تجمع بين الكفاءة العالية، والدقة في التنفيذ، والالتزام بأعلى معايير الجودة والسلامة.</p>',9,9,'','VISUAL','محرر النص',10,'','f58d4516f2ed73241ad3fd0d88a0a6b6','optional',25),
(103,'ar','elementor-15','not_found_message-jet-listing-grid-c8083d0','لا توجد خدمات منشورة حالياً ',9,10,'','LINE','Listing Grid: Not found message',10,'','c36a4a068ac8846ddde531060bbd7d26','optional',5),
(104,'ar','elementor-15','title-heading-209bdc0','  تكاتف الهمم للمقاولات',9,11,'h2','LINE','رأس الصفحة',10,'','a93b673c6a859d29c1aa594da887c4b1','optional',3),
(105,'ar','elementor-15','title-heading-ec75fca','ابدأ مشروعك المميز الآن',9,12,'h2','LINE','رأس الصفحة',10,'','acf426a267d067590eeaa1d16c485477','optional',4),
(106,'ar','elementor-15','editor-text-editor-c3b8b9c','<p>عملاؤنا هم محور كل ما نقوم به، ورضاهم هو هدفنا الأساسي. نحن نؤمن بأن بناء علاقات قوية ومستدامة مع عملائنا يبدأ من الاستماع الحقيقي لاحتياجاتهم، وفهم تطلعاتهم، والعمل بجد لتجاوز توقعاتهم.</p>',9,13,'','VISUAL','محرر النص',10,'','6137c552f1eaf989708d5a5cd2255f25','optional',31),
(107,'ar','elementor-15','text-button-797c1d5','ابدأ مشروعك',9,14,'','LINE','الزر',10,'','a58dabeae21133511cad6b69303fb078','optional',2),
(108,'ar','elementor-15','url-button-797c1d5','https://www.tahcontracting.com/contact-us/',9,15,'','LINK','الزر: عنوان الإنترنت للرابط',10,'','d8ec0b15f4d46ff91185e192d240950c','optional',0),
(109,'ar','elementor-15','text-button-1734079','معرض أعمالنا',9,16,'','LINE','الزر',10,'','5b210aa0a0455767eb7b3ab815bf87da','optional',2),
(110,'ar','elementor-15','url-button-1734079','https://www.tahcontracting.com/our-projects/',9,17,'','LINK','الزر: عنوان الإنترنت للرابط',10,'','05c8716b3d31678cb057bfbe5d899bab','optional',0),
(111,'ar','elementor-13','title-heading-41adfa7',' تكاتف الهمم للمقاولات',10,1,'h2','LINE','رأس الصفحة',10,'','e058add7f596010dfecaea226b9ed5f8','optional',3),
(112,'ar','elementor-13','title-heading-59bccbb','بناء المستقبل\nإعادة بناء الماضي',10,2,'h2','LINE','رأس الصفحة',10,'','10719389f98a8eba32c9e397a06dd7d3','optional',5),
(113,'ar','elementor-13','editor-text-editor-f6ff7f3','<p>تعتبر تكاتف الهمم للمقاولات منشأة ديناميكية وذات تفكير مستقبلي، ملتزمة بتقديم خدمات عالية الجودة في مجالات المقاولات</p>',10,3,'','VISUAL','محرر النص',10,'','71e44e31667caccdfc50cb749ca221b5','optional',17),
(114,'ar','elementor-13','text-button-92367c6','ابدأ مشروعك',10,4,'','LINE','الزر',10,'','d37fbf7aa3b5da01afd4d001a00fe22a','optional',2),
(115,'ar','elementor-13','url-button-92367c6','https://www.tahcontracting.com/contact-us/',10,5,'','LINK','الزر: عنوان الإنترنت للرابط',10,'','6c41be9ef03bda661d8e70f420020247','optional',0),
(116,'ar','elementor-13','text-button-11b7268','الملف التعريفي',10,6,'','LINE','الزر',10,'','787f366a6741430aa799e5b90c501862','optional',2),
(117,'ar','elementor-13','url-button-11b7268','https://www.tahcontracting.com/wp-content/uploads/2025/05/الملف-التعريفي-لمؤسسة-تكاتف-الهمم.pdf',10,7,'','LINE','الزر: عنوان الإنترنت للرابط',10,'','0fa511bf58f75cd15cefe6a711cce588','optional',6),
(118,'ar','elementor-13','jet-tabs-item_label-2cf16a7-54d6eee','كلمة المدير العام',10,8,'','LINE','Jet Tabs: Item Label',10,'','35a9c99e5fa68e01e49fb444de79cfdc','optional',3),
(119,'ar','elementor-13','jet-tabs-item_editor_content-2cf16a7-54d6eee','<p>Tab Item Content</p>',10,9,'','VISUAL','Jet Tabs: Item Editor Content',10,'','86591adc743454d533df62693705aebd','optional',3),
(120,'ar','elementor-13','jet-tabs-item_label-2cf16a7-d30c800','رؤية شركتنا',10,10,'','LINE','Jet Tabs: Item Label',10,'','2b90c3e78fa31cffaf4db0c957a4187a','optional',2),
(121,'ar','elementor-13','jet-tabs-item_editor_content-2cf16a7-d30c800','<p>Tab Item Content</p>',10,11,'','VISUAL','Jet Tabs: Item Editor Content',10,'','95081825f17a384d39637e16785df68a','optional',3),
(122,'ar','elementor-13','jet-tabs-item_label-2cf16a7-e2e8180','رسالة شركتنا',10,12,'','LINE','Jet Tabs: Item Label',10,'','947b1b309bd83efeaf1b272dd1ccffd1','optional',2),
(123,'ar','elementor-13','jet-tabs-item_editor_content-2cf16a7-e2e8180','<p>Tab Item Content</p>',10,13,'','VISUAL','Jet Tabs: Item Editor Content',10,'','f48601599c95bd3d1dd7879be0d390e8','optional',3),
(124,'ar','elementor-13','title-heading-d28c40c',' تكاتف الهمم للمقاولات',10,14,'h2','LINE','رأس الصفحة',10,'','0f8ebbb82a958841e301cae8ac109564','optional',3),
(125,'ar','elementor-13','title-heading-eefb5bb','-- لماذا نحن؟--',10,15,'h2','LINE','رأس الصفحة',10,'','d49106411503dee290d60f42e41ffae1','optional',2),
(126,'ar','elementor-13','editor-text-editor-bb996e1','<p>تعتبر تكاتف الهمم للمقاولات منشأة ديناميكية وذات تفكير مستقبلي، ملتزمة بتقديم خدمات عالية الجودة في مجالات المقاولات. تأسست وفق معايير فريدة من نوعها وخبرة عميقة مستوحاة من رؤيتها في مجال البناء. نقدم خدماتنا على أعلى مستويات الجودة والإتقان .ولذلك، حرصنا على التطوير المستمر للارتقاء بنظامنا وسياساتنا وخططنا الاستراتيجية التي نساهم بها بفاعلية لإثراء مجتمعنا وكسب ثقة عملائنا بتطبيق مبادئ التوحيد وهي المصداقية والاحترافية والالتزام.</p>',10,16,'','VISUAL','محرر النص',10,'','7420a2c159f9f2e8193855faeaeb4d5a','optional',64),
(127,'ar','elementor-13','title-heading-0611472','  تكاتف الهمم للمقاولات',10,17,'h2','LINE','رأس الصفحة',10,'','6314797c655692d8088cb29d2051d286','optional',3),
(128,'ar','elementor-13','title-heading-59ac402','-- لماذا نحن؟--',10,18,'h2','LINE','رأس الصفحة',10,'','5e1911506ff5ea94875e316411be8813','optional',2),
(129,'ar','elementor-13','editor-text-editor-11ba81d','<p> تكاتف الهمم للمقاولات هي إحدى المنشآت الرائدة القادمة في المملكة العربية السعودية، وهي متخصصة في مجال الإنشاءات ولديها فريق عمل ذو خبرة. تقوم بتنفيذ مشاريع إنشائية معقدة و توريد مواد متميزة، تفخر منشأة بخبرتها وقوتها العاملة ذات الخبرة والالتزام بالتميز. وتتمثل مهمتنا في بناء علاقات دائمة مع العملاء من خلال الشفافية والجودة والالتزام القوي بالتسليم في الوقت المناسب، مما يضمن نجاح كل مشروع نقوم به.</p>',10,19,'','VISUAL','محرر النص',10,'','509af57be31a11ea6f299a7f49661bfb','optional',65),
(130,'ar','elementor-13','title-heading-f51e1d0','-- قيمنا الأساسية --',10,20,'h2','LINE','رأس الصفحة',10,'','cbf25f41e904fc2f39dcfa2b3f596e9e','optional',2),
(131,'ar','elementor-13','editor-text-editor-9593857','<p>تتميز تكاتف الهمم للمقاولات بإلتزامها الثابت بالجودة والدقة ورضا العملاء. نحن نتعامل مع كل مشروع بعقلية موجهة نحو الحلول، ونتوقع التحديات ونقدم ما يفوق التوقعات.</p>',10,21,'','VISUAL','محرر النص',10,'','b5eba9b41e7963c952a6b6b36f5301b4','optional',25),
(132,'ar','elementor-13','title-heading-4c43908','النزاهة',10,22,'p','LINE','رأس الصفحة',10,'','2a394a30666995cb70529fed61633e40','optional',1),
(133,'ar','elementor-13','editor-text-editor-acc39df','<p>ندير أعمالنا بأمانة وشفافية واحترام لجميع أصحاب المصلحة</p>',10,23,'','VISUAL','محرر النص',10,'','5d9588b0648158cdbdb21320706048b0','optional',8),
(134,'ar','elementor-13','title-heading-7f3578d','الجودة',10,24,'p','LINE','رأس الصفحة',10,'','030951975df05e43cd5f9c51337b04ed','optional',1),
(135,'ar','elementor-13','editor-text-editor-ab02628','<p>التزامنا بالجودة لا يتزعزع في كل مرحلة من مراحل العمل، من التوريد إلى التسليم</p>',10,25,'','VISUAL','محرر النص',10,'','35549318b2418af9d53eca52b75f8d34','optional',14),
(136,'ar','elementor-13','title-heading-7275092','الموثوقية',10,26,'p','LINE','رأس الصفحة',10,'','45cc8b9c1b286465fda07f8cd4f77467','optional',1),
(137,'ar','elementor-13','editor-text-editor-bd8e7fe','<p>نسعى جاهدين لتلبية توقعات العملاء وتجاوزها بتقديم خدمة فاعلة وفي الوقت المناسب</p>',10,27,'','VISUAL','محرر النص',10,'','c22e42e1ca2793f612aa7a0d0cca5b15','optional',12),
(138,'ar','elementor-13','title-heading-ff0afa2','الابتكار',10,28,'p','LINE','رأس الصفحة',10,'','5a4a8d686ef5343cafe9d8fd372f8e26','optional',1),
(139,'ar','elementor-13','editor-text-editor-e2dfdd6','<p>نتبنى التكنولوجيا والممارسات المبتكرة لتحسين خدماتنا والتكيف مع التغييرات المستمرة للسوق</p>',10,29,'','VISUAL','محرر النص',10,'','d230ebf5a551b15c63942e1dd1f05f5b','optional',11),
(140,'ar','elementor-13','title-heading-95ece73','  تكاتف الهمم للمقاولات',10,30,'h2','LINE','رأس الصفحة',10,'','8881d9c2c68c84375ca2dcc3862fe4b0','optional',3),
(141,'ar','elementor-13','title-heading-2f4c274','ابدأ مشروعك المميز الآن',10,31,'h2','LINE','رأس الصفحة',10,'','b8f5218719d35b85e9795bd280447856','optional',4),
(142,'ar','elementor-13','editor-text-editor-1cbc3a4','<p>عملاؤنا هم محور كل ما نقوم به، ورضاهم هو هدفنا الأساسي. نحن نؤمن بأن بناء علاقات قوية ومستدامة مع عملائنا يبدأ من الاستماع الحقيقي لاحتياجاتهم، وفهم تطلعاتهم، والعمل بجد لتجاوز توقعاتهم.</p>',10,32,'','VISUAL','محرر النص',10,'','5cbb756eec8f955fad437d4bdd581379','optional',31),
(143,'ar','elementor-13','text-button-8f03ac9','ابدأ مشروعك',10,33,'','LINE','الزر',10,'','d862b495011c6b3ef6577b865006f5b2','optional',2),
(144,'ar','elementor-13','url-button-8f03ac9','https://www.tahcontracting.com/contact-us/',10,34,'','LINK','الزر: عنوان الإنترنت للرابط',10,'','2d06ad98a7839393e13042e2466fd39a','optional',0),
(145,'ar','elementor-13','text-button-58c1b17','خدماتنا',10,35,'','LINE','الزر',10,'','fc5b3dbbdc0b2690e4e3440c4ca46499','optional',1),
(146,'ar','elementor-13','url-button-58c1b17','https://www.tahcontracting.com/our-services/',10,36,'','LINK','الزر: عنوان الإنترنت للرابط',10,'','077a995bc834cdbd59a8df9add71dc97','optional',0),
(147,'ar','elementor-10','title-heading-733c9e0',' تكاتف الهمم للمقاولات',11,1,'h2','LINE','رأس الصفحة',10,'','2fe426bb14bbb537d0d545c7b5801840','optional',3),
(148,'ar','elementor-10','title-heading-d45ac0c','بناء المستقبل\nإعادة بناء الماضي',11,2,'h2','LINE','رأس الصفحة',10,'','80cfa1374056bb1e985101a623f0fcba','optional',5),
(149,'ar','elementor-10','editor-text-editor-59c9d85','<p>تعتبر منشأة تكاتف الهمم للمقاولات ديناميكية وذات تفكير مستقبلي، ملتزمة بتقديم خدمات عالية الجودة في مجالات المقاولات</p>',11,3,'','VISUAL','محرر النص',10,'','2d80e5c4f253df295ae02efbbc53ace3','optional',17),
(150,'ar','elementor-10','text-button-788be81','ابدأ مشروعك',11,4,'','LINE','الزر',10,'','3b5952b835cd4e005905e641a9624f94','optional',2),
(151,'ar','elementor-10','url-button-788be81','https://www.tahcontracting.com/contact-us/',11,5,'','LINK','الزر: عنوان الإنترنت للرابط',10,'','45aaf8d705ad22f218df760541c3d0f8','optional',0),
(152,'ar','elementor-10','text-button-d35a647','عن شركتنا',11,6,'','LINE','الزر',10,'','58189b671fea0ea5cb167a74fe174828','optional',2),
(153,'ar','elementor-10','url-button-d35a647','https://www.tahcontracting.com/about-us/',11,7,'','LINK','الزر: عنوان الإنترنت للرابط',0,'','d396380e0faaa462810fd4533de3228f','optional',0),
(154,'ar','elementor-10','title-heading-3c93ce3','-- من نحن --',11,8,'h2','LINE','رأس الصفحة',10,'','423f04be905fec068711cbf44422440b','optional',2),
(155,'ar','elementor-10','editor-text-editor-3e00c42','<p>تأسست منشأة وفق معايير فريدة من نوعها وخبرة عميقة مستوحاة من رؤيتها في مجال البناء. نقدم خدماتنا على أعلى مستويات الجودة والإتقان .ولذلك، حرصنا على التطوير المستمر للارتقاء بنظامنا وسياساتنا وخططنا الاستراتيجية التي نساهم بها بفاعلية لإثراء مجتمعنا وكسب ثقة عملائنا بتطبيق مبادئ التوحيد وهي المصداقية والاحترافية والالتزام.  </p>',11,9,'','VISUAL','محرر النص',10,'','7a76c0c23a7082b3dca2ee2823bb8a3f','optional',49),
(156,'ar','elementor-10','title-heading-9c2c908','4.9',11,10,'p','LINE','رأس الصفحة',0,'','36979ea0f2eb2868dc1a8141ceed1650','optional',2),
(157,'ar','elementor-10','title-heading-a3fab86','#تقييمات',11,11,'span','LINE','رأس الصفحة',10,'','978d6c28b263dab533678e96bc569c9b','optional',1),
(158,'ar','elementor-10','title-heading-cc868a4','850+',11,12,'p','LINE','رأس الصفحة',10,'','6dee2703c1fb8ea12cbc5e94b7e2fa40','optional',1),
(159,'ar','elementor-10','title-heading-a90a3b8','#مشروع ناجح',11,13,'span','LINE','رأس الصفحة',10,'','81cdad65c00670e9c3142017cf23ebc4','optional',2),
(160,'ar','elementor-10','title-heading-5678b20','3+',11,14,'p','LINE','رأس الصفحة',10,'','ab7df1eb6aa407a78116974f6d70b0bc','optional',1),
(161,'ar','elementor-10','title-heading-9681cbe','#سنوات عمل',11,15,'span','LINE','رأس الصفحة',10,'','2b7028b24c611393c0a0476d555e3b88','optional',2),
(162,'ar','elementor-10','title-heading-bb33fc3',' تكاتف الهمم للمقاولات',11,16,'h2','LINE','رأس الصفحة',10,'','533cdf1ecca295bddc1255c6b6aad3f6','optional',3),
(163,'ar','elementor-10','title-heading-5e65038','-- رسالتنا --',11,17,'h2','LINE','رأس الصفحة',10,'','b691a265288803f61fc95561de32e252','optional',1),
(164,'ar','elementor-10','editor-text-editor-77abb85','<p>تكمن رسالتنا في صميم كل ما نقوم به في تقديم قيمة استثنائية لعملائنا من خلال الحلول المبتكرة والحرفية الفائقة والتنفيذ في الوقت المناسب. يعمل فريقنا متعدد التخصصات المهندسين ومديري المشاريع والحرفيين المهرة بشكل متكامل لتحقيق الأفكار الطموحة مع ضمان أعلى معايير السلامة والاستدامة والكفاءة. التقديم المستمر لمنتجات عالية الجودة بأسعار تنافسية مع الحفاظ على الكفاءة التشغيلية وخدمة العملاء الاستثنائية.</p>',11,18,'','VISUAL','محرر النص',10,'','fef992401689c2600ad815d9557120d5','optional',59),
(165,'ar','elementor-10','title-heading-55dab77',' تكاتف الهمم للمقاولات',11,19,'h2','LINE','رأس الصفحة',10,'','b11afec30704b67fa30f7c56b7e486b9','optional',3),
(166,'ar','elementor-10','title-heading-61ef530','-- رؤيتنا --',11,20,'h2','LINE','رأس الصفحة',10,'','64cef34cc1e580c9fbef17dd18324588','optional',1),
(167,'ar','elementor-10','editor-text-editor-9ffdd35','<p>نلتزم بريادة الصناعة من خلال وضع معايير جديدة للجودة والاستدامة والابتكار، كما نلتزم بتشكيل المستقبل بمشاريع لا تلبي احتياجات اليوم فحسب، بل تمثل أيضاً إرثاً للأجيال القادمة. نهدف إلى أن نكون الشريك المفضل والمشهور بالنزاهة والموثوقية والتميز في كل مشروع نعمل عليه.</p>',11,21,'','VISUAL','محرر النص',10,'','958b0c61d2a5871cfedd0bc1438a6efe','optional',42),
(168,'ar','elementor-10','icon-list-text-2510c75-ba884ed','قيمتنا هي خلق عمل جاد وموهبة احترافية.',11,22,'','LINE','قائمة الأيقونات: النص',10,'','0e3a24b9dd1375f480fcbbac693a1fa2','optional',7),
(169,'ar','elementor-10','icon-list-text-f681d22-1109057','نحاول دائمًا إعطاء المزيد من القيمة والابتكار للأعمال.',11,23,'','LINE','قائمة الأيقونات: النص',10,'','69822aea0c84dccbffde65e8ff328260','optional',8),
(170,'ar','elementor-10','icon-list-text-b2d9667-ba884ed','نحن منشأة مقاولات متكاملة الخدمات ملتزمون بتحويل الرؤى إلى واقع.',11,24,'','LINE','قائمة الأيقونات: النص',10,'','126a28a05c2b120e5135fe8783d960d5','optional',10),
(171,'ar','elementor-10','icon-list-text-bd112ac-1109057','خبرتنا شاملة في جميع مجالات البناء والبنية التحتية.',11,25,'','LINE','قائمة الأيقونات: النص',10,'','8a19c5228e79b60e963706ee1c2a83bd','optional',8),
(172,'ar','elementor-10','title-heading-0529337','  تكاتف الهمم للمقاولات',11,26,'h2','LINE','رأس الصفحة',10,'','07bd52eb4277a3ab82a0d7cb7373a2ab','optional',3),
(173,'ar','elementor-10','title-heading-2145c91','الاستدامة',11,27,'h2','LINE','رأس الصفحة',10,'','d058795e36de0d9f8d477f23bb12f959','optional',1),
(174,'ar','elementor-10','editor-text-editor-3c16346','<p>نؤمن بالبناء بمسؤولية. من استخدام المواد المستدامة إلى دمج ممارسات البناء الأخضر، نحن ملتزمون بالحد من تأثيرنا على البيئة. في منشأة تكاتف الهمم للمقاولات، يسير الابتكار جنباً إلى جنب مع الاستدامة حيث نستكشف دائماً تقنيات ومنهجيات جديدة لتحسين الكفاءة وتعزيز السلامة وخفض التكاليف.</p>',11,28,'','VISUAL','محرر النص',10,'','a997159518824308b316b0e02dbc2739','optional',43),
(175,'ar','elementor-10','text-button-1db78a6','ابدأ مشروعك',11,29,'','LINE','الزر',10,'','835161ead5092bf940a833a2111d5f39','optional',2),
(176,'ar','elementor-10','url-button-1db78a6','https://www.tahcontracting.com/contact-us/',11,30,'','LINK','الزر: عنوان الإنترنت للرابط',10,'','e87a9b6d0359892211ec77d0ba39a100','optional',0),
(177,'ar','elementor-10','text-button-bb0fcc0','الملف التعريفي',11,31,'','LINE','الزر',10,'','f56c8d03a5748abd71a673fc055897cd','optional',2),
(178,'ar','elementor-10','url-button-bb0fcc0','https://www.tahcontracting.com/wp-content/uploads/2025/05/الملف-التعريفي-لمؤسسة-تكاتف-الهمم.pdf',11,32,'','LINE','الزر: عنوان الإنترنت للرابط',10,'','29bebddf8c0c0ce00b8394398cff46c2','optional',6),
(179,'ar','elementor-10','jet-brands-url-58e6224-1be25cc','#',11,33,'','LINE','Jet Brands: Company URL',10,'','143be4c5ab347a3e3820a06806752a96','optional',1),
(180,'ar','elementor-10','jet-brands-url-58e6224-a97ba6f','#',11,34,'','LINE','Jet Brands: Company URL',10,'','87f280049648f037409c54b733cae102','optional',1),
(181,'ar','elementor-10','jet-brands-url-58e6224-af40909','#',11,35,'','LINE','Jet Brands: Company URL',10,'','73c1942ba3714add19ae596e68e07407','optional',1),
(182,'ar','elementor-10','jet-brands-url-58e6224-d6ed448','#',11,36,'','LINE','Jet Brands: Company URL',10,'','8384637448cba5ce8bca38c3c805c0a0','optional',1),
(183,'ar','elementor-10','jet-brands-url-58e6224-9cd9a92','#',11,37,'','LINE','Jet Brands: Company URL',10,'','a77b22ca5d3ef5c38d7a078e336f860e','optional',1),
(184,'ar','elementor-10','jet-brands-url-58e6224-cb029a6','#',11,38,'','LINE','Jet Brands: Company URL',10,'','8139113e98033999cd31ec631bdca3b0','optional',1),
(185,'ar','elementor-10','jet-brands-url-5898383-1be25cc','#',11,39,'','LINE','Jet Brands: Company URL',10,'','187cf6135123834b284e056d80aecd0f','optional',1),
(186,'ar','elementor-10','jet-brands-url-5898383-a97ba6f','#',11,40,'','LINE','Jet Brands: Company URL',10,'','81a96f5c4bf7cdd2bcd728da59ad7d21','optional',1),
(187,'ar','elementor-10','jet-brands-url-5898383-af40909','#',11,41,'','LINE','Jet Brands: Company URL',10,'','b437876405657444846f06c44bb5d2bc','optional',1),
(188,'ar','elementor-10','jet-brands-url-5898383-d6ed448','#',11,42,'','LINE','Jet Brands: Company URL',10,'','ad4074db4cda5d13096da7f3cc6358c7','optional',1),
(189,'ar','elementor-10','jet-brands-url-5898383-9cd9a92','#',11,43,'','LINE','Jet Brands: Company URL',10,'','38c188e9ac60c1459b6bc17e46bd5d01','optional',1),
(190,'ar','elementor-10','jet-brands-url-5898383-cb029a6','#',11,44,'','LINE','Jet Brands: Company URL',10,'','38e742dcea5a4a65ecafaf734844f299','optional',1),
(191,'en','default','189f63f277cd73395561651753563065','Tags',NULL,NULL,'','LINE',NULL,0,'taxonomy general name','2a7d765f6e662308d5854397263501d3','optional',NULL),
(192,'en','default','af1b98adf7f686b84cd0b443e022b7a0','Categories',NULL,NULL,'','LINE',NULL,0,'taxonomy general name','a1a4bdee5c68899563b68567eea01cf4','optional',NULL),
(193,'en','default','c101058e7ea21bbbf2a5ac893088e90b','Tag',NULL,NULL,'','LINE',NULL,0,'taxonomy singular name','2ec0a63a2ce3c8b16192ceb4d3708acd','optional',NULL),
(194,'en','default','3adbdb3ac060038aa0e6e6c138ef9873','Category',NULL,NULL,'','LINE',NULL,0,'taxonomy singular name','847bcee05ab96311b816d21eccd7e1ef','optional',NULL),
(195,'en','default','ebab9da4f1aedd22e108dd11b0b55b8c','Pattern Categories',NULL,NULL,'','LINE',NULL,0,'taxonomy general name','99e2638f873365591765f5b984ad1b86','optional',NULL),
(196,'en','default','10d8fcbb5825a80b2d33b798cc487551','Pattern Category',NULL,NULL,'','LINE',NULL,0,'taxonomy singular name','e857682bf45a2d895e983d042d815e88','optional',NULL),
(197,'en','WordPress','URL category tax slug','category',NULL,NULL,'','LINE',NULL,0,'','e6ea982d6eec2ed07c8afa2ede60de24','optional',NULL),
(198,'en','WordPress','URL post_tag tax slug','tag',NULL,NULL,'','LINE',NULL,0,'','38a2bcb3d18dfb6ee71056973bafa713','optional',NULL),
(199,'en','WordPress','taxonomy general name: Translation Priorities','Translation Priorities',NULL,NULL,'','LINE',NULL,0,'','3133fbae194d6edc48eba79781d9ecfc','optional',NULL),
(200,'en','WordPress','taxonomy singular name: Translation Priority','Translation Priority',NULL,NULL,'','LINE',NULL,0,'','f2bf4730ab6c6874adb9ff2cec6fdb26','optional',NULL),
(201,'en','WordPress','URL translation_priority tax slug','translation_priority',NULL,NULL,'','LINE',NULL,0,'','98e422d0fd373072ef81ee1e52baf093','optional',NULL),
(202,'en','admin_texts_WPML(TM)','[WPML(TM)][previous-custom-fields-to-translate]15','_query_builder_query',NULL,NULL,'','LINE',NULL,0,'','8c0be848a668955a0de32d1b07aea55e','optional',NULL),
(203,'ar','elementor-73','editor-text-editor-88bbbaa','<p>نحن نتعامل مع كل مشروع بعقلية موجهة نحو الحلول، ونتوقع التحديات ونقدم ما يفوق التوقعات.</p>',12,1,'','VISUAL','محرر النص',10,'','6b0b493a9a936062cb7ddf8c21fb9fa6','optional',15),
(204,'ar','elementor-73','title-heading-4386322','— روابط مهمة',12,2,'h2','LINE','رأس الصفحة',10,'','4546630ae18b8ebf56f05a8ca816e1a0','optional',3),
(205,'ar','elementor-73','title-heading-c871fdd','من نحن',12,3,'span','LINE','رأس الصفحة',10,'','be9ed4fd84fbc2411a5687abd3980897','optional',2),
(206,'ar','elementor-73','url-heading-c871fdd','https://www.tahcontracting.com/about-us/',12,4,'span','LINK','العنوان: مسار الإنترنت للرابط',10,'','41cb8adddf3d22214a1972f42c0575dc','optional',0),
(207,'ar','elementor-73','title-heading-6f1d2c4','خدماتنا',12,5,'span','LINE','رأس الصفحة',10,'','3ac5bceabbd74907d18043c64034c8a8','optional',1),
(208,'ar','elementor-73','url-heading-6f1d2c4','https://www.tahcontracting.com/our-services/',12,6,'span','LINK','العنوان: مسار الإنترنت للرابط',10,'','991292a64ac9d2aac942691fb979a1b3','optional',0),
(209,'ar','elementor-73','title-heading-cc77582','فريق العمل',12,7,'span','LINE','رأس الصفحة',10,'','7e65fe1a939cbee808edcb85bdcb5ef5','optional',2),
(210,'ar','elementor-73','url-heading-cc77582','https://www.tahcontracting.com/our-team/',12,8,'span','LINK','العنوان: مسار الإنترنت للرابط',10,'','d8133e5b378158e7b735a6cfa8613dbc','optional',0),
(211,'ar','elementor-73','title-heading-75da0b2','مشاريعنا',12,9,'span','LINE','رأس الصفحة',10,'','642a27c0bb1faa39dc61ef3a05c69d3a','optional',1),
(212,'ar','elementor-73','url-heading-75da0b2','https://www.tahcontracting.com/our-projects/',12,10,'span','LINK','العنوان: مسار الإنترنت للرابط',10,'','58ddc4556bc1185e2eecddcbf42b4eb9','optional',0),
(213,'ar','elementor-73','title-heading-ecf5f9d','— معلومات التواصل',12,11,'h2','LINE','رأس الصفحة',10,'','1b46068ce0dcf8cf9f10b5fded0eb1f9','optional',3),
(214,'ar','elementor-73','title-heading-d0b25c7','البريد الإلكتروني: info@tahcontracting.com',12,12,'span','LINE','رأس الصفحة',10,'','3a634e3457907b26c49f1b0f7f0d8099','optional',4),
(215,'ar','elementor-73','url-heading-d0b25c7','mailto:info@tahcontracting.com',12,13,'span','LINE','العنوان: مسار الإنترنت للرابط',10,'','73b23993b0e01ecb5794308239c15d60','optional',3),
(216,'ar','elementor-73','title-heading-33a0e98','رقم الجوال: 966592918673‬+',12,14,'span','LINE','رأس الصفحة',10,'','5cfc356966583b89fd5d9a318e9cbfff','optional',3),
(217,'ar','elementor-73','url-heading-33a0e98','tel:+966592918673‬',12,15,'span','LINE','العنوان: مسار الإنترنت للرابط',10,'','35b426091b49b2ad0a7a3722deb1e596','optional',2),
(218,'ar','elementor-73','title-heading-4bb83cd','© جميع الحقوق محفوظة - تكاتف الهمم للمقاولات 2025',12,16,'p','LINE','رأس الصفحة',10,'','fb2b52ef65b520c440e4bb3f49d1b535','optional',8),
(219,'ar','elementor-59','text-button-25382be','ابدأ مشروعك',13,1,'','LINE','الزر',10,'','0a655b0d44beb9a772895f165517d465','optional',2),
(220,'ar','elementor-59','url-button-25382be','https://www.tahcontracting.com/contact-us/',13,2,'','LINK','الزر: عنوان الإنترنت للرابط',10,'','42476e8fc74d49c19304b202907214b2','optional',0),
(221,'ar','elementor-369','date_format-jet-listing-dynamic-field-15e82b2','F j, Y',14,1,'','LINE','Field: Date format (if used)',0,'','97750d43a5a7dd8b1fbecd8a0ceeba93','optional',3),
(222,'ar','elementor-369','num_dec_point-jet-listing-dynamic-field-15e82b2','.',14,2,'','LINE','Field: Separator for the decimal point (if used)',0,'','baa7037a467980c6ea8034f598b9220c','optional',0),
(223,'ar','elementor-369','num_thousands_sep-jet-listing-dynamic-field-15e82b2',',',14,3,'','LINE','Field: Thousands separator (if used)',0,'','4bb836c543fa591c4e16e026d3fe4314','optional',0),
(224,'ar','elementor-369','dynamic_field_format-jet-listing-dynamic-field-15e82b2','%s',14,4,'','AREA','Field: Field format (if used)',0,'','758d083402f62a95a89d69bace89d652','optional',1),
(225,'ar','elementor-369','date_format-jet-listing-dynamic-field-325742a','F j, Y',14,5,'','LINE','Field: Date format (if used)',0,'','245cc7b05373ff953c1d892a43f8a5e9','optional',3),
(226,'ar','elementor-369','num_dec_point-jet-listing-dynamic-field-325742a','.',14,6,'','LINE','Field: Separator for the decimal point (if used)',0,'','60bf1bb8fc4f4c97fa0f71e7186a04a1','optional',0),
(227,'ar','elementor-369','num_thousands_sep-jet-listing-dynamic-field-325742a',',',14,7,'','LINE','Field: Thousands separator (if used)',0,'','2384572c6f804ea1331b617e67e4d3f4','optional',0),
(228,'ar','elementor-369','dynamic_field_format-jet-listing-dynamic-field-325742a','%s',14,8,'','AREA','Field: Field format (if used)',0,'','0400314fbb9314d5b70f8c712551861b','optional',1),
(229,'ar','elementor-369','text-button-dd69e1a','عرض تفاصيل الخدمة',14,9,'','LINE','Button',0,'','66bce49fa42021e4ee283b156c05cc45','optional',3),
(230,'ar','gutenberg-368','0aa0232672ae3acedd375519cede2c76','نوفر خدمات الإنشاءات الشاملة وإدارة المرافق والصيانة المصممة لضمان التشغيل السلس وطول عمر المباني والبنية التحتية.<br/>نقدم بناء كامل النطاق للمباني السكنية والتجارية والصناعية.<br/>تشمل كفاءتنا الأساسية مراقبة الجودة وإدارة السلامة والالتزام بالمعايير التنظيمية.<br/>نحن متخصصون في تقديم حلول داخلية شاملة للمشاريع التجارية والسكنية ومشاريع المباني الأخرى.<br/>تشمل خدماتنا التصميم والتوريد والتنفيذ، مما يضمن تحولاً سلساً للمساحات.<br/>نقدم حلولاً عالية الجودة ومصممة خصيصاً تمزج بين الأداء الوظيفي والجمال من تجهيزات المكاتب إلى التصميمات الداخلية للمنازل.<br/>نضمن لعملائنا الاستفادة من بيئات موثوقة وفاعلة وآمنة مما يزيد من قيمة أصولهم مع مرور الوقت ، وذلك بتقديم خدمات البناء والمرافق والصيانة المتكاملة.',15,1,'','VISUAL','core/paragraph',0,'','02a85e22c5f8780867517c56c0611041','optional',99);

--
-- Table structure for table `wp7s_icl_translate`
--

CREATE TABLE `wp7s_icl_translate` (
  `tid` bigint(20) unsigned NOT NULL AUTO_INCREMENT,
  `job_id` bigint(20) unsigned NOT NULL,
  `content_id` bigint(20) unsigned NOT NULL,
  `timestamp` timestamp NOT NULL DEFAULT current_timestamp(),
  `field_type` varchar(160) NOT NULL,
  `field_wrap_tag` varchar(16) NOT NULL,
  `field_format` varchar(16) NOT NULL,
  `field_translate` tinyint(4) NOT NULL,
  `field_data` longtext NOT NULL,
  `field_data_translated` longtext NOT NULL,
  `field_finished` tinyint(4) NOT NULL DEFAULT 0,
  PRIMARY KEY (`tid`),
  KEY `job_id` (`job_id`)
) ENGINE=InnoDB AUTO_INCREMENT=391 DEFAULT CHARSET=utf8mb4 COLLATE=utf8mb4_unicode_520_ci;

--
-- Dumping data for table `wp7s_icl_translate`
--

INSERT INTO `wp7s_icl_translate` (`tid`, `job_id`, `content_id`, `timestamp`, `field_type`, `field_wrap_tag`, `field_format`, `field_translate`, `field_data`, `field_data_translated`, `field_finished`) VALUES (1,1,0,'2025-05-15 11:13:44','original_id','','',0,'698','',1),
(2,1,0,'2025-05-15 11:13:44','title','','base64',1,'UG9wdXAg4oCUIERldGFpbHMgU2VydmljZQ==','UG9wdXAg4oCUIERldGFpbHMgU2VydmljZSAtIEVuZ2xpc2g=',1),
(3,1,0,'2025-05-15 11:13:44','body','','base64',0,'[encoded data, 5044 characters]','[encoded data, 5908 characters]',1),
(4,1,0,'2025-05-15 11:13:44','excerpt','','base64',1,'','',1),
(5,1,0,'2025-05-15 11:13:44','package-string-1-14','h2','base64',1,'IzEgwqDZhdik2LPYs9ipINiq2YPYp9iq2YEg2KfZhNmH2YXZhSDZhNmE2YXZgtin2YjZhNin2Ko=','VGFrYXR1ZiBBbC1IaW1tIENvbnRyYWN0aW5nIEVzdGFibGlzaG1lbnQ=',1),
(6,1,0,'2025-05-15 11:13:44','package-string-1-15','','base64',1,'RiBqLCBZ','RiBqLCBZ',1),
(7,1,0,'2025-05-15 11:13:44','package-string-1-16','','base64',1,'Lg==','',1),
(8,1,0,'2025-05-15 11:13:44','package-string-1-17','','base64',1,'LA==','',1),
(9,1,0,'2025-05-15 11:13:44','package-string-1-18','','base64',1,'JXM=','JXM=',1),
(10,1,0,'2025-05-15 11:13:44','package-string-1-19','','base64',1,'RiBqLCBZ','RiBqLCBZ',1),
(11,1,0,'2025-05-15 11:13:44','package-string-1-20','','base64',1,'Lg==','',1),
(12,1,0,'2025-05-15 11:13:44','package-string-1-21','','base64',1,'LA==','',1),
(13,1,0,'2025-05-15 11:13:44','package-string-1-22','','base64',1,'JXM=','JXM=',1),
(21,3,0,'2025-05-15 11:13:44','original_id','','',0,'268','',1),
(22,3,0,'2025-05-15 11:13:44','title','','base64',1,'U2VjdGlvbiBUZW1wbGF0ZSDigJQgT3VyIE1lc3NhZ2UgKFRhYiAjMyk=','U2VjdGlvbiBUZW1wbGF0ZSDigJQgT3VyIE1lc3NhZ2UgKFRhYiAjMykgLSBFbmdsaXNo',1),
(23,3,0,'2025-05-15 11:13:44','body','','base64',0,'PHN2ZyB4bWxucz0iaHR0cDovL3d3dy53My5vcmcvMjAwMC9zdmciIGlkPSJMYXllcl8xIiBkYXRhLW5hbWU9IkxheWVyIDEiIHZpZXdCb3g9IjAgMCAyNCAyNCIgd2lkdGg9IjUxMiIgaGVpZ2h0PSI1MTIiPjxwYXRoIGQ9Ik0yMCw4Yy0yLjIxLDAtNC0xLjc5LTQtNFMxNy43OSwwLDIwLDBzNCwxLjc5LDQsNC0xLjc5LDQtNCw0Wm0tMTAuMTIsNi4xMmMxLjE3LDEuMTcsMy4wNywxLjE3LDQuMjQsMGw0LjMzLTQuMzNjLTIuNTYtLjY4LTQuNDUtMy4wMS00LjQ1LTUuNzksMC0uMzQsLjA0LS42NywuMDktMUgzYy0xLjE1LDAtMi4xMywuNjUtMi42NCwxLjZMOS44OCwxNC4xMlptMTEuMzEtNC4yNGwtNS42NSw1LjY1Yy0uOTcsLjk3LTIuMjYsMS40Ni0zLjU0LDEuNDZzLTIuNTYtLjQ5LTMuNTQtMS40NkwwLDcuMDdWMjRIMjRWOC40NmMtLjc4LC43LTEuNzQsMS4yLTIuODEsMS40MloiPjwvcGF0aD48L3N2Zz4JCQkKCQkJCQk8aDI+2LHYs9in2YTYqSDYtNix2YPYqtmG2Kc8L2gyPgkJCQkKCQk8cD7YqtmD2YXZhiDYsdiz2KfZhNiq2YbYpyDZgdmKINi12YXZitmFINmD2YQg2YXYpyDZhtmC2YjZhSDYqNmHINmB2Yog2KrZgtiv2YrZhSDZgtmK2YXYqSDYp9iz2KrYq9mG2KfYptmK2Kkg2YTYudmF2YTYp9im2YbYpyDZhdmGINiu2YTYp9mEINin2YTYrdmE2YjZhCDYp9mE2YXYqNiq2YPYsdipINmI2KfZhNit2LHZgdmK2Kkg2KfZhNmB2KfYptmC2Kkg2YjYp9mE2KrZhtmB2YrYsCDZgdmKINin2YTZiNmC2Kog2KfZhNmF2YbYp9iz2KguINmK2LnZhdmEINmB2LHZitmC2YbYpyDZhdiq2LnYr9ivINin2YTYqtiu2LXYtdin2Kog2KfZhNmF2YfZhtiv2LPZitmGINmI2YXYr9mK2LHZiiDYp9mE2YXYtNin2LHZiti5INmI2KfZhNit2LHZgdmK2YrZhiDYp9mE2YXZh9ix2Kkg2KjYtNmD2YQg2YXYqtmD2KfZhdmEINmE2KrYrdmC2YrZgiDYp9mE2KPZgdmD2KfYsSDYp9mE2LfZhdmI2K3YqSDZhdi5INi22YXYp9mGINij2LnZhNmJINmF2LnYp9mK2YrYsSDYp9mE2LPZhNin2YXYqSDZiNin2YTYp9iz2KrYr9in2YXYqSDZiNin2YTZg9mB2KfYodipLiDYp9mE2KrZgtiv2YrZhSDYp9mE2YXYs9iq2YXYsSDZhNmF2YbYqtis2KfYqiDYudin2YTZitipINin2YTYrNmI2K/YqSDYqNij2LPYudin2LEg2KrZhtin2YHYs9mK2Kkg2YXYuSDYp9mE2K3Zgdin2Lgg2LnZhNmJINin2YTZg9mB2KfYodipINin2YTYqti02LrZitmE2YrYqSDZiNiu2K/ZhdipINin2YTYudmF2YTYp9ihINin2YTYp9iz2KrYq9mG2KfYptmK2KkuPC9wPg==','PHN2ZyB4bWxucz0iaHR0cDovL3d3dy53My5vcmcvMjAwMC9zdmciIGlkPSJMYXllcl8xIiBkYXRhLW5hbWU9IkxheWVyIDEiIHZpZXdCb3g9IjAgMCAyNCAyNCIgd2lkdGg9IjUxMiIgaGVpZ2h0PSI1MTIiPjxwYXRoIGQ9Ik0yMCw4Yy0yLjIxLDAtNC0xLjc5LTQtNFMxNy43OSwwLDIwLDBzNCwxLjc5LDQsNC0xLjc5LDQtNCw0Wm0tMTAuMTIsNi4xMmMxLjE3LDEuMTcsMy4wNywxLjE3LDQuMjQsMGw0LjMzLTQuMzNjLTIuNTYtLjY4LTQuNDUtMy4wMS00LjQ1LTUuNzksMC0uMzQsLjA0LS42NywuMDktMUgzYy0xLjE1LDAtMi4xMywuNjUtMi42NCwxLjZMOS44OCwxNC4xMlptMTEuMzEtNC4yNGwtNS42NSw1LjY1Yy0uOTcsLjk3LTIuMjYsMS40Ni0zLjU0LDEuNDZzLTIuNTYtLjQ5LTMuNTQtMS40NkwwLDcuMDdWMjRIMjRWOC40NmMtLjc4LC43LTEuNzQsMS4yLTIuODEsMS40MloiPjwvcGF0aD48L3N2Zz4JCQkKCQkJCQk8aDI+T3VyIGNvbXBhbnkgbWlzc2lvbjwvaDI+CQkJCQoJCTxwPkF0IHRoZSBoZWFydCBvZiBldmVyeXRoaW5nIHdlIGRvIGlzIG91ciBtaXNzaW9uIHRvIGRlbGl2ZXIgZXhjZXB0aW9uYWwgdmFsdWUgdG8gb3VyIGNsaWVudHMgdGhyb3VnaCBpbm5vdmF0aXZlIHNvbHV0aW9ucywgc3VwZXJpb3IgY3JhZnRzbWFuc2hpcCwgYW5kIHRpbWVseSBleGVjdXRpb24uIE91ciBtdWx0aWRpc2NpcGxpbmFyeSB0ZWFtIG9mIGVuZ2luZWVycywgcHJvamVjdCBtYW5hZ2VycywgYW5kIHNraWxsZWQgY3JhZnRzbWVuIHdvcmsgdG9nZXRoZXIgdG8gcmVhbGl6ZSBhbWJpdGlvdXMgaWRlYXMgd2hpbGUgZW5zdXJpbmcgdGhlIGhpZ2hlc3Qgc3RhbmRhcmRzIG9mIHNhZmV0eSwgc3VzdGFpbmFiaWxpdHksIGFuZCBlZmZpY2llbmN5LiBDb25zaXN0ZW50bHkgZGVsaXZlcmluZyBoaWdoLXF1YWxpdHkgcHJvZHVjdHMgYXQgY29tcGV0aXRpdmUgcHJpY2VzIHdoaWxlIG1haW50YWluaW5nIG9wZXJhdGlvbmFsIGVmZmljaWVuY3kgYW5kIGV4Y2VwdGlvbmFsIGN1c3RvbWVyIHNlcnZpY2UuPC9wPg==',1),
(24,3,0,'2025-05-15 11:13:44','excerpt','','base64',1,'','',1),
(25,3,0,'2025-05-15 11:13:44','package-string-2-23','h2','base64',1,'2LHYs9in2YTYqSDYtNix2YPYqtmG2Kc=','T3VyIGNvbXBhbnkgbWlzc2lvbg==',1),
(26,3,0,'2025-05-15 11:13:44','package-string-2-24','','base64',1,'PHA+2KrZg9mF2YYg2LHYs9in2YTYqtmG2Kcg2YHZiiDYtdmF2YrZhSDZg9mEINmF2Kcg2YbZgtmI2YUg2KjZhyDZgdmKINiq2YLYr9mK2YUg2YLZitmF2Kkg2KfYs9iq2KvZhtin2KbZitipINmE2LnZhdmE2KfYptmG2Kcg2YXZhiDYrtmE2KfZhCDYp9mE2K3ZhNmI2YQg2KfZhNmF2KjYqtmD2LHYqSDZiNin2YTYrdix2YHZitipINin2YTZgdin2KbZgtipINmI2KfZhNiq2YbZgdmK2LAg2YHZiiDYp9mE2YjZgtiqINin2YTZhdmG2KfYs9ioLiDZiti52YXZhCDZgdix2YrZgtmG2Kcg2YXYqti52K/YryDYp9mE2KrYrti12LXYp9iqINin2YTZhdmH2YbYr9iz2YrZhiDZiNmF2K/Zitix2Yog2KfZhNmF2LTYp9ix2YrYuSDZiNin2YTYrdix2YHZitmK2YYg2KfZhNmF2YfYsdipINio2LTZg9mEINmF2KrZg9in2YXZhCDZhNiq2K3ZgtmK2YIg2KfZhNij2YHZg9in2LEg2KfZhNi32YXZiNit2Kkg2YXYuSDYttmF2KfZhiDYo9i52YTZiSDZhdi52KfZitmK2LEg2KfZhNiz2YTYp9mF2Kkg2YjYp9mE2KfYs9iq2K/Yp9mF2Kkg2YjYp9mE2YPZgdin2KHYqS4g2KfZhNiq2YLYr9mK2YUg2KfZhNmF2LPYqtmF2LEg2YTZhdmG2KrYrNin2Kog2LnYp9mE2YrYqSDYp9mE2KzZiNiv2Kkg2KjYo9iz2LnYp9ixINiq2YbYp9mB2LPZitipINmF2Lkg2KfZhNit2YHYp9i4INi52YTZiSDYp9mE2YPZgdin2KHYqSDYp9mE2KrYtNi62YrZhNmK2Kkg2YjYrtiv2YXYqSDYp9mE2LnZhdmE2KfYoSDYp9mE2KfYs9iq2KvZhtin2KbZitipLjwvcD4=','PHA+QXQgdGhlIGhlYXJ0IG9mIGV2ZXJ5dGhpbmcgd2UgZG8gaXMgb3VyIG1pc3Npb24gdG8gZGVsaXZlciBleGNlcHRpb25hbCB2YWx1ZSB0byBvdXIgY2xpZW50cyB0aHJvdWdoIGlubm92YXRpdmUgc29sdXRpb25zLCBzdXBlcmlvciBjcmFmdHNtYW5zaGlwLCBhbmQgdGltZWx5IGV4ZWN1dGlvbi4gT3VyIG11bHRpZGlzY2lwbGluYXJ5IHRlYW0gb2YgZW5naW5lZXJzLCBwcm9qZWN0IG1hbmFnZXJzLCBhbmQgc2tpbGxlZCBjcmFmdHNtZW4gd29yayB0b2dldGhlciB0byByZWFsaXplIGFtYml0aW91cyBpZGVhcyB3aGlsZSBlbnN1cmluZyB0aGUgaGlnaGVzdCBzdGFuZGFyZHMgb2Ygc2FmZXR5LCBzdXN0YWluYWJpbGl0eSwgYW5kIGVmZmljaWVuY3kuIENvbnNpc3RlbnRseSBkZWxpdmVyaW5nIGhpZ2gtcXVhbGl0eSBwcm9kdWN0cyBhdCBjb21wZXRpdGl2ZSBwcmljZXMgd2hpbGUgbWFpbnRhaW5pbmcgb3BlcmF0aW9uYWwgZWZmaWNpZW5jeSBhbmQgZXhjZXB0aW9uYWwgY3VzdG9tZXIgc2VydmljZS48L3A+',1),
(27,4,0,'2025-05-15 11:13:44','original_id','','',0,'259','',1),
(28,4,0,'2025-05-15 11:13:44','title','','base64',1,'U2VjdGlvbiBUZW1wbGF0ZSDigJQgT3VyIE1pc3Npb24gKFRhYiAjMik=','U2VjdGlvbiBUZW1wbGF0ZSDigJQgT3VyIE1pc3Npb24gKFRhYiAjMikgLSBFbmdsaXNo',1),
(29,4,0,'2025-05-15 11:13:44','body','','base64',0,'PGgyPiDCoNiq2YPYp9iq2YEg2KfZhNmH2YXZhSDZhNmE2YXZgtin2YjZhNin2Ko8L2gyPgkJCQkKCQkJCQk8aDI+LS0g2LHYpNmK2KrZhtinIC0tPC9oMj4JCQkJCgkJPHA+2YbZhNiq2LLZhSDYqNix2YrYp9iv2Kkg2KfZhNi12YbYp9i52Kkg2YXZhiDYrtmE2KfZhCDZiNi22Lkg2YXYudin2YrZitixINis2K/Zitiv2Kkg2YTZhNis2YjYr9ipINmI2KfZhNin2LPYqtiv2KfZhdipINmI2KfZhNin2KjYqtmD2KfYsdiMINmD2YXYpyDZhtmE2KrYstmFINio2KrYtNmD2YrZhCDYp9mE2YXYs9iq2YLYqNmEINio2YXYtNin2LHZiti5INmE2Kcg2KrZhNio2Yog2KfYrdiq2YrYp9is2KfYqiDYp9mE2YrZiNmFINmB2K3Ys9io2Iwg2KjZhCDYqtmF2KvZhCDYo9mK2LbYp9mLINil2LHYq9in2Ysg2YTZhNij2KzZitin2YQg2KfZhNmC2KfYr9mF2KkuINmG2YfYr9mBINil2YTZiSDYo9mGINmG2YPZiNmGINin2YTYtNix2YrZgyDYp9mE2YXZgdi22YQg2YjYp9mE2YXYtNmH2YjYsSDYqNin2YTZhtiy2KfZh9ipINmI2KfZhNmF2YjYq9mI2YLZitipINmI2KfZhNiq2YXZitiyINmB2Yog2YPZhCDZhdi02LHZiNi5INmG2LnZhdmEINi52YTZitmHLjwvcD4JCQoJCQkJCQkJPHVsPgoJCQkJCQkJPGxpPgoJCQkJCQkJPHN2ZyB4bWxucz0iaHR0cDovL3d3dy53My5vcmcvMjAwMC9zdmciIGlkPSJMYXllcl8xIiBkYXRhLW5hbWU9IkxheWVyIDEiIHZpZXdCb3g9IjAgMCAyNCAyNCIgd2lkdGg9IjUxMiIgaGVpZ2h0PSI1MTIiPjxwYXRoIGQ9Im0xMiwwQzUuMzgzLDAsMCw1LjM4MywwLDEyczUuMzgzLDEyLDEyLDEyLDEyLTUuMzgzLDEyLTEyUzE4LjYxNywwLDEyLDBabS0uMDkxLDE1LjQxOWMtLjM4Ny4zODctLjg5Ni41OC0xLjQwNy41OHMtMS4wMjUtLjE5NS0xLjQxNi0uNTg1bC0yLjc4Mi0yLjY5NiwxLjM5My0xLjQzNywyLjc5MywyLjcwNyw1LjgwOS01LjcwMSwxLjQwNCwxLjQyNS01Ljc5Myw1LjcwN1oiPjwvcGF0aD48L3N2Zz4JCQkJCQkKCQkJCQkJCQkJCdmC2YrZhdiq2YbYpyDZh9mKINiu2YTZgiDYudmF2YQg2KzYp9ivINmI2YXZiNmH2KjYqSDYp9it2KrYsdin2YHZitipLgoJCQkJCQkJCQk8L2xpPgoJCQkJCQk8L3VsPgoJCQkJCQkJPHVsPgoJCQkJCQkJPGxpPgoJCQkJCQkJPHN2ZyB4bWxucz0iaHR0cDovL3d3dy53My5vcmcvMjAwMC9zdmciIGlkPSJMYXllcl8xIiBkYXRhLW5hbWU9IkxheWVyIDEiIHZpZXdCb3g9IjAgMCAyNCAyNCIgd2lkdGg9IjUxMiIgaGVpZ2h0PSI1MTIiPjxwYXRoIGQ9Im0xMiwwQzUuMzgzLDAsMCw1LjM4MywwLDEyczUuMzgzLDEyLDEyLDEyLDEyLTUuMzgzLDEyLTEyUzE4LjYxNywwLDEyLDBabS0uMDkxLDE1LjQxOWMtLjM4Ny4zODctLjg5Ni41OC0xLjQwNy41OHMtMS4wMjUtLjE5NS0xLjQxNi0uNTg1bC0yLjc4Mi0yLjY5NiwxLjM5My0xLjQzNywyLjc5MywyLjcwNyw1LjgwOS01LjcwMSwxLjQwNCwxLjQyNS01Ljc5Myw1LjcwN1oiPjwvcGF0aD48L3N2Zz4JCQkJCQkKCQkJCQkJCQkJCdmG2K3Yp9mI2YQg2K/Yp9im2YXZi9inINil2LnYt9in2KEg2KfZhNmF2LLZitivINmF2YYg2KfZhNmC2YrZhdipINmI2KfZhNin2KjYqtmD2KfYsSDZhNmE2KPYudmF2KfZhC4KCQkJCQkJCQkJPC9saT4KCQkJCQkJPC91bD4KCQkJCQkJCTx1bD4KCQkJCQkJCTxsaT4KCQkJCQkJCTxzdmcgeG1sbnM9Imh0dHA6Ly93d3cudzMub3JnLzIwMDAvc3ZnIiBpZD0iTGF5ZXJfMSIgZGF0YS1uYW1lPSJMYXllciAxIiB2aWV3Qm94PSIwIDAgMjQgMjQiIHdpZHRoPSI1MTIiIGhlaWdodD0iNTEyIj48cGF0aCBkPSJtMTIsMEM1LjM4MywwLDAsNS4zODMsMCwxMnM1LjM4MywxMiwxMiwxMiwxMi01LjM4MywxMi0xMlMxOC42MTcsMCwxMiwwWm0tLjA5MSwxNS40MTljLS4zODcuMzg3LS44OTYuNTgtMS40MDcuNThzLTEuMDI1LS4xOTUtMS40MTYtLjU4NWwtMi43ODItMi42OTYsMS4zOTMtMS40MzcsMi43OTMsMi43MDcsNS44MDktNS43MDEsMS40MDQsMS40MjUtNS43OTMsNS43MDdaIj48L3BhdGg+PC9zdmc+CQkJCQkJCgkJCQkJCQkJCQnZhtit2YYg2YXZhti02KPYqSDZhdmC2KfZiNmE2KfYqiDZhdiq2YPYp9mF2YTYqSDYp9mE2K7Yr9mF2KfYqiDZhdmE2KrYstmF2YjZhiDYqNiq2K3ZiNmK2YQg2KfZhNix2KTZiSDYpdmE2Ykg2YjYp9mC2LkuCgkJCQkJCQkJCTwvbGk+CgkJCQkJCTwvdWw+CgkJCQkJCQk8dWw+CgkJCQkJCQk8bGk+CgkJCQkJCQk8c3ZnIHhtbG5zPSJodHRwOi8vd3d3LnczLm9yZy8yMDAwL3N2ZyIgaWQ9IkxheWVyXzEiIGRhdGEtbmFtZT0iTGF5ZXIgMSIgdmlld0JveD0iMCAwIDI0IDI0IiB3aWR0aD0iNTEyIiBoZWlnaHQ9IjUxMiI+PHBhdGggZD0ibTEyLDBDNS4zODMsMCwwLDUuMzgzLDAsMTJzNS4zODMsMTIsMTIsMTIsMTItNS4zODMsMTItMTJTMTguNjE3LDAsMTIsMFptLS4wOTEsMTUuNDE5Yy0uMzg3LjM4Ny0uODk2LjU4LTEuNDA3LjU4cy0xLjAyNS0uMTk1LTEuNDE2LS41ODVsLTIuNzgyLTIuNjk2LDEuMzkzLTEuNDM3LDIuNzkzLDIuNzA3LDUuODA5LTUuNzAxLDEuNDA0LDEuNDI1LTUuNzkzLDUuNzA3WiI+PC9wYXRoPjwvc3ZnPgkJCQkJCQoJCQkJCQkJCQkJ2K7YqNix2KrZhtinINi02KfZhdmE2Kkg2YHZiiDYrNmF2YrYuSDZhdis2KfZhNin2Kog2KfZhNio2YbYp9ihINmI2KfZhNio2YbZitipINin2YTYqtit2KrZitipLgoJCQkJCQkJCQk8L2xpPgoJCQkJCQk8L3VsPg==','PGgyPiBUYWthdHVmIEFsLUhpbW0gQ29udHJhY3Rpbmc8L2gyPgkJCQkKCQkJCQk8aDI+LS0gT3VyIHZpc2lvbiAtLTwvaDI+CQkJCQoJCTxwPldlIGFyZSBjb21taXR0ZWQgdG8gaW5kdXN0cnkgbGVhZGVyc2hpcCBieSBzZXR0aW5nIG5ldyBzdGFuZGFyZHMgZm9yIHF1YWxpdHksIHN1c3RhaW5hYmlsaXR5IGFuZCBpbm5vdmF0aW9uLiBXZSBhcmUgYWxzbyBjb21taXR0ZWQgdG8gc2hhcGluZyB0aGUgZnV0dXJlIHdpdGggcHJvamVjdHMgdGhhdCBub3Qgb25seSBtZWV0IHRvZGF5J3MgbmVlZHMsIEl0IGFsc28gcmVwcmVzZW50cyBhIGxlZ2FjeSBmb3IgZnV0dXJlIGdlbmVyYXRpb25zLiBXZSBhaW0gdG8gYmUgdGhlIHByZWZlcnJlZCBwYXJ0bmVyLCBrbm93biBmb3IgaW50ZWdyaXR5LCByZWxpYWJpbGl0eSBhbmQgZXhjZWxsZW5jZSBpbiBldmVyeSBwcm9qZWN0IHdlIHdvcmsgb24uPC9wPgkJCgkJCQkJCQk8dWw+CgkJCQkJCQk8bGk+CgkJCQkJCQk8c3ZnIHhtbG5zPSJodHRwOi8vd3d3LnczLm9yZy8yMDAwL3N2ZyIgaWQ9IkxheWVyXzEiIGRhdGEtbmFtZT0iTGF5ZXIgMSIgdmlld0JveD0iMCAwIDI0IDI0IiB3aWR0aD0iNTEyIiBoZWlnaHQ9IjUxMiI+PHBhdGggZD0ibTEyLDBDNS4zODMsMCwwLDUuMzgzLDAsMTJzNS4zODMsMTIsMTIsMTIsMTItNS4zODMsMTItMTJTMTguNjE3LDAsMTIsMFptLS4wOTEsMTUuNDE5Yy0uMzg3LjM4Ny0uODk2LjU4LTEuNDA3LjU4cy0xLjAyNS0uMTk1LTEuNDE2LS41ODVsLTIuNzgyLTIuNjk2LDEuMzkzLTEuNDM3LDIuNzkzLDIuNzA3LDUuODA5LTUuNzAxLDEuNDA0LDEuNDI1LTUuNzkzLDUuNzA3WiI+PC9wYXRoPjwvc3ZnPgkJCQkJCQoJCQkJCQkJCQkJT3VyIHZhbHVlIGlzIHRvIGNyZWF0ZSBoYXJkIHdvcmsgYW5kIHByb2Zlc3Npb25hbCB0YWxlbnQuCgkJCQkJCQkJCTwvbGk+CgkJCQkJCTwvdWw+CgkJCQkJCQk8dWw+CgkJCQkJCQk8bGk+CgkJCQkJCQk8c3ZnIHhtbG5zPSJodHRwOi8vd3d3LnczLm9yZy8yMDAwL3N2ZyIgaWQ9IkxheWVyXzEiIGRhdGEtbmFtZT0iTGF5ZXIgMSIgdmlld0JveD0iMCAwIDI0IDI0IiB3aWR0aD0iNTEyIiBoZWlnaHQ9IjUxMiI+PHBhdGggZD0ibTEyLDBDNS4zODMsMCwwLDUuMzgzLDAsMTJzNS4zODMsMTIsMTIsMTIsMTItNS4zODMsMTItMTJTMTguNjE3LDAsMTIsMFptLS4wOTEsMTUuNDE5Yy0uMzg3LjM4Ny0uODk2LjU4LTEuNDA3LjU4cy0xLjAyNS0uMTk1LTEuNDE2LS41ODVsLTIuNzgyLTIuNjk2LDEuMzkzLTEuNDM3LDIuNzkzLDIuNzA3LDUuODA5LTUuNzAxLDEuNDA0LDEuNDI1LTUuNzkzLDUuNzA3WiI+PC9wYXRoPjwvc3ZnPgkJCQkJCQoJCQkJCQkJCQkJV2UgYWx3YXlzIHRyeSB0byBnaXZlIG1vcmUgdmFsdWUgYW5kIGlubm92YXRpb24gdG8gdGhlIGJ1c2luZXNzLgoJCQkJCQkJCQk8L2xpPgoJCQkJCQk8L3VsPgoJCQkJCQkJPHVsPgoJCQkJCQkJPGxpPgoJCQkJCQkJPHN2ZyB4bWxucz0iaHR0cDovL3d3dy53My5vcmcvMjAwMC9zdmciIGlkPSJMYXllcl8xIiBkYXRhLW5hbWU9IkxheWVyIDEiIHZpZXdCb3g9IjAgMCAyNCAyNCIgd2lkdGg9IjUxMiIgaGVpZ2h0PSI1MTIiPjxwYXRoIGQ9Im0xMiwwQzUuMzgzLDAsMCw1LjM4MywwLDEyczUuMzgzLDEyLDEyLDEyLDEyLTUuMzgzLDEyLTEyUzE4LjYxNywwLDEyLDBabS0uMDkxLDE1LjQxOWMtLjM4Ny4zODctLjg5Ni41OC0xLjQwNy41OHMtMS4wMjUtLjE5NS0xLjQxNi0uNTg1bC0yLjc4Mi0yLjY5NiwxLjM5My0xLjQzNywyLjc5MywyLjcwNyw1LjgwOS01LjcwMSwxLjQwNCwxLjQyNS01Ljc5Myw1LjcwN1oiPjwvcGF0aD48L3N2Zz4JCQkJCQkKCQkJCQkJCQkJCVdlIGFyZSBhIGZ1bGwtc2VydmljZSBjb250cmFjdGluZyBmYWNpbGl0eSBjb21taXR0ZWQgdG8gdHVybmluZyB2aXNpb25zIGludG8gcmVhbGl0eS4KCQkJCQkJCQkJPC9saT4KCQkJCQkJPC91bD4KCQkJCQkJCTx1bD4KCQkJCQkJCTxsaT4KCQkJCQkJCTxzdmcgeG1sbnM9Imh0dHA6Ly93d3cudzMub3JnLzIwMDAvc3ZnIiBpZD0iTGF5ZXJfMSIgZGF0YS1uYW1lPSJMYXllciAxIiB2aWV3Qm94PSIwIDAgMjQgMjQiIHdpZHRoPSI1MTIiIGhlaWdodD0iNTEyIj48cGF0aCBkPSJtMTIsMEM1LjM4MywwLDAsNS4zODMsMCwxMnM1LjM4MywxMiwxMiwxMiwxMi01LjM4MywxMi0xMlMxOC42MTcsMCwxMiwwWm0tLjA5MSwxNS40MTljLS4zODcuMzg3LS44OTYuNTgtMS40MDcuNThzLTEuMDI1LS4xOTUtMS40MTYtLjU4NWwtMi43ODItMi42OTYsMS4zOTMtMS40MzcsMi43OTMsMi43MDcsNS44MDktNS43MDEsMS40MDQsMS40MjUtNS43OTMsNS43MDdaIj48L3BhdGg+PC9zdmc+CQkJCQkJCgkJCQkJCQkJCQlPdXIgZXhwZXJpZW5jZSBpcyBjb21wcmVoZW5zaXZlIGluIGFsbCBhcmVhcyBvZiBjb25zdHJ1Y3Rpb24gYW5kIGluZnJhc3RydWN0dXJlLgoJCQkJCQkJCQk8L2xpPgoJCQkJCQk8L3VsPg==',1),
(30,4,0,'2025-05-15 11:13:44','excerpt','','base64',1,'','',1),
(31,4,0,'2025-05-15 11:13:44','package-string-3-25','h2','base64',1,'IMKg2KrZg9in2KrZgSDYp9mE2YfZhdmFINmE2YTZhdmC2KfZiNmE2KfYqg==','IFRha2F0dWYgQWwtSGltbSBDb250cmFjdGluZw==',1),
(32,4,0,'2025-05-15 11:13:44','package-string-3-26','h2','base64',1,'LS0g2LHYpNmK2KrZhtinIC0t','LS0gT3VyIHZpc2lvbiAtLQ==',1),
(33,4,0,'2025-05-15 11:13:44','package-string-3-27','','base64',1,'PHA+2YbZhNiq2LLZhSDYqNix2YrYp9iv2Kkg2KfZhNi12YbYp9i52Kkg2YXZhiDYrtmE2KfZhCDZiNi22Lkg2YXYudin2YrZitixINis2K/Zitiv2Kkg2YTZhNis2YjYr9ipINmI2KfZhNin2LPYqtiv2KfZhdipINmI2KfZhNin2KjYqtmD2KfYsdiMINmD2YXYpyDZhtmE2KrYstmFINio2KrYtNmD2YrZhCDYp9mE2YXYs9iq2YLYqNmEINio2YXYtNin2LHZiti5INmE2Kcg2KrZhNio2Yog2KfYrdiq2YrYp9is2KfYqiDYp9mE2YrZiNmFINmB2K3Ys9io2Iwg2KjZhCDYqtmF2KvZhCDYo9mK2LbYp9mLINil2LHYq9in2Ysg2YTZhNij2KzZitin2YQg2KfZhNmC2KfYr9mF2KkuINmG2YfYr9mBINil2YTZiSDYo9mGINmG2YPZiNmGINin2YTYtNix2YrZgyDYp9mE2YXZgdi22YQg2YjYp9mE2YXYtNmH2YjYsSDYqNin2YTZhtiy2KfZh9ipINmI2KfZhNmF2YjYq9mI2YLZitipINmI2KfZhNiq2YXZitiyINmB2Yog2YPZhCDZhdi02LHZiNi5INmG2LnZhdmEINi52YTZitmHLjwvcD4=','PHA+V2UgYXJlIGNvbW1pdHRlZCB0byBpbmR1c3RyeSBsZWFkZXJzaGlwIGJ5IHNldHRpbmcgbmV3IHN0YW5kYXJkcyBmb3IgcXVhbGl0eSwgc3VzdGFpbmFiaWxpdHkgYW5kIGlubm92YXRpb24uIFdlIGFyZSBhbHNvIGNvbW1pdHRlZCB0byBzaGFwaW5nIHRoZSBmdXR1cmUgd2l0aCBwcm9qZWN0cyB0aGF0IG5vdCBvbmx5IG1lZXQgdG9kYXkncyBuZWVkcywgSXQgYWxzbyByZXByZXNlbnRzIGEgbGVnYWN5IGZvciBmdXR1cmUgZ2VuZXJhdGlvbnMuIFdlIGFpbSB0byBiZSB0aGUgcHJlZmVycmVkIHBhcnRuZXIsIGtub3duIGZvciBpbnRlZ3JpdHksIHJlbGlhYmlsaXR5IGFuZCBleGNlbGxlbmNlIGluIGV2ZXJ5IHByb2plY3Qgd2Ugd29yayBvbi48L3A+',1),
(34,4,0,'2025-05-15 11:13:44','package-string-3-28','','base64',1,'2YLZitmF2KrZhtinINmH2Yog2K7ZhNmCINi52YXZhCDYrNin2K8g2YjZhdmI2YfYqNipINin2K3Yqtix2KfZgdmK2Kku','T3VyIHZhbHVlIGlzIHRvIGNyZWF0ZSBoYXJkIHdvcmsgYW5kIHByb2Zlc3Npb25hbCB0YWxlbnQu',1),
(35,4,0,'2025-05-15 11:13:44','package-string-3-29','','base64',1,'2YbYrdin2YjZhCDYr9in2KbZhdmL2Kcg2KXYudi32KfYoSDYp9mE2YXYstmK2K8g2YXZhiDYp9mE2YLZitmF2Kkg2YjYp9mE2KfYqNiq2YPYp9ixINmE2YTYo9i52YXYp9mELg==','V2UgYWx3YXlzIHRyeSB0byBnaXZlIG1vcmUgdmFsdWUgYW5kIGlubm92YXRpb24gdG8gdGhlIGJ1c2luZXNzLg==',1),
(36,4,0,'2025-05-15 11:13:44','package-string-3-30','','base64',1,'2YbYrdmGINmF2YbYtNij2Kkg2YXZgtin2YjZhNin2Kog2YXYqtmD2KfZhdmE2Kkg2KfZhNiu2K/Zhdin2Kog2YXZhNiq2LLZhdmI2YYg2KjYqtit2YjZitmEINin2YTYsdik2Ykg2KXZhNmJINmI2KfZgti5Lg==','V2UgYXJlIGEgZnVsbC1zZXJ2aWNlIGNvbnRyYWN0aW5nIGZhY2lsaXR5IGNvbW1pdHRlZCB0byB0dXJuaW5nIHZpc2lvbnMgaW50byByZWFsaXR5Lg==',1),
(37,4,0,'2025-05-15 11:13:44','package-string-3-31','','base64',1,'2K7YqNix2KrZhtinINi02KfZhdmE2Kkg2YHZiiDYrNmF2YrYuSDZhdis2KfZhNin2Kog2KfZhNio2YbYp9ihINmI2KfZhNio2YbZitipINin2YTYqtit2KrZitipLg==','T3VyIGV4cGVyaWVuY2UgaXMgY29tcHJlaGVuc2l2ZSBpbiBhbGwgYXJlYXMgb2YgY29uc3RydWN0aW9uIGFuZCBpbmZyYXN0cnVjdHVyZS4=',1),
(38,5,0,'2025-05-15 11:13:44','original_id','','',0,'244','',1),
(39,5,0,'2025-05-15 11:13:44','title','','base64',1,'U2VjdGlvbiBUZW1wbGF0ZSDigJQgU3BlZWNoIGhlYWQgYWRtaW5pc3RyYXRpb24gKFRhYiAjMSk=','U2VjdGlvbiBUZW1wbGF0ZSDigJQgU3BlZWNoIGhlYWQgYWRtaW5pc3RyYXRpb24gKFRhYiAjMSkgLSBFbmdsaXNo',1),
(40,5,0,'2025-05-15 11:13:44','body','','base64',0,'PHN2ZyB4bWxucz0iaHR0cDovL3d3dy53My5vcmcvMjAwMC9zdmciIGlkPSJMYXllcl8xIiBkYXRhLW5hbWU9IkxheWVyIDEiIHZpZXdCb3g9IjAgMCAyNCAyNCIgd2lkdGg9IjUxMiIgaGVpZ2h0PSI1MTIiPjxnIGlkPSJfMTNfcXVvdGUiIGRhdGEtbmFtZT0iMTMgcXVvdGUiPjxwYXRoIGQ9Ik0wLDh2Nkg3LjkxQTYuMDA2LDYuMDA2LDAsMCwxLDIsMTl2MmE4LjAwOSw4LjAwOSwwLDAsMCw4LThWNEg0QTQsNCwwLDAsMCwwLDhaIj48L3BhdGg+PHBhdGggZD0iTTE4LDRhNCw0LDAsMCwwLTQsNHY2aDcuOTFBNi4wMDYsNi4wMDYsMCwwLDEsMTYsMTl2MmE4LjAwOSw4LjAwOSwwLDAsMCw4LThWNFoiPjwvcGF0aD48L2c+PC9zdmc+CQkJCgkJCQkJPGgyPtmD2YTZhdipINin2YTZhdiv2YrYsSDYp9mE2LnYp9mFPC9oMj4JCQkJCgkJPHA+2KjYtdmB2KrZhtinINmF2YbYtNij2Kkg2LnYp9im2YTZitip2Iwg2YHYpdmG2YbYpyDZhtiz2KrYq9mF2LEg2KjYudmF2YIg2YHZiiDZhdmI2LjZgdmK2YbYpyDZiNmG2YTYqtiy2YUg2KrYrNin2YfZh9mFLiDZgdio2K/ZiNmGINmF2YjZh9io2KrZh9mFINmI2KrYudin2YjZhtmH2YUg2YjYp9mG2K/Zgdin2LnZh9mF2Iwg2YTZhiDZitmD2YjZhtio2YbYp9ik2YbYpyDZh9mIINin2YTYo9mB2LbZhC4g2YrYudiq2YXYryDYqtmF2YrYstmG2Kcg2YHZiiDYp9mE2K3Yp9i22LEg2YjYp9mE2YXYs9iq2YLYqNmEINi52YTZiSDYp9iz2KrZgti32KfYqNmG2Kcg2YTYo9mB2LbZhCDZiNij2YTZhdi5INin2YTZhdmI2KfZh9ioINin2YTZhdiq2KfYrdipINmI2KfZhNin2K3YqtmB2KfYuCDYqNmH2KcuINmI2YXZhiDYrtmE2KfZhCDYqtmI2YHZitixINin2YTYqtiv2LHZitioINmI2KfZhNiq2LfZiNmK2LEg2KfZhNmI2LjZitmB2YrYjCDZiNio2YrYptipINi52YXZhCDZhdio2KrZg9ix2KnYjCDZiNir2YLYp9mB2Kkg2YXYrNiy2YrYqdiMINmG2LbZhdmGINmC2YjYqSDZhdik2LPYs9iq2YbYpyDZiNis2KfZh9iy2YrYqtmH2Kcg2YTYrtiv2YXYqSDYtNix2YPYp9im2YbYpyDZiNi52YXZhNin2KbZhtinINi52YTZiSDYo9mD2YXZhCDZiNis2YcuPC9wPjxwPtiq2KPYqtmKINmC2YjYqtmG2Kcg2YXZhiDYrtio2LHYqtmG2Kcg2KfZhNix2KfYs9iu2Kkg2YHZiiDZh9iw2Kcg2KfZhNmF2KzYp9mE2Iwg2YjYrNiw2YjYsdmG2Kcg2KfZhNmF2KzYqtmF2LnZitipINin2YTYudmF2YrZgtip2Iwg2YjYudmE2KfZgtin2KrZhtinINin2YTZiNir2YrZgtipINmF2Lkg2KfZhNi52YXZhNin2KEg2YjYp9mE2LTYsdmD2KfYoSDZiNij2LXYrdin2Kgg2KfZhNmF2LXZhNit2Kkg2KfZhNix2KbZitiz2YrZitmGLiDZhtmE2KrYstmFINio2KfZhNiq2YXZitiyINmF2YYg2KjYr9in2YrYqSDZg9mEINmF2LTYp9ix2YPYqSDZhNmG2KcuINiq2LnYqtmF2K8g2LPZhdi52KrZhtinINi52YTZiSDYqtmC2K/ZitmFINin2YTZgtmK2YXYqdiMINmI2KfZhNi52YXZhCDYp9mE2KzZhdin2LnZiiDYp9mE2YXYqtmB2YjZgtiMINmI2KfZhNit2YTZiNmEINin2YTYpdio2K/Yp9i52YrYqdiMINmI2KfZhNi02LHYp9ix2Kkg2KfZhNmF2KjYqtmD2LHYqdiMINmI2KfZhNin2YTYqtiy2KfZhSDYp9mE2KvYp9io2KouINiq2YbYudmD2LMg2YXYs9in2YfZhdin2KrZhtinINin2YTYr9in2KbZhdipINmB2Yog2KfZhNij2LXZiNmEINin2YTZhdin2K/ZitipINmI2YPYsNmE2YMg2YHZiiDYq9mC2Kkg2LnZhdmE2KfYptmG2KcuINmG2KTZhdmGINio2KfZhNis2YjYr9ipINmI2YTZhiDZhtiz2KfZiNmFINij2KjYr9in2Ysg2KrYrdiqINij2Yog2LjYsdmBINmF2YYg2KfZhNi42LHZiNmBLjwvcD4=','PHN2ZyB4bWxucz0iaHR0cDovL3d3dy53My5vcmcvMjAwMC9zdmciIGlkPSJMYXllcl8xIiBkYXRhLW5hbWU9IkxheWVyIDEiIHZpZXdCb3g9IjAgMCAyNCAyNCIgd2lkdGg9IjUxMiIgaGVpZ2h0PSI1MTIiPjxnIGlkPSJfMTNfcXVvdGUiIGRhdGEtbmFtZT0iMTMgcXVvdGUiPjxwYXRoIGQ9Ik0wLDh2Nkg3LjkxQTYuMDA2LDYuMDA2LDAsMCwxLDIsMTl2MmE4LjAwOSw4LjAwOSwwLDAsMCw4LThWNEg0QTQsNCwwLDAsMCwwLDhaIj48L3BhdGg+PHBhdGggZD0iTTE4LDRhNCw0LDAsMCwwLTQsNHY2aDcuOTFBNi4wMDYsNi4wMDYsMCwwLDEsMTYsMTl2MmE4LjAwOSw4LjAwOSwwLDAsMCw4LThWNFoiPjwvcGF0aD48L2c+PC9zdmc+CQkJCgkJCQkJPGgyPlNwZWVjaCBvZiB0aGUgR2VuZXJhbCBNYW5hZ2VyPC9oMj4JCQkJCgkJPHA+QXMgYSBmYW1pbHkgYnVzaW5lc3MsIFdlIGludmVzdCBkZWVwbHkgaW4gYW5kIGFyZSBjb21taXR0ZWQgdG8gb3VyIGVtcGxveWVlcy4gV2l0aG91dCB0aGVpciB0YWxlbnQsIGNvb3BlcmF0aW9uIGFuZCBkcml2ZSwgT3VyIGJ1aWxkaW5nIHdpbGwgbm90IGJlIHRoZSBiZXN0LiBPdXIgcHJlc2VudCBhbmQgZnV0dXJlIGV4Y2VsbGVuY2UgZGVwZW5kcyBvbiBhdHRyYWN0aW5nIGFuZCByZXRhaW5pbmcgdGhlIGJlc3QgYW5kIGJyaWdodGVzdCB0YWxlbnQgYXZhaWxhYmxlLiBCeSBwcm92aWRpbmcgdHJhaW5pbmcgYW5kIGNhcmVlciBkZXZlbG9wbWVudCwgYW5kIGFuIGlubm92YXRpdmUgd29yayBlbnZpcm9ubWVudCwgYW5kIHJld2FyZGluZyBjdWx0dXJlLCBXZSBlbnN1cmUgdGhhdCBvdXIgb3JnYW5pemF0aW9uIGlzIHN0cm9uZyBhbmQgcmVhZHkgdG8gc2VydmUgb3VyIHBhcnRuZXJzIGFuZCBjbGllbnRzIHRvIHRoZSBmdWxsZXN0LjwvcD48cD5PdXIgc3RyZW5ndGggY29tZXMgZnJvbSBvdXIgc29saWQgZXhwZXJpZW5jZSBpbiB0aGlzIGZpZWxkLCBBbmQgb3VyIGRlZXAgY29tbXVuaXR5IHJvb3RzLCBPdXIgY2xvc2UgcmVsYXRpb25zaGlwcyB3aXRoIGNsaWVudHMsIHBhcnRuZXJzIGFuZCBrZXkgc3Rha2Vob2xkZXJzLiBXZSBhcmUgY29tbWl0dGVkIHRvIGV4Y2VsbGVuY2UgZnJvbSB0aGUgYmVnaW5uaW5nIG9mIGV2ZXJ5IGVuZ2FnZW1lbnQuIE91ciByZXB1dGF0aW9uIGlzIGJhc2VkIG9uIGRlbGl2ZXJpbmcgdmFsdWUsIGFuZCBzdXBlcmlvciB0ZWFtd29yaywgYW5kIGNyZWF0aXZlIHNvbHV0aW9ucywgQW5kIHRoZSBpbm5vdmF0aXZlIHNwYXJrLCBBbmQgZmlybSBjb21taXRtZW50LiBPdXIgbGFzdGluZyBjb250cmlidXRpb25zIGFyZSByZWZsZWN0ZWQgaW4gb3VyIHBoeXNpY2FsIGFzc2V0cyBhcyB3ZWxsIGFzIGluIHRoZSB0cnVzdCBvZiBvdXIgY3VzdG9tZXJzLiBXZSBiZWxpZXZlIGluIHF1YWxpdHkgYW5kIHdpbGwgbmV2ZXIgY29tcHJvbWlzZSB1bmRlciBhbnkgY2lyY3Vtc3RhbmNlcy48L3A+',1),
(41,5,0,'2025-05-15 11:13:44','excerpt','','base64',1,'','',1),
(42,5,0,'2025-05-15 11:13:44','package-string-4-32','h2','base64',1,'2YPZhNmF2Kkg2KfZhNmF2K/ZitixINin2YTYudin2YU=','U3BlZWNoIG9mIHRoZSBHZW5lcmFsIE1hbmFnZXI=',1),
(43,5,0,'2025-05-15 11:13:44','package-string-4-33','','base64',1,'PHA+2KjYtdmB2KrZhtinINmF2YbYtNij2Kkg2LnYp9im2YTZitip2Iwg2YHYpdmG2YbYpyDZhtiz2KrYq9mF2LEg2KjYudmF2YIg2YHZiiDZhdmI2LjZgdmK2YbYpyDZiNmG2YTYqtiy2YUg2KrYrNin2YfZh9mFLiDZgdio2K/ZiNmGINmF2YjZh9io2KrZh9mFINmI2KrYudin2YjZhtmH2YUg2YjYp9mG2K/Zgdin2LnZh9mF2Iwg2YTZhiDZitmD2YjZhtio2YbYp9ik2YbYpyDZh9mIINin2YTYo9mB2LbZhC4g2YrYudiq2YXYryDYqtmF2YrYstmG2Kcg2YHZiiDYp9mE2K3Yp9i22LEg2YjYp9mE2YXYs9iq2YLYqNmEINi52YTZiSDYp9iz2KrZgti32KfYqNmG2Kcg2YTYo9mB2LbZhCDZiNij2YTZhdi5INin2YTZhdmI2KfZh9ioINin2YTZhdiq2KfYrdipINmI2KfZhNin2K3YqtmB2KfYuCDYqNmH2KcuINmI2YXZhiDYrtmE2KfZhCDYqtmI2YHZitixINin2YTYqtiv2LHZitioINmI2KfZhNiq2LfZiNmK2LEg2KfZhNmI2LjZitmB2YrYjCDZiNio2YrYptipINi52YXZhCDZhdio2KrZg9ix2KnYjCDZiNir2YLYp9mB2Kkg2YXYrNiy2YrYqdiMINmG2LbZhdmGINmC2YjYqSDZhdik2LPYs9iq2YbYpyDZiNis2KfZh9iy2YrYqtmH2Kcg2YTYrtiv2YXYqSDYtNix2YPYp9im2YbYpyDZiNi52YXZhNin2KbZhtinINi52YTZiSDYo9mD2YXZhCDZiNis2YcuPC9wPjxwPtiq2KPYqtmKINmC2YjYqtmG2Kcg2YXZhiDYrtio2LHYqtmG2Kcg2KfZhNix2KfYs9iu2Kkg2YHZiiDZh9iw2Kcg2KfZhNmF2KzYp9mE2Iwg2YjYrNiw2YjYsdmG2Kcg2KfZhNmF2KzYqtmF2LnZitipINin2YTYudmF2YrZgtip2Iwg2YjYudmE2KfZgtin2KrZhtinINin2YTZiNir2YrZgtipINmF2Lkg2KfZhNi52YXZhNin2KEg2YjYp9mE2LTYsdmD2KfYoSDZiNij2LXYrdin2Kgg2KfZhNmF2LXZhNit2Kkg2KfZhNix2KbZitiz2YrZitmGLiDZhtmE2KrYstmFINio2KfZhNiq2YXZitiyINmF2YYg2KjYr9in2YrYqSDZg9mEINmF2LTYp9ix2YPYqSDZhNmG2KcuINiq2LnYqtmF2K8g2LPZhdi52KrZhtinINi52YTZiSDYqtmC2K/ZitmFINin2YTZgtmK2YXYqdiMINmI2KfZhNi52YXZhCDYp9mE2KzZhdin2LnZiiDYp9mE2YXYqtmB2YjZgtiMINmI2KfZhNit2YTZiNmEINin2YTYpdio2K/Yp9i52YrYqdiMINmI2KfZhNi02LHYp9ix2Kkg2KfZhNmF2KjYqtmD2LHYqdiMINmI2KfZhNin2YTYqtiy2KfZhSDYp9mE2KvYp9io2KouINiq2YbYudmD2LMg2YXYs9in2YfZhdin2KrZhtinINin2YTYr9in2KbZhdipINmB2Yog2KfZhNij2LXZiNmEINin2YTZhdin2K/ZitipINmI2YPYsNmE2YMg2YHZiiDYq9mC2Kkg2LnZhdmE2KfYptmG2KcuINmG2KTZhdmGINio2KfZhNis2YjYr9ipINmI2YTZhiDZhtiz2KfZiNmFINij2KjYr9in2Ysg2KrYrdiqINij2Yog2LjYsdmBINmF2YYg2KfZhNi42LHZiNmBLjwvcD4=','PHA+QXMgYSBmYW1pbHkgYnVzaW5lc3MsIFdlIGludmVzdCBkZWVwbHkgaW4gYW5kIGFyZSBjb21taXR0ZWQgdG8gb3VyIGVtcGxveWVlcy4gV2l0aG91dCB0aGVpciB0YWxlbnQsIGNvb3BlcmF0aW9uIGFuZCBkcml2ZSwgT3VyIGJ1aWxkaW5nIHdpbGwgbm90IGJlIHRoZSBiZXN0LiBPdXIgcHJlc2VudCBhbmQgZnV0dXJlIGV4Y2VsbGVuY2UgZGVwZW5kcyBvbiBhdHRyYWN0aW5nIGFuZCByZXRhaW5pbmcgdGhlIGJlc3QgYW5kIGJyaWdodGVzdCB0YWxlbnQgYXZhaWxhYmxlLiBCeSBwcm92aWRpbmcgdHJhaW5pbmcgYW5kIGNhcmVlciBkZXZlbG9wbWVudCwgYW5kIGFuIGlubm92YXRpdmUgd29yayBlbnZpcm9ubWVudCwgYW5kIHJld2FyZGluZyBjdWx0dXJlLCBXZSBlbnN1cmUgdGhhdCBvdXIgb3JnYW5pemF0aW9uIGlzIHN0cm9uZyBhbmQgcmVhZHkgdG8gc2VydmUgb3VyIHBhcnRuZXJzIGFuZCBjbGllbnRzIHRvIHRoZSBmdWxsZXN0LjwvcD48cD5PdXIgc3RyZW5ndGggY29tZXMgZnJvbSBvdXIgc29saWQgZXhwZXJpZW5jZSBpbiB0aGlzIGZpZWxkLCBBbmQgb3VyIGRlZXAgY29tbXVuaXR5IHJvb3RzLCBPdXIgY2xvc2UgcmVsYXRpb25zaGlwcyB3aXRoIGNsaWVudHMsIHBhcnRuZXJzIGFuZCBrZXkgc3Rha2Vob2xkZXJzLiBXZSBhcmUgY29tbWl0dGVkIHRvIGV4Y2VsbGVuY2UgZnJvbSB0aGUgYmVnaW5uaW5nIG9mIGV2ZXJ5IGVuZ2FnZW1lbnQuIE91ciByZXB1dGF0aW9uIGlzIGJhc2VkIG9uIGRlbGl2ZXJpbmcgdmFsdWUsIGFuZCBzdXBlcmlvciB0ZWFtd29yaywgYW5kIGNyZWF0aXZlIHNvbHV0aW9ucywgQW5kIHRoZSBpbm5vdmF0aXZlIHNwYXJrLCBBbmQgZmlybSBjb21taXRtZW50LiBPdXIgbGFzdGluZyBjb250cmlidXRpb25zIGFyZSByZWZsZWN0ZWQgaW4gb3VyIHBoeXNpY2FsIGFzc2V0cyBhcyB3ZWxsIGFzIGluIHRoZSB0cnVzdCBvZiBvdXIgY3VzdG9tZXJzLiBXZSBiZWxpZXZlIGluIHF1YWxpdHkgYW5kIHdpbGwgbmV2ZXIgY29tcHJvbWlzZSB1bmRlciBhbnkgY2lyY3Vtc3RhbmNlcy48L3A+',1),
(44,6,0,'2025-05-15 11:13:44','original_id','','',0,'23','',0),
(45,6,0,'2025-05-15 11:13:44','title','','base64',1,'2YLYsdmK2KjYpw==','YWxtb3N0',1),
(46,6,0,'2025-05-15 11:13:44','body','','base64',0,'PGgyPtmC2LHZitio2KfZiyDYs9mK2KrZhSDYpdi32YTYp9mCINmF2YjZgti52YbYpzwvaDI+','',0),
(47,6,0,'2025-05-15 11:13:44','excerpt','','base64',1,'','',0),
(48,6,0,'2025-05-15 11:13:44','package-string-5-34','h2','base64',1,'2YLYsdmK2KjYp9mLINiz2YrYqtmFINil2LfZhNin2YIg2YXZiNmC2LnZhtin','T3VyIHdlYnNpdGUgd2lsbCBiZSBsYXVuY2hlZCBzb29u',1),
(49,7,0,'2025-05-15 11:13:44','original_id','','',0,'21','',1),
(50,7,0,'2025-05-15 11:13:44','title','','base64',1,'2KrZiNin2LXZhCDZhdi52YbYpw==','Q29udGFjdCB1cw==',1),
(51,7,0,'2025-05-15 11:13:44','body','','base64',0,'[encoded data, 11040 characters]','[encoded data, 10588 characters]',1),
(52,7,0,'2025-05-15 11:13:44','excerpt','','base64',1,'','',1),
(53,7,0,'2025-05-15 11:13:44','package-string-6-35','h2','base64',1,'IMKg2KrZg9in2KrZgSDYp9mE2YfZhdmFINmE2YTZhdmC2KfZiNmE2KfYqg==','IFRha2F0dWYgQWwtSGltbSBDb250cmFjdGluZw==',1),
(54,7,0,'2025-05-15 11:13:44','package-string-6-36','h2','base64',1,'2KrZiNin2LXZhCDZhdi52YbYpw==','Q29udGFjdCB1cw==',1),
(55,7,0,'2025-05-15 11:13:44','package-string-6-37','','base64',1,'PHA+2YbYrdmGINmH2YbYpyDZhdmGINij2KzZhNmDISDYs9mI2KfYoSDZg9in2YYg2YTYr9mK2YMg2KfYs9iq2YHYs9in2LHYjCDZgdmD2LHYqdiMINij2Ygg2LHYutio2Kkg2KjYp9mE2KrYudin2YjZhtiMINmK2LPYudiv2YbYpyDYs9mF2KfYudmDINmI2KfZhNiq2YjYp9i12YQg2YXYudmDLiDZgdix2YrZgtmG2Kcg2YXYs9iq2LnYryDZhNmE2LHYryDYudmE2Ykg2KzZhdmK2Lkg2KfYs9iq2YHYs9in2LHYp9iq2YMg2YjYqtmC2K/ZitmFINin2YTYr9i52YUg2KfZhNiw2Yog2KrYrdiq2KfYrNmHINmB2Yog2KPYs9ix2Lkg2YjZgtiqINmF2YXZg9mGLjwvcD4=','PHA+V2UgYXJlIGhlcmUgZm9yIHlvdSEgV2hldGhlciB5b3UgaGF2ZSBhIHF1ZXN0aW9uLCBhbiBpZGVhLCBvciBhIGRlc2lyZSB0byBjb29wZXJhdGUsIFdlIGxvb2sgZm9yd2FyZCB0byBoZWFyaW5nIGZyb20geW91IGFuZCBjb25uZWN0aW5nIHdpdGggeW91LiBPdXIgdGVhbSBpcyByZWFkeSB0byBhbnN3ZXIgYWxsIHlvdXIgaW5xdWlyaWVzIGFuZCBwcm92aWRlIHRoZSBzdXBwb3J0IHlvdSBuZWVkIGFzIHF1aWNrbHkgYXMgcG9zc2libGUuPC9wPg==',1),
(56,7,0,'2025-05-15 11:13:44','package-string-6-38','p','base64',1,'2KrZiNin2LXZhCDZhdi52YbYpw==','Q29udGFjdCB1cw==',1),
(57,7,0,'2025-05-15 11:13:44','package-string-6-39','','base64',1,'PHA+2YrYs9i52K/ZhtinINiv2KfYptmF2YvYpyDYs9mF2KfYudmDISDYqtmI2KfYtdmEINmF2LnZhtinINmE2KPZiiDYp9iz2KrZgdiz2KfYsSDYo9mIINi32YTYqNiMINmI2LPZhtmD2YjZhiDYudmE2Ykg2KPYqtmFINin2YTYp9iz2KrYudiv2KfYryDZhNiu2K/Zhdiq2YMuPC9wPg==','PHA+V2UgYXJlIGFsd2F5cyBoYXBweSB0byBoZWFyIGZyb20geW91ISBDb250YWN0IHVzIGZvciBhbnkgaW5xdWlyaWVzIG9yIHJlcXVlc3RzLiBXZSB3aWxsIGJlIG1vcmUgdGhhbiBoYXBweSB0byBzZXJ2ZSB5b3UuPC9wPg==',1),
(58,7,0,'2025-05-15 11:13:44','package-string-6-40','','base64',1,'aW5mb0B0YWhjb250cmFjdGluZy5jb20=','aW5mb0B0YWhjb250cmFjdGluZy5jb20=',1),
(59,7,0,'2025-05-15 11:13:44','package-string-6-41','','base64',1,'bWFpbHRvOmluZm9AdGFoY29udHJhY3RpbmcuY29t','bWFpbHRvOmluZm9AdGFoY29udHJhY3RpbmcuY29t',1),
(60,7,0,'2025-05-15 11:13:44','package-string-6-42','','base64',1,'OTY2NTkyOTE4Njcz4oCsKw==','OTY2NTkyOTE4Njcz4oCsKw==',1),
(61,7,0,'2025-05-15 11:13:44','package-string-6-43','','base64',1,'dGVsOis5NjY1OTI5MTg2NzPigKw=','dGVsOis5NjY1OTI5MTg2NzPigKw=',1),
(62,7,0,'2025-05-15 11:13:44','package-string-6-44','','base64',1,'d3d3LnRhaGNvbnRyYWN0aW5nLmNvbQ==','d3d3LnRhaGNvbnRyYWN0aW5nLmNvbQ==',1),
(63,7,0,'2025-05-15 11:13:44','package-string-6-45','','base64',1,'Lw==','',1),
(64,7,0,'2025-05-15 11:13:44','package-string-6-46','','base64',1,'2KfZhNmF2YXZhNmD2Kkg2KfZhNi52LHYqNmK2Kkg2KfZhNiz2LnZiNiv2YrYqQ==','S2luZ2RvbSBvZiBTYXVkaSBBcmFiaWE=',1),
(65,7,0,'2025-05-15 11:13:44','package-string-6-47','p','base64',1,'2KPYsdiz2YDZhCDYsdiz2KfZhNiq2YMg2KXZhNmK2YbYpyDYp9mE2KLZhiE=','U2VuZCB5b3VyIG1lc3NhZ2UgdG8gdXMgbm93IQ==',1),
(66,7,0,'2025-05-15 11:13:44','package-string-6-48','','base64',1,'2YXZj9mC2LPZkdmF','ZGl2aWRlcg==',1),
(67,7,0,'2025-05-15 11:13:44','package-string-6-49','h2','base64',1,'IMKg2KrZg9in2KrZgSDYp9mE2YfZhdmFINmE2YTZhdmC2KfZiNmE2KfYqg==','IFRha2F0dWYgQWwtSGltbSBDb250cmFjdGluZw==',1),
(68,7,0,'2025-05-15 11:13:44','package-string-6-50','h2','base64',1,'2KfYqNiv2KMg2YXYtNix2YjYudmDINin2YTZhdmF2YrYsiDYp9mE2KLZhg==','U3RhcnQgeW91ciB1bmlxdWUgcHJvamVjdCBub3c=',1),
(69,7,0,'2025-05-15 11:13:44','package-string-6-51','','base64',1,'PHA+2LnZhdmE2KfYpNmG2Kcg2YfZhSDZhdit2YjYsSDZg9mEINmF2Kcg2YbZgtmI2YUg2KjZh9iMINmI2LHYttin2YfZhSDZh9mIINmH2K/ZgdmG2Kcg2KfZhNij2LPYp9iz2YouINmG2K3ZhiDZhtik2YXZhiDYqNij2YYg2KjZhtin2KEg2LnZhNin2YLYp9iqINmC2YjZitipINmI2YXYs9iq2K/Yp9mF2Kkg2YXYuSDYudmF2YTYp9im2YbYpyDZitio2K/YoyDZhdmGINin2YTYp9iz2KrZhdin2Lkg2KfZhNit2YLZitmC2Yog2YTYp9it2KrZitin2KzYp9iq2YfZhdiMINmI2YHZh9mFINiq2LfZhNi52KfYqtmH2YXYjCDZiNin2YTYudmF2YQg2KjYrNivINmE2KrYrNin2YjYsiDYqtmI2YLYudin2KrZh9mFLjwvcD4=','PHA+T3VyIGN1c3RvbWVycyBhcmUgYXQgdGhlIGhlYXJ0IG9mIGV2ZXJ5dGhpbmcgd2UgZG8uIFRoZWlyIHNhdGlzZmFjdGlvbiBpcyBvdXIgbWFpbiBnb2FsLiBXZSBiZWxpZXZlIHRoYXQgYnVpbGRpbmcgc3Ryb25nLCBzdXN0YWluYWJsZSByZWxhdGlvbnNoaXBzIHdpdGggb3VyIGNsaWVudHMgc3RhcnRzIHdpdGggdHJ1bHkgbGlzdGVuaW5nIHRvIHRoZWlyIG5lZWRzLCBBbmQgdW5kZXJzdGFuZCB0aGVpciBhc3BpcmF0aW9ucywgQW5kIHdvcmsgaGFyZCB0byBleGNlZWQgdGhlaXIgZXhwZWN0YXRpb25zLjwvcD4=',1),
(70,7,0,'2025-05-15 11:13:44','package-string-6-52','','base64',1,'2KfYqNiv2KMg2YXYtNix2YjYudmD','U3RhcnQgcHJvamVjdA==',1),
(71,7,0,'2025-05-15 11:13:44','package-string-6-54','','base64',1,'2K7Yr9mF2KfYqtmG2Kc=','T3VyIHNlcnZpY2Vz',1),
(72,8,0,'2025-05-15 11:13:45','original_id','','',0,'19','',1),
(73,8,0,'2025-05-15 11:13:45','title','','base64',1,'2KPYudmF2KfZhNmG2Kc=','T3VyIFByb2plY3Rz',1),
(74,8,0,'2025-05-15 11:13:45','body','','base64',0,'[encoded data, 21116 characters]','[encoded data, 20588 characters]',1),
(75,8,0,'2025-05-15 11:13:45','excerpt','','base64',1,'','',1),
(76,8,0,'2025-05-15 11:13:45','package-string-7-56','h2','base64',1,'wqDYqtmD2KfYqtmBINin2YTZh9mF2YUg2YTZhNmF2YLYp9mI2YTYp9iq','IFRha2F0dWYgQWwtSGltbSBDb250cmFjdGluZw==',1),
(77,8,0,'2025-05-15 11:13:45','package-string-7-57','h2','base64',1,'2KPYudmF2KfZhNmG2Kcg2YjZhdi02KfYsdmK2LnZhtin','T3VyIGJ1c2luZXNzIGFuZCBwcm9qZWN0cw==',1),
(78,8,0,'2025-05-15 11:13:45','package-string-7-58','','base64',1,'PHA+2YbZgdiu2LEg2YHZiiDZhdmG2LTYo9ipINiq2YPYp9iq2YEg2KfZhNmH2YXZhSDYqNiz2KzZhCDYrdin2YHZhCDZhdmGINin2YTZhdi02KfYsdmK2Lkg2KfZhNiq2Yog2KrYudmD2LMg2KfZhNiq2LLYp9mF2YbYpyDYqNin2YTYrNmI2K/YqSDZiNin2YTYp9io2KrZg9in2LEuINmF2YYg2KfZhNmB2YPYsdipINil2YTZiSDYp9mE2KrZhtmB2YrYsC48L3A+','PHA+QXQgVGFrYXR1ZiBBbCBIZW1tYW0sIHdlIHByaWRlIG91cnNlbHZlcyBvbiBhIHByb3ZlbiB0cmFjayByZWNvcmQgb2YgcHJvamVjdHMgdGhhdCByZWZsZWN0IG91ciBjb21taXRtZW50IHRvIHF1YWxpdHkgYW5kIGlubm92YXRpb24uIEZyb20gaWRlYSB0byBpbXBsZW1lbnRhdGlvbi48L3A+',1),
(79,8,0,'2025-05-15 11:13:45','package-string-7-59','','base64',1,'2KfYqNiv2KMg2YXYtNix2YjYudmD','U3RhcnQgUHJvamVjdA==',1),
(80,8,0,'2025-05-15 11:13:45','package-string-7-61','','base64',1,'2YTZhdin2LDYpyDZhtit2YbYnw==','V2h5IHVzPw==',1),
(81,8,0,'2025-05-15 11:13:45','package-string-7-63','h2','base64',1,'2KPYudmF2KfZhCDYqtmD2KfYqtmBINin2YTZh9mF2YUg2YTZhNmF2YLYp9mI2YTYp9iqIA==','VGFrYXR1ZiBBbC1IaW1tIENvbnRyYWN0aW5nIFdvcmtzIA==',1),
(82,8,0,'2025-05-15 11:13:45','package-string-7-64','','base64',1,'PHA+2YbYudmF2YQg2KjYtNi62YEg2YTYqtit2YLZitmCINmG2KrYp9im2Kwg2KrZgdmI2YIg2KfZhNiq2YjZgti52KfYqiDZiNiq2Y/Yrdiv2Ksg2YHYsdmC2YvYpyDYrdmC2YrZgtmK2YvYpyDZhNi52YXZhNin2KbZhtinLiDYqti12YHYrSDZhtmF2KfYsNisINmF2YYg2KPYudmF2KfZhNmG2Kcg2YTYqtmD2KrYtNmBINmD2YrZgSDZhtit2YjZhCDYp9mE2LHYpNmJINil2YTZiSDZiNin2YLYuSDZhdmE2YXZiNizLjwvcD4=','PHA+V2Ugd29yayBwYXNzaW9uYXRlbHkgdG8gYWNoaWV2ZSByZXN1bHRzIHRoYXQgZXhjZWVkIGV4cGVjdGF0aW9ucyBhbmQgbWFrZSBhIHJlYWwgZGlmZmVyZW5jZSBmb3Igb3VyIGNsaWVudHMuIEJyb3dzZSBleGFtcGxlcyBvZiBvdXIgd29yayB0byBkaXNjb3ZlciBob3cgd2UgdHVybiB2aXNpb25zIGludG8gcmVhbGl0eS48L3A+',1),
(83,8,0,'2025-05-15 11:13:45','package-string-7-65','','base64',1,'2YTYpyDYqtmI2KzYryDYo9i52YXYp9mEINiz2KfYqNmC2Kkg2K3Yp9mE2YrYp9mL','VGhlcmUgYXJlIG5vIHByZXZpb3VzIHdvcmtzIGN1cnJlbnRseS4=',1),
(84,8,0,'2025-05-15 11:13:45','package-string-7-66','h2','base64',1,'IMKg2KrZg9in2KrZgSDYp9mE2YfZhdmFINmE2YTZhdmC2KfZiNmE2KfYqg==','IFRha2F0dWYgQWwtSGltbSBDb250cmFjdGluZw==',1),
(85,8,0,'2025-05-15 11:13:45','package-string-7-67','h2','base64',1,'2KfYqNiv2KMg2YXYtNix2YjYudmDINin2YTZhdmF2YrYsiDYp9mE2KLZhg==','U3RhcnQgeW91ciB1bmlxdWUgcHJvamVjdCBub3c=',1),
(86,8,0,'2025-05-15 11:13:45','package-string-7-68','','base64',1,'PHA+2LnZhdmE2KfYpNmG2Kcg2YfZhSDZhdit2YjYsSDZg9mEINmF2Kcg2YbZgtmI2YUg2KjZh9iMINmI2LHYttin2YfZhSDZh9mIINmH2K/ZgdmG2Kcg2KfZhNij2LPYp9iz2YouINmG2K3ZhiDZhtik2YXZhiDYqNij2YYg2KjZhtin2KEg2LnZhNin2YLYp9iqINmC2YjZitipINmI2YXYs9iq2K/Yp9mF2Kkg2YXYuSDYudmF2YTYp9im2YbYpyDZitio2K/YoyDZhdmGINin2YTYp9iz2KrZhdin2Lkg2KfZhNit2YLZitmC2Yog2YTYp9it2KrZitin2KzYp9iq2YfZhdiMINmI2YHZh9mFINiq2LfZhNi52KfYqtmH2YXYjCDZiNin2YTYudmF2YQg2KjYrNivINmE2KrYrNin2YjYsiDYqtmI2YLYudin2KrZh9mFLjwvcD4=','PHA+T3VyIGN1c3RvbWVycyBhcmUgYXQgdGhlIGhlYXJ0IG9mIGV2ZXJ5dGhpbmcgd2UgZG8uIFRoZWlyIHNhdGlzZmFjdGlvbiBpcyBvdXIgbWFpbiBnb2FsLiBXZSBiZWxpZXZlIHRoYXQgYnVpbGRpbmcgc3Ryb25nLCBzdXN0YWluYWJsZSByZWxhdGlvbnNoaXBzIHdpdGggb3VyIGNsaWVudHMgc3RhcnRzIHdpdGggdHJ1bHkgbGlzdGVuaW5nIHRvIHRoZWlyIG5lZWRzLCBBbmQgdW5kZXJzdGFuZCB0aGVpciBhc3BpcmF0aW9ucywgQW5kIHdvcmsgaGFyZCB0byBleGNlZWQgdGhlaXIgZXhwZWN0YXRpb25zLjwvcD4=',1),
(87,8,0,'2025-05-15 11:13:45','package-string-7-69','','base64',1,'2KfYqNiv2KMg2YXYtNix2YjYudmD','U3RhcnQgUHJvamVjdA==',1),
(88,8,0,'2025-05-15 11:13:45','package-string-7-71','','base64',1,'2K7Yr9mF2KfYqtmG2Kc=','T3VyIHNlcnZpY2Vz',1),
(89,9,0,'2025-05-15 11:13:45','original_id','','',0,'17','',1),
(90,9,0,'2025-05-15 11:13:45','title','','base64',1,'2YHYsdmK2YIg2KfZhNi52YXZhA==','T3VyIFRlYW0=',1),
(91,9,0,'2025-05-15 11:13:45','body','','base64',0,'[encoded data, 24292 characters]','[encoded data, 23604 characters]',1),
(92,9,0,'2025-05-15 11:13:45','excerpt','','base64',1,'','',1),
(93,9,0,'2025-05-15 11:13:45','package-string-8-73','h2','base64',1,'IMKg2KrZg9in2KrZgSDYp9mE2YfZhdmFINmE2YTZhdmC2KfZiNmE2KfYqg==','IFRha2F0dWYgQWwtSGltbSBDb250cmFjdGluZw==',1),
(94,9,0,'2025-05-15 11:13:45','package-string-8-74','h2','base64',1,'2YHYsdmK2YIg2KfZhNi52YXZhA==','T3VyIFRlYW0=',1),
(95,9,0,'2025-05-15 11:13:45','package-string-8-75','','base64',1,'PHA+2YHYsdmK2YIg2KrZg9in2KrZgSDYp9mE2YfZhdmFINmE2YTZhdmC2KfZiNmE2KfYqiDZh9mIINit2KzYsSDYp9mE2LLYp9mI2YrYqSDZgdmKINmG2KzYp9it2YbYpy4g2YbYs9i52Ykg2KXZhNmJINiq2LnYstmK2LIg2KjZitim2Kkg2LnZhdmEINiq2LnYp9mI2YbZitipINmI2LTYp9mF2YTYqSDZiNmK2KrYo9mE2YEg2KfZhNmB2LHZitmCINmF2YYg2YXZh9mG2YrZitmGINiw2YjZiiDZhdmH2KfYsdin2Kog2LnYp9mE2YrYqSDZiNiu2KjYsdin2Kog2YXYqtmG2YjYudipINmB2Yog2YXYrNin2YQg2KfZhNiq2KzYp9ix2Kkg2YjYp9mE2YXZgtin2YjZhNin2KouPC9wPg==','PHA+VGhlIFRha2F0dWYgQWwtSGltbSBDb250cmFjdGluZyB0ZWFtIGlzIHRoZSBjb3JuZXJzdG9uZSBvZiBvdXIgc3VjY2Vzcy4gV2Ugc3RyaXZlIHRvIGZvc3RlciBhIGNvbGxhYm9yYXRpdmUgYW5kIGluY2x1c2l2ZSB3b3JrIGVudmlyb25tZW50IGFuZCBvdXIgdGVhbSBjb25zaXN0cyBvZiBoaWdobHkgc2tpbGxlZCBwcm9mZXNzaW9uYWxzIHdpdGggZGl2ZXJzZSBleHBlcmllbmNlIGluIHRoZSBmaWVsZCBvZiB0cmFkZSBhbmQgY29udHJhY3RpbmcuPC9wPg==',1),
(96,9,0,'2025-05-15 11:13:45','package-string-8-76','','base64',1,'2KfYqNiv2KMg2YXYtNix2YjYudmD','U3RhcnQgcHJvamVjdA==',1),
(97,9,0,'2025-05-15 11:13:45','package-string-8-78','','base64',1,'2YTZhdin2LDYpyDZhtit2YbYnw==','V2h5IHVzPw==',1),
(98,9,0,'2025-05-15 11:13:45','package-string-8-80','h2','base64',1,'2YHYsdmK2YIg2KrZg9in2KrZgSDYp9mE2YfZhdmFINmE2YTZhdmC2KfZiNmE2KfYqg==','VGFrYXR1ZiBBbC1IaW1tIENvbnRyYWN0aW5nIFRlYW0=',1),
(99,9,0,'2025-05-15 11:13:45','package-string-8-81','','base64',1,'PHA+2KrZj9i52K8g2YXZhti02KPYqSDYqtmD2KfYqtmBINin2YTZh9mF2YUg2YTZhNmF2YLYp9mI2YTYp9iqINil2K3Yr9mJINin2YTYtNix2YPYp9iqINin2YTYsdin2KbYr9ipINmB2Yog2YXYrNin2YQg2KfZhNmF2YLYp9mI2YTYp9iqINin2YTYudin2YXYqdiMINit2YrYqyDYqtis2YXYuSDYqNmK2YYg2KfZhNmD2YHYp9ih2Kkg2KfZhNi52KfZhNmK2KnYjCDZiNin2YTYr9mC2Kkg2YHZiiDYp9mE2KrZhtmB2YrYsNiMINmI2KfZhNin2YTYqtiy2KfZhSDYqNij2LnZhNmJINmF2LnYp9mK2YrYsSDYp9mE2KzZiNiv2Kkg2YjYp9mE2LPZhNin2YXYqS48L3A+','PHA+VGFrYXR1ZiBBbC1IaW1tIENvbnRyYWN0aW5nIENvbXBhbnkgaXMgb25lIG9mIHRoZSBsZWFkaW5nIGNvbXBhbmllcyBpbiB0aGUgZmllbGQgb2YgZ2VuZXJhbCBjb250cmFjdGluZy4gSXQgY29tYmluZXMgaGlnaCBlZmZpY2llbmN5LCBBbmQgYWNjdXJhY3kgaW4gaW1wbGVtZW50YXRpb24sIENvbW1pdG1lbnQgdG8gdGhlIGhpZ2hlc3Qgc3RhbmRhcmRzIG9mIHF1YWxpdHkgYW5kIHNhZmV0eS48L3A+',1),
(100,9,0,'2025-05-15 11:13:45','package-string-8-82','','base64',1,'2YTYpyDYqtmI2KzYryDZgtin2KbZhdipINmE2YHYsdmK2YIg2KfZhNi52YXZhCDZhdmG2LTZiNix2Kkg2K3Yp9mE2YrYp9mLIA==','VGhlcmUgaXMgbm8gc3RhZmYgbGlzdCBjdXJyZW50bHkgcHVibGlzaGVkLiA=',1),
(101,9,0,'2025-05-15 11:13:45','package-string-8-83','h2','base64',1,'INmB2LHZitmCINin2YTYudmF2YQ=','IHdvcmsgdGVhbQ==',1),
(102,9,0,'2025-05-15 11:13:45','package-string-8-84','h2','base64',1,'2YbYtNis2Lkg2KfZhNit2YTZiNmEINin2YTZhdio2KrZg9ix2Kkg2YjYp9mE2KrYqNin2K/ZhCDYp9mE2K3YsSDZhNmE2KPZgdmD2KfYsQ==','V2UgZW5jb3VyYWdlIGlubm92YXRpdmUgc29sdXRpb25zIGFuZCB0aGUgZnJlZSBleGNoYW5nZSBvZiBpZGVhcy4=',1),
(103,9,0,'2025-05-15 11:13:45','package-string-8-85','','base64',1,'PHA+2YrYs9mF2K0g2YTZhtinINmH2LDYpyDYp9mE2KrZgdin2YbZiiDZgdmKINin2YTYudmF2YQg2KjYqtmE2KjZitipINin2YTYp9it2KrZitin2KzYp9iqINin2YTZgdix2YrYr9ipINmE2LnZhdmE2KfYptmG2KfYjCDZhdmF2Kcg2YrYttmF2YYg2KfZg9iq2YXYp9mEINmD2YQg2YXYtNix2YjYuSDZgdmKINin2YTZiNmC2Kog2KfZhNmF2K3Yr9iv2Iwg2YjZgdmKINit2K/ZiNivINin2YTZhdmK2LLYp9mG2YrYqdiMINmI2YjZgdmC2KfZiyDZhNij2LnZhNmJINin2YTZhdi52KfZitmK2LEuIDwvcD4=','PHA+VGhpcyBkZWRpY2F0aW9uIHRvIHdvcmsgYWxsb3dzIHVzIHRvIG1lZXQgdGhlIHVuaXF1ZSBuZWVkcyBvZiBvdXIgY2xpZW50cywgRW5zdXJpbmcgdGhhdCBldmVyeSBwcm9qZWN0IGlzIGNvbXBsZXRlZCBvbiB0aW1lLCBXaXRoaW4gYnVkZ2V0LCBBY2NvcmRpbmcgdG8gdGhlIGhpZ2hlc3Qgc3RhbmRhcmRzLiA8L3A+',1),
(104,9,0,'2025-05-15 11:13:45','package-string-8-86','','base64',1,'PHA+2YjZhNinINmK2YLYqti12LEg2LnZhdmEINmB2LHZitmC2YbYpyDYudmE2Ykg2KrYrdmC2YrZgiDYp9mE2YbYrNin2K0g2YHZiiDZhdis2KfZhCDYp9mE2KPYudmF2KfZhCDZgdit2LPYqNiMINio2YQg2YrYqti52YTZgiDYqNio2YbYp9ihINi52YTYp9mC2KfYqiDYr9in2KbZhdipINmF2Lkg2LnZhdmE2KfYptmG2Kcg2YjYtNix2YPYp9im2YbYpyDZiNij2LXYrdin2Kgg2KfZhNmF2LXZhNit2KnYjCDYqNmF2Kcg2YrYttmF2YYg2KfZhNmG2YXZiCDZiNin2YTYp9iy2K/Zh9in2LEg2KfZhNmF2KrYqNin2K/ZhC48L3A+','PHA+T3VyIHRlYW0ncyB3b3JrIGlzIG5vdCBsaW1pdGVkIHRvIGFjaGlldmluZyBidXNpbmVzcyBzdWNjZXNzIG9ubHksIEl0J3MgYWJvdXQgYnVpbGRpbmcgbGFzdGluZyByZWxhdGlvbnNoaXBzIHdpdGggb3VyIGNsaWVudHMsIHBhcnRuZXJzIGFuZCBzdGFrZWhvbGRlcnMsIFRvIGVuc3VyZSBtdXR1YWwgZ3Jvd3RoIGFuZCBwcm9zcGVyaXR5LjwvcD4=',1),
(105,9,0,'2025-05-15 11:13:45','package-string-8-87','h2','base64',1,'IMKg2YXZhti02KPYqSDYqtmD2KfYqtmBINin2YTZh9mF2YUg2YTZhNmF2YLYp9mI2YTYp9iq','IFRha2F0dWYgQWwtSGltbSBDb250cmFjdGluZyBFc3RhYmxpc2htZW50',1),
(106,9,0,'2025-05-15 11:13:45','package-string-8-88','h2','base64',1,'2KfYqNiv2KMg2YXYtNix2YjYudmDINin2YTZhdmF2YrYsiDYp9mE2KLZhg==','U3RhcnQgeW91ciB1bmlxdWUgcHJvamVjdCBub3c=',1),
(107,9,0,'2025-05-15 11:13:45','package-string-8-89','','base64',1,'PHA+2LnZhdmE2KfYpNmG2Kcg2YfZhSDZhdit2YjYsSDZg9mEINmF2Kcg2YbZgtmI2YUg2KjZh9iMINmI2LHYttin2YfZhSDZh9mIINmH2K/ZgdmG2Kcg2KfZhNij2LPYp9iz2YouINmG2K3ZhiDZhtik2YXZhiDYqNij2YYg2KjZhtin2KEg2LnZhNin2YLYp9iqINmC2YjZitipINmI2YXYs9iq2K/Yp9mF2Kkg2YXYuSDYudmF2YTYp9im2YbYpyDZitio2K/YoyDZhdmGINin2YTYp9iz2KrZhdin2Lkg2KfZhNit2YLZitmC2Yog2YTYp9it2KrZitin2KzYp9iq2YfZhdiMINmI2YHZh9mFINiq2LfZhNi52KfYqtmH2YXYjCDZiNin2YTYudmF2YQg2KjYrNivINmE2KrYrNin2YjYsiDYqtmI2YLYudin2KrZh9mFLjwvcD4=','PHA+T3VyIGN1c3RvbWVycyBhcmUgYXQgdGhlIGhlYXJ0IG9mIGV2ZXJ5dGhpbmcgd2UgZG8uIFRoZWlyIHNhdGlzZmFjdGlvbiBpcyBvdXIgbWFpbiBnb2FsLiBXZSBiZWxpZXZlIHRoYXQgYnVpbGRpbmcgc3Ryb25nLCBzdXN0YWluYWJsZSByZWxhdGlvbnNoaXBzIHdpdGggb3VyIGNsaWVudHMgc3RhcnRzIHdpdGggdHJ1bHkgbGlzdGVuaW5nIHRvIHRoZWlyIG5lZWRzLCBBbmQgdW5kZXJzdGFuZCB0aGVpciBhc3BpcmF0aW9ucywgQW5kIHdvcmsgaGFyZCB0byBleGNlZWQgdGhlaXIgZXhwZWN0YXRpb25zLjwvcD4=',1),
(108,9,0,'2025-05-15 11:13:45','package-string-8-90','','base64',1,'2KfYqNiv2KMg2YXYtNix2YjYudmD','U3RhcnQgcHJvamVjdA==',1),
(109,9,0,'2025-05-15 11:13:45','package-string-8-92','','base64',1,'2K7Yr9mF2KfYqtmG2Kc=','T3VyIHNlcnZpY2Vz',1),
(110,10,0,'2025-05-15 11:13:45','original_id','','',0,'15','',1),
(111,10,0,'2025-05-15 11:13:45','title','','base64',1,'2K7Yr9mF2KfYqtmG2Kc=','T3VyIHNlcnZpY2Vz',1),
(112,10,0,'2025-05-15 11:13:45','body','','base64',0,'[encoded data, 41132 characters]','[encoded data, 40792 characters]',1),
